52.167.144.190 - - [10/May/2025:06:03:32 +0300] "GET /index.php/78-orta-bolum-haberleri/79-blue-mountain-yagmur-ormani HTTP/2" 403 787 "-" "Mozilla/5.0 AppleWebKit/537.36 (KHTML, like Gecko; compatible; bingbot/2.0; +http://www.bing.com/bingbot.htm) Chrome/116.0.1938.76 Safari/537.36"
40.77.167.8 - - [10/May/2025:06:03:42 +0300] "GET /interrelatedness1856/etd9ss0a.html HTTP/2" 301 0 "-" "Mozilla/5.0 AppleWebKit/537.36 (KHTML, like Gecko; compatible; bingbot/2.0; +http://www.bing.com/bingbot.htm) Chrome/116.0.1938.76 Safari/537.36"
157.55.39.63 - - [10/May/2025:06:04:07 +0300] "GET /ringbone469/mj9s9iec.html HTTP/2" 403 787 "-" "Mozilla/5.0 AppleWebKit/537.36 (KHTML, like Gecko; compatible; bingbot/2.0; +http://www.bing.com/bingbot.htm) Chrome/116.0.1938.76 Safari/537.36"
207.166.160.9 - - [10/May/2025:06:05:07 +0300] "GET /down/studentregistrationformnew.pdf HTTP/1.1" 404 12677 "-" "Mozilla/5.0 (Macintosh; Intel Mac OS X 10.15; rv:133.0) Gecko/20100101 Firefox/133.0"
207.166.160.51 - - [10/May/2025:06:05:13 +0300] "GET /down/studentregistrationformnew.pdf HTTP/1.1" 404 12676 "-" "Mozilla/5.0 (Macintosh; Intel Mac OS X 10.15; rv:133.0) Gecko/20100101 Firefox/133.0"
157.55.39.10 - - [10/May/2025:06:06:37 +0300] "GET /scomm9cn/d2ku5nel.html HTTP/2" 403 787 "-" "Mozilla/5.0 AppleWebKit/537.36 (KHTML, like Gecko; compatible; bingbot/2.0; +http://www.bing.com/bingbot.htm) Chrome/116.0.1938.76 Safari/537.36"
157.55.39.10 - - [10/May/2025:06:07:06 +0300] "GET /instructer39/dqwalkkb.html HTTP/2" 403 787 "-" "Mozilla/5.0 AppleWebKit/537.36 (KHTML, like Gecko; compatible; bingbot/2.0; +http://www.bing.com/bingbot.htm) Chrome/116.0.1938.76 Safari/537.36"
52.167.144.190 - - [10/May/2025:06:07:52 +0300] "GET /stout22/efjbeg7a.html HTTP/2" 403 787 "-" "Mozilla/5.0 AppleWebKit/537.36 (KHTML, like Gecko; compatible; bingbot/2.0; +http://www.bing.com/bingbot.htm) Chrome/116.0.1938.76 Safari/537.36"
216.144.248.24 - - [10/May/2025:06:07:52 +0300] "HEAD / HTTP/1.1" 200 0 "https://www.gluk.ac.ke" "Mozilla/5.0+(compatible; UptimeRobot/2.0; http://www.uptimerobot.com/)"
157.55.39.10 - - [10/May/2025:06:08:16 +0300] "GET /uncessant532/evi1f87d.html HTTP/2" 403 787 "-" "Mozilla/5.0 AppleWebKit/537.36 (KHTML, like Gecko; compatible; bingbot/2.0; +http://www.bing.com/bingbot.htm) Chrome/116.0.1938.76 Safari/537.36"
114.119.154.135 - - [10/May/2025:06:09:22 +0300] "GET /wp-includes/css/dist/?SA HTTP/1.1" 200 1360 "https://www.gluk.ac.ke/wp-includes/css/dist/?MD" "Mozilla/5.0 (Linux; Android 7.0;) AppleWebKit/537.36 (KHTML, like Gecko) Mobile Safari/537.36 (compatible; PetalBot;+https://webmaster.petalsearch.com/site/petalbot)"
114.119.135.126 - - [10/May/2025:06:10:59 +0300] "GET /wp-includes/rest-api/?C=S%3BO%3DA HTTP/1.1" 403 787 "https://www.gluk.ac.ke/wp-includes/rest-api/?C=M%3BO%3DA" "Mozilla/5.0 (Linux; Android 7.0;) AppleWebKit/537.36 (KHTML, like Gecko) Mobile Safari/537.36 (compatible; PetalBot;+https://webmaster.petalsearch.com/site/petalbot)"
40.77.167.8 - - [10/May/2025:06:12:53 +0300] "GET /subordinated4443/mfj2zw3c.html HTTP/2" 301 0 "-" "Mozilla/5.0 AppleWebKit/537.36 (KHTML, like Gecko; compatible; bingbot/2.0; +http://www.bing.com/bingbot.htm) Chrome/116.0.1938.76 Safari/537.36"
40.77.167.8 - - [10/May/2025:06:12:54 +0300] "GET /callosum3w/xi7x7gva.html HTTP/2" 301 0 "-" "Mozilla/5.0 AppleWebKit/537.36 (KHTML, like Gecko; compatible; bingbot/2.0; +http://www.bing.com/bingbot.htm) Chrome/116.0.1938.76 Safari/537.36"
54.36.149.87 - - [10/May/2025:06:13:08 +0300] "GET /category/uncategorized/page/3/ HTTP/2" 404 12689 "-" "Mozilla/5.0 (compatible; AhrefsBot/7.0; +http://ahrefs.com/robot/)"
157.55.39.10 - - [10/May/2025:06:12:28 +0300] "GET /columnaris56/q0qj6jld.html HTTP/2" 403 787 "-" "Mozilla/5.0 AppleWebKit/537.36 (KHTML, like Gecko; compatible; bingbot/2.0; +http://www.bing.com/bingbot.htm) Chrome/116.0.1938.76 Safari/537.36"
216.144.248.22 - - [10/May/2025:06:12:56 +0300] "HEAD / HTTP/1.1" 200 0 "https://www.gluk.ac.ke" "Mozilla/5.0+(compatible; UptimeRobot/2.0; http://www.uptimerobot.com/)"
157.55.39.10 - - [10/May/2025:06:13:18 +0300] "GET /santalic2wh/5un4aa8a.html HTTP/2" 403 787 "-" "Mozilla/5.0 AppleWebKit/537.36 (KHTML, like Gecko; compatible; bingbot/2.0; +http://www.bing.com/bingbot.htm) Chrome/116.0.1938.76 Safari/537.36"
157.55.39.10 - - [10/May/2025:06:13:19 +0300] "GET /igneous6134/dmpe91ee.html HTTP/2" 403 787 "-" "Mozilla/5.0 AppleWebKit/537.36 (KHTML, like Gecko; compatible; bingbot/2.0; +http://www.bing.com/bingbot.htm) Chrome/116.0.1938.76 Safari/537.36"
157.55.39.10 - - [10/May/2025:06:13:47 +0300] "GET /congeneracy447/d5ps8s4c.html HTTP/2" 403 787 "-" "Mozilla/5.0 AppleWebKit/537.36 (KHTML, like Gecko; compatible; bingbot/2.0; +http://www.bing.com/bingbot.htm) Chrome/116.0.1938.76 Safari/537.36"
52.167.144.220 - - [10/May/2025:06:15:04 +0300] "GET /nasalize5yt/54mat17d.html HTTP/2" 403 787 "-" "Mozilla/5.0 AppleWebKit/537.36 (KHTML, like Gecko; compatible; bingbot/2.0; +http://www.bing.com/bingbot.htm) Chrome/116.0.1938.76 Safari/537.36"
52.167.144.220 - - [10/May/2025:06:15:04 +0300] "GET /quadric6xv/m7v11pse.html HTTP/2" 403 787 "-" "Mozilla/5.0 AppleWebKit/537.36 (KHTML, like Gecko; compatible; bingbot/2.0; +http://www.bing.com/bingbot.htm) Chrome/116.0.1938.76 Safari/537.36"
157.55.39.10 - - [10/May/2025:06:15:39 +0300] "GET /overanxiety46/xxm5m2ec.html HTTP/2" 403 787 "-" "Mozilla/5.0 AppleWebKit/537.36 (KHTML, like Gecko; compatible; bingbot/2.0; +http://www.bing.com/bingbot.htm) Chrome/116.0.1938.76 Safari/537.36"
157.55.39.10 - - [10/May/2025:06:15:40 +0300] "GET /dipping42/mjyuf2tb.html HTTP/2" 403 787 "-" "Mozilla/5.0 AppleWebKit/537.36 (KHTML, like Gecko; compatible; bingbot/2.0; +http://www.bing.com/bingbot.htm) Chrome/116.0.1938.76 Safari/537.36"
52.167.144.220 - - [10/May/2025:06:16:04 +0300] "GET /body89/m74xvjpj.html HTTP/2" 403 787 "-" "Mozilla/5.0 AppleWebKit/537.36 (KHTML, like Gecko; compatible; bingbot/2.0; +http://www.bing.com/bingbot.htm) Chrome/116.0.1938.76 Safari/537.36"
139.59.32.180 - - [10/May/2025:06:16:30 +0300] "GET /distance/moodle/login/index.php HTTP/1.1" 301 0 "-" "Mozilla/5.0 (Windows NT 10.0; Win64; x64) AppleWebKit/537.36 (KHTML, like Gecko) Chrome/120.0.6099.71 Safari/537.36"
139.59.32.180 - - [10/May/2025:06:16:31 +0300] "GET /distance/moodle/login/ HTTP/1.1" 301 0 "-" "Mozilla/5.0 (Windows NT 10.0; Win64; x64) AppleWebKit/537.36 (KHTML, like Gecko) Chrome/120.0.6099.71 Safari/537.36"
139.59.32.180 - - [10/May/2025:06:16:32 +0300] "GET /login/ HTTP/1.1" 200 15720 "-" "Mozilla/5.0 (Windows NT 10.0; Win64; x64) AppleWebKit/537.36 (KHTML, like Gecko) Chrome/120.0.6099.71 Safari/537.36"
139.59.32.180 - - [10/May/2025:06:16:33 +0300] "POST /distance/moodle/login/index.php HTTP/1.1" 404 14200 "-" "Mozilla/5.0 (Windows NT 10.0; Win64; x64) AppleWebKit/537.36 (KHTML, like Gecko) Chrome/120.0.6099.71 Safari/537.36"
52.167.144.220 - - [10/May/2025:06:16:43 +0300] "GET /collie843/xxfv27oi.html HTTP/2" 403 787 "-" "Mozilla/5.0 AppleWebKit/537.36 (KHTML, like Gecko; compatible; bingbot/2.0; +http://www.bing.com/bingbot.htm) Chrome/116.0.1938.76 Safari/537.36"
52.167.144.25 - - [10/May/2025:06:16:51 +0300] "GET /careers/ HTTP/2" 403 787 "-" "Mozilla/5.0 AppleWebKit/537.36 (KHTML, like Gecko; compatible; bingbot/2.0; +http://www.bing.com/bingbot.htm) Chrome/116.0.1938.76 Safari/537.36"
40.77.167.48 - - [10/May/2025:06:17:06 +0300] "GET /cartouches4375/qio9j31c.html HTTP/2" 301 0 "-" "Mozilla/5.0 AppleWebKit/537.36 (KHTML, like Gecko; compatible; bingbot/2.0; +http://www.bing.com/bingbot.htm) Chrome/116.0.1938.76 Safari/537.36"
40.77.167.150 - - [10/May/2025:06:17:11 +0300] "GET /wp-content/uploads/2023/06/20000101000002_IMG_6438-fotor-20230617143159-360x233.jpg HTTP/2" 404 12676 "-" "Mozilla/5.0 AppleWebKit/537.36 (KHTML, like Gecko; compatible; bingbot/2.0; +http://www.bing.com/bingbot.htm) Chrome/116.0.1938.76 Safari/537.36"
207.46.13.102 - - [10/May/2025:06:17:38 +0300] "GET /notwithstanding84/57m4jazi.html HTTP/2" 403 787 "-" "Mozilla/5.0 AppleWebKit/537.36 (KHTML, like Gecko; compatible; bingbot/2.0; +http://www.bing.com/bingbot.htm) Chrome/116.0.1938.76 Safari/537.36"
40.77.167.150 - - [10/May/2025:06:18:24 +0300] "GET /cytotaxonomic5ok/htit1c8d.html HTTP/2" 404 12678 "-" "Mozilla/5.0 AppleWebKit/537.36 (KHTML, like Gecko; compatible; bingbot/2.0; +http://www.bing.com/bingbot.htm) Chrome/116.0.1938.76 Safari/537.36"
57.141.0.11 - - [10/May/2025:06:19:12 +0300] "GET /chancellor/ HTTP/2" 200 58879 "-" "meta-externalagent/1.1 (+https://developers.facebook.com/docs/sharing/webmasters/crawler)"
40.77.167.48 - - [10/May/2025:06:14:32 +0300] "GET /capotted10/m1a9tup9.html HTTP/2" 301 0 "-" "Mozilla/5.0 AppleWebKit/537.36 (KHTML, like Gecko; compatible; bingbot/2.0; +http://www.bing.com/bingbot.htm) Chrome/116.0.1938.76 Safari/537.36"
40.77.167.150 - - [10/May/2025:06:14:31 +0300] "GET /wp-content/uploads/2023/08/MASTERS-1-768x1047.jpg HTTP/2" 404 12676 "-" "Mozilla/5.0 AppleWebKit/537.36 (KHTML, like Gecko; compatible; bingbot/2.0; +http://www.bing.com/bingbot.htm) Chrome/116.0.1938.76 Safari/537.36"
40.77.167.48 - - [10/May/2025:06:15:53 +0300] "GET /glasswort2319/ddniqw9a.html HTTP/2" 301 0 "-" "Mozilla/5.0 AppleWebKit/537.36 (KHTML, like Gecko; compatible; bingbot/2.0; +http://www.bing.com/bingbot.htm) Chrome/116.0.1938.76 Safari/537.36"
20.99.210.72 - - [10/May/2025:06:16:55 +0300] "GET /wp-content/uploads/2024/05/YATOR-MERCY-JEMUTAI.pdf HTTP/1.1" 301 0 "-" "Mozilla/5.0 (Windows NT 10.0; Win64; x64) AppleWebKit/537.36 (KHTML, like Gecko) Chrome/131.0.0.0 Safari/537.36 Edg/131.0.0.0"
54.36.148.92 - - [10/May/2025:06:17:14 +0300] "GET /online-application-form/ HTTP/2" 404 12677 "-" "Mozilla/5.0 (compatible; AhrefsBot/7.0; +http://ahrefs.com/robot/)"
207.46.13.102 - - [10/May/2025:06:17:19 +0300] "GET /prosy2cp/dd0yjt4a.html HTTP/2" 403 787 "-" "Mozilla/5.0 AppleWebKit/537.36 (KHTML, like Gecko; compatible; bingbot/2.0; +http://www.bing.com/bingbot.htm) Chrome/116.0.1938.76 Safari/537.36"
157.55.39.10 - - [10/May/2025:06:17:30 +0300] "GET /crook1jy/mpnlmdz9.html HTTP/2" 403 787 "-" "Mozilla/5.0 AppleWebKit/537.36 (KHTML, like Gecko; compatible; bingbot/2.0; +http://www.bing.com/bingbot.htm) Chrome/116.0.1938.76 Safari/537.36"
216.144.248.19 - - [10/May/2025:06:18:01 +0300] "HEAD / HTTP/1.1" 200 0 "https://www.gluk.ac.ke" "Mozilla/5.0+(compatible; UptimeRobot/2.0; http://www.uptimerobot.com/)"
207.46.13.102 - - [10/May/2025:06:18:29 +0300] "GET /rammed4dt/2eoxgfpc.html HTTP/2" 403 787 "-" "Mozilla/5.0 AppleWebKit/537.36 (KHTML, like Gecko; compatible; bingbot/2.0; +http://www.bing.com/bingbot.htm) Chrome/116.0.1938.76 Safari/537.36"
157.55.39.10 - - [10/May/2025:06:18:29 +0300] "GET /moolley41/5z0t6byb.html HTTP/2" 403 787 "-" "Mozilla/5.0 AppleWebKit/537.36 (KHTML, like Gecko; compatible; bingbot/2.0; +http://www.bing.com/bingbot.htm) Chrome/116.0.1938.76 Safari/537.36"
157.55.39.10 - - [10/May/2025:06:18:30 +0300] "GET /notification92/dmp5w2ik.html HTTP/2" 403 787 "-" "Mozilla/5.0 AppleWebKit/537.36 (KHTML, like Gecko; compatible; bingbot/2.0; +http://www.bing.com/bingbot.htm) Chrome/116.0.1938.76 Safari/537.36"
52.167.144.220 - - [10/May/2025:06:18:44 +0300] "GET /glycocholate7cw/det2nrah.html HTTP/2" 403 787 "-" "Mozilla/5.0 AppleWebKit/537.36 (KHTML, like Gecko; compatible; bingbot/2.0; +http://www.bing.com/bingbot.htm) Chrome/116.0.1938.76 Safari/537.36"
157.55.39.10 - - [10/May/2025:06:18:50 +0300] "GET /humanify7b/2sccn57h.html HTTP/2" 403 787 "-" "Mozilla/5.0 AppleWebKit/537.36 (KHTML, like Gecko; compatible; bingbot/2.0; +http://www.bing.com/bingbot.htm) Chrome/116.0.1938.76 Safari/537.36"
54.36.149.55 - - [10/May/2025:06:19:05 +0300] "GET /2025/01/10/bukmekerskaia-kontora-marafon-onlain-stavki-na-sport-s-samymi-vysokimi-koeffitsientami-zakliuchit-pari-na-sportivnye-sobytiia/ HTTP/2" 404 12677 "-" "Mozilla/5.0 (compatible; AhrefsBot/7.0; +http://ahrefs.com/robot/)"
57.141.0.19 - - [10/May/2025:06:19:10 +0300] "GET /chancellor/ HTTP/2" 301 0 "-" "meta-externalagent/1.1 (+https://developers.facebook.com/docs/sharing/webmasters/crawler)"
40.77.167.48 - - [10/May/2025:06:19:22 +0300] "GET /dawning10/mvlaxhq9.html HTTP/2" 301 0 "-" "Mozilla/5.0 AppleWebKit/537.36 (KHTML, like Gecko; compatible; bingbot/2.0; +http://www.bing.com/bingbot.htm) Chrome/116.0.1938.76 Safari/537.36"
31.13.127.116 - - [10/May/2025:06:19:26 +0300] "GET /kuccps-admission-letters-2022-2023/ HTTP/2" 403 787 "-" "facebookexternalhit/1.1 (+http://www.facebook.com/externalhit_uatext.php)"
54.36.148.73 - - [10/May/2025:06:19:35 +0300] "GET /2025/01/10/ideal-online-casinos-australia-top-aussie-betting-sites-2024/ HTTP/2" 404 12680 "-" "Mozilla/5.0 (compatible; AhrefsBot/7.0; +http://ahrefs.com/robot/)"
40.77.167.48 - - [10/May/2025:06:19:54 +0300] "GET /febriculose2976/mdfdewpa.html HTTP/2" 301 0 "-" "Mozilla/5.0 AppleWebKit/537.36 (KHTML, like Gecko; compatible; bingbot/2.0; +http://www.bing.com/bingbot.htm) Chrome/116.0.1938.76 Safari/537.36"
40.77.167.48 - - [10/May/2025:06:19:55 +0300] "GET /cravingly5s/dxgfnvpd.html HTTP/2" 301 0 "-" "Mozilla/5.0 AppleWebKit/537.36 (KHTML, like Gecko; compatible; bingbot/2.0; +http://www.bing.com/bingbot.htm) Chrome/116.0.1938.76 Safari/537.36"
143.244.175.22 - - [10/May/2025:06:20:08 +0300] "GET /wp-content/plugins/about.php HTTP/1.1" 200 3942 "-" "Mozilla/5.0 (Windows NT 10.0; Win64; x64) AppleWebKit/537.36 (KHTML, like Gecko) Chrome/131.0.0.0 Safari/537.36"
143.244.175.22 - - [10/May/2025:06:20:09 +0300] "POST /wp-content/plugins/about.php HTTP/1.1" 200 3942 "-" "Mozilla/5.0 (Windows NT 10.0; Win64; x64) AppleWebKit/537.36 (KHTML, like Gecko) Chrome/131.0.0.0 Safari/537.36"
143.244.175.22 - - [10/May/2025:06:20:10 +0300] "POST /wp-content/plugins/about.php HTTP/1.1" 200 3942 "-" "Mozilla/5.0 (Windows NT 10.0; Win64; x64) AppleWebKit/537.36 (KHTML, like Gecko) Chrome/131.0.0.0 Safari/537.36"
143.244.175.22 - - [10/May/2025:06:20:10 +0300] "POST /wp-content/plugins/about.php HTTP/1.1" 200 3942 "-" "Mozilla/5.0 (Windows NT 10.0; Win64; x64) AppleWebKit/537.36 (KHTML, like Gecko) Chrome/131.0.0.0 Safari/537.36"
40.77.167.48 - - [10/May/2025:06:21:04 +0300] "GET /spareness336/mds6w31b.html HTTP/2" 301 0 "-" "Mozilla/5.0 AppleWebKit/537.36 (KHTML, like Gecko; compatible; bingbot/2.0; +http://www.bing.com/bingbot.htm) Chrome/116.0.1938.76 Safari/537.36"
66.249.68.129 - - [10/May/2025:06:21:37 +0300] "GET / HTTP/1.1" 200 24094 "-" "Mozilla/5.0 (Linux; Android 6.0.1; Nexus 5X Build/MMB29P) AppleWebKit/537.36 (KHTML, like Gecko) Chrome/136.0.7103.59 Mobile Safari/537.36 (compatible; Googlebot/2.1; +http://www.google.com/bot.html)"
143.244.175.22 - - [10/May/2025:06:20:08 +0300] "POST /wp-content/plugins/about.php HTTP/1.1" 200 3942 "-" "Mozilla/5.0 (Windows NT 10.0; Win64; x64) AppleWebKit/537.36 (KHTML, like Gecko) Chrome/131.0.0.0 Safari/537.36"
143.244.175.22 - - [10/May/2025:06:20:08 +0300] "POST /wp-content/plugins/about.php HTTP/1.1" 200 3942 "-" "Mozilla/5.0 (Windows NT 10.0; Win64; x64) AppleWebKit/537.36 (KHTML, like Gecko) Chrome/131.0.0.0 Safari/537.36"
143.244.175.22 - - [10/May/2025:06:20:09 +0300] "POST /wp-content/plugins/about.php HTTP/1.1" 200 3942 "-" "Mozilla/5.0 (Windows NT 10.0; Win64; x64) AppleWebKit/537.36 (KHTML, like Gecko) Chrome/131.0.0.0 Safari/537.36"
207.46.13.102 - - [10/May/2025:06:20:09 +0300] "GET /spinning7n/2sva0ucg.html HTTP/2" 403 787 "-" "Mozilla/5.0 AppleWebKit/537.36 (KHTML, like Gecko; compatible; bingbot/2.0; +http://www.bing.com/bingbot.htm) Chrome/116.0.1938.76 Safari/537.36"
143.244.175.22 - - [10/May/2025:06:20:09 +0300] "POST /wp-content/plugins/about.php HTTP/1.1" 200 3942 "-" "Mozilla/5.0 (Windows NT 10.0; Win64; x64) AppleWebKit/537.36 (KHTML, like Gecko) Chrome/131.0.0.0 Safari/537.36"
143.244.175.22 - - [10/May/2025:06:20:11 +0300] "GET /wp-content/plugins/zungjxicwb.php HTTP/1.1" 404 14189 "-" "Mozilla/5.0 (Windows NT 10.0; Win64; x64) AppleWebKit/537.36 (KHTML, like Gecko) Chrome/131.0.0.0 Safari/537.36"
66.249.68.130 - - [10/May/2025:06:21:11 +0300] "GET /home/ HTTP/1.1" 301 0 "-" "Mozilla/5.0 (Linux; Android 6.0.1; Nexus 5X Build/MMB29P) AppleWebKit/537.36 (KHTML, like Gecko) Chrome/136.0.7103.59 Mobile Safari/537.36 (compatible; Googlebot/2.1; +http://www.google.com/bot.html)"
157.55.39.10 - - [10/May/2025:06:22:11 +0300] "GET /lowing8522/2ud8txwi.html HTTP/2" 403 787 "-" "Mozilla/5.0 AppleWebKit/537.36 (KHTML, like Gecko; compatible; bingbot/2.0; +http://www.bing.com/bingbot.htm) Chrome/116.0.1938.76 Safari/537.36"
157.55.39.10 - - [10/May/2025:06:22:30 +0300] "GET /gentlewoman5192/erk1b01d.html HTTP/2" 403 787 "-" "Mozilla/5.0 AppleWebKit/537.36 (KHTML, like Gecko; compatible; bingbot/2.0; +http://www.bing.com/bingbot.htm) Chrome/116.0.1938.76 Safari/537.36"
52.167.144.21 - - [10/May/2025:06:23:02 +0300] "GET /glasswort2712/5ycqwtia.html HTTP/2" 403 787 "-" "Mozilla/5.0 AppleWebKit/537.36 (KHTML, like Gecko; compatible; bingbot/2.0; +http://www.bing.com/bingbot.htm) Chrome/116.0.1938.76 Safari/537.36"
207.46.13.102 - - [10/May/2025:06:23:10 +0300] "GET /anarchy5617/5uhda4md.html HTTP/2" 403 787 "-" "Mozilla/5.0 AppleWebKit/537.36 (KHTML, like Gecko; compatible; bingbot/2.0; +http://www.bing.com/bingbot.htm) Chrome/116.0.1938.76 Safari/537.36"
40.77.167.48 - - [10/May/2025:06:23:25 +0300] "GET /razing1g/hg1i0fv9.html HTTP/2" 301 0 "-" "Mozilla/5.0 AppleWebKit/537.36 (KHTML, like Gecko; compatible; bingbot/2.0; +http://www.bing.com/bingbot.htm) Chrome/116.0.1938.76 Safari/537.36"
40.77.167.48 - - [10/May/2025:06:24:23 +0300] "GET /topcoat8rr/ezlwgtaj.html HTTP/2" 301 0 "-" "Mozilla/5.0 AppleWebKit/537.36 (KHTML, like Gecko; compatible; bingbot/2.0; +http://www.bing.com/bingbot.htm) Chrome/116.0.1938.76 Safari/537.36"
207.46.13.111 - - [10/May/2025:06:24:56 +0300] "GET /decorated671/mfq5z4cf.html HTTP/2" 403 787 "-" "Mozilla/5.0 AppleWebKit/537.36 (KHTML, like Gecko; compatible; bingbot/2.0; +http://www.bing.com/bingbot.htm) Chrome/116.0.1938.76 Safari/537.36"
66.249.68.128 - - [10/May/2025:06:24:56 +0300] "GET /kuccps-admission-numbers/kuccps-2018-nursing-clinical-medicine-pdf_page_2/feed/ HTTP/1.1" 404 12679 "-" "Mozilla/5.0 (Linux; Android 6.0.1; Nexus 5X Build/MMB29P) AppleWebKit/537.36 (KHTML, like Gecko) Chrome/136.0.7103.59 Mobile Safari/537.36 (compatible; Googlebot/2.1; +http://www.google.com/bot.html)"
40.77.167.25 - - [10/May/2025:06:25:48 +0300] "GET /chromite1462/qu3insw9.html HTTP/2" 301 0 "-" "Mozilla/5.0 AppleWebKit/537.36 (KHTML, like Gecko; compatible; bingbot/2.0; +http://www.bing.com/bingbot.htm) Chrome/116.0.1938.76 Safari/537.36"
207.46.13.102 - - [10/May/2025:06:26:12 +0300] "GET /elegant129/22tfjxy9.html HTTP/2" 403 787 "-" "Mozilla/5.0 AppleWebKit/537.36 (KHTML, like Gecko; compatible; bingbot/2.0; +http://www.bing.com/bingbot.htm) Chrome/116.0.1938.76 Safari/537.36"
52.167.144.203 - - [10/May/2025:06:26:25 +0300] "GET /malcontented267/mv34xrha.html HTTP/2" 403 787 "-" "Mozilla/5.0 AppleWebKit/537.36 (KHTML, like Gecko; compatible; bingbot/2.0; +http://www.bing.com/bingbot.htm) Chrome/116.0.1938.76 Safari/537.36"
207.46.13.102 - - [10/May/2025:06:27:13 +0300] "GET /jaundice2r/ezht1u6a.html HTTP/2" 403 787 "-" "Mozilla/5.0 AppleWebKit/537.36 (KHTML, like Gecko; compatible; bingbot/2.0; +http://www.bing.com/bingbot.htm) Chrome/116.0.1938.76 Safari/537.36"
207.46.13.124 - - [10/May/2025:06:27:39 +0300] "GET /sitting588/hpgg040e.html HTTP/2" 403 787 "-" "Mozilla/5.0 AppleWebKit/537.36 (KHTML, like Gecko; compatible; bingbot/2.0; +http://www.bing.com/bingbot.htm) Chrome/116.0.1938.76 Safari/537.36"
40.77.167.25 - - [10/May/2025:06:27:44 +0300] "GET /strongest9gj/dhj9prbm.html HTTP/2" 301 0 "-" "Mozilla/5.0 AppleWebKit/537.36 (KHTML, like Gecko; compatible; bingbot/2.0; +http://www.bing.com/bingbot.htm) Chrome/116.0.1938.76 Safari/537.36"
207.46.13.124 - - [10/May/2025:06:28:12 +0300] "GET /wp-content/uploads/2024/07/cl8.jpg HTTP/2" 403 787 "-" "Mozilla/5.0 AppleWebKit/537.36 (KHTML, like Gecko; compatible; bingbot/2.0; +http://www.bing.com/bingbot.htm) Chrome/116.0.1938.76 Safari/537.36"
207.46.13.124 - - [10/May/2025:06:28:12 +0300] "GET /coagulative2380/dq6o96ba.html HTTP/2" 403 787 "-" "Mozilla/5.0 AppleWebKit/537.36 (KHTML, like Gecko; compatible; bingbot/2.0; +http://www.bing.com/bingbot.htm) Chrome/116.0.1938.76 Safari/537.36"
52.167.144.25 - - [10/May/2025:06:22:23 +0300] "GET /taxpayer2r/2ahl5fl9.html HTTP/2" 403 787 "-" "Mozilla/5.0 AppleWebKit/537.36 (KHTML, like Gecko; compatible; bingbot/2.0; +http://www.bing.com/bingbot.htm) Chrome/116.0.1938.76 Safari/537.36"
52.167.144.220 - - [10/May/2025:06:22:34 +0300] "GET /dishevele8189/q60ho95i.html HTTP/2" 403 787 "-" "Mozilla/5.0 AppleWebKit/537.36 (KHTML, like Gecko; compatible; bingbot/2.0; +http://www.bing.com/bingbot.htm) Chrome/116.0.1938.76 Safari/537.36"
216.144.248.18 - - [10/May/2025:06:23:06 +0300] "HEAD / HTTP/1.1" 200 0 "https://www.gluk.ac.ke" "Mozilla/5.0+(compatible; UptimeRobot/2.0; http://www.uptimerobot.com/)"
207.46.13.102 - - [10/May/2025:06:23:40 +0300] "GET /wp-content/uploads/2024/03/examinationpolicymanual.pdf HTTP/2" 403 787 "-" "Mozilla/5.0 AppleWebKit/537.36 (KHTML, like Gecko; compatible; bingbot/2.0; +http://www.bing.com/bingbot.htm) Chrome/116.0.1938.76 Safari/537.36"
207.46.13.102 - - [10/May/2025:06:23:41 +0300] "GET /semiography17/m1zk3ls9.html HTTP/2" 403 787 "-" "Mozilla/5.0 AppleWebKit/537.36 (KHTML, like Gecko; compatible; bingbot/2.0; +http://www.bing.com/bingbot.htm) Chrome/116.0.1938.76 Safari/537.36"
157.55.39.10 - - [10/May/2025:06:23:41 +0300] "GET /skink36/mv0eixab.html HTTP/2" 403 787 "-" "Mozilla/5.0 AppleWebKit/537.36 (KHTML, like Gecko; compatible; bingbot/2.0; +http://www.bing.com/bingbot.htm) Chrome/116.0.1938.76 Safari/537.36"
40.77.167.25 - - [10/May/2025:06:24:33 +0300] "GET /turners1j/2whdq9l9.html HTTP/2" 301 0 "-" "Mozilla/5.0 AppleWebKit/537.36 (KHTML, like Gecko; compatible; bingbot/2.0; +http://www.bing.com/bingbot.htm) Chrome/116.0.1938.76 Safari/537.36"
40.77.167.25 - - [10/May/2025:06:24:34 +0300] "GET /baldface7dh/mj1bateh.html HTTP/2" 301 0 "-" "Mozilla/5.0 AppleWebKit/537.36 (KHTML, like Gecko; compatible; bingbot/2.0; +http://www.bing.com/bingbot.htm) Chrome/116.0.1938.76 Safari/537.36"
52.167.144.21 - - [10/May/2025:06:25:24 +0300] "GET /wp-content/uploads/2024/05/TERENCE-KIGEN.pdf HTTP/2" 403 787 "-" "Mozilla/5.0 AppleWebKit/537.36 (KHTML, like Gecko; compatible; bingbot/2.0; +http://www.bing.com/bingbot.htm) Chrome/116.0.1938.76 Safari/537.36"
52.167.144.21 - - [10/May/2025:06:25:24 +0300] "GET /alhagi3q/dm7q6nl9.html HTTP/2" 403 787 "-" "Mozilla/5.0 AppleWebKit/537.36 (KHTML, like Gecko; compatible; bingbot/2.0; +http://www.bing.com/bingbot.htm) Chrome/116.0.1938.76 Safari/537.36"
157.55.39.10 - - [10/May/2025:06:25:43 +0300] "GET /instratified4127/dhrnpezb.html HTTP/2" 403 787 "-" "Mozilla/5.0 AppleWebKit/537.36 (KHTML, like Gecko; compatible; bingbot/2.0; +http://www.bing.com/bingbot.htm) Chrome/116.0.1938.76 Safari/537.36"
52.167.144.21 - - [10/May/2025:06:26:52 +0300] "GET /wp-content/uploads/2017/06/Safaricom-logo-200x62.png HTTP/2" 403 787 "-" "Mozilla/5.0 AppleWebKit/537.36 (KHTML, like Gecko; compatible; bingbot/2.0; +http://www.bing.com/bingbot.htm) Chrome/116.0.1938.76 Safari/537.36"
52.167.144.21 - - [10/May/2025:06:26:53 +0300] "GET /elegant5zp/q4i29hud.html HTTP/2" 403 787 "-" "Mozilla/5.0 AppleWebKit/537.36 (KHTML, like Gecko; compatible; bingbot/2.0; +http://www.bing.com/bingbot.htm) Chrome/116.0.1938.76 Safari/537.36"
52.167.144.203 - - [10/May/2025:06:27:23 +0300] "GET /chimere49/2erjmuqc.html HTTP/2" 403 787 "-" "Mozilla/5.0 AppleWebKit/537.36 (KHTML, like Gecko; compatible; bingbot/2.0; +http://www.bing.com/bingbot.htm) Chrome/116.0.1938.76 Safari/537.36"
207.46.13.124 - - [10/May/2025:06:29:04 +0300] "GET /c10h14n23602/dertez8b.html HTTP/2" 403 787 "-" "Mozilla/5.0 AppleWebKit/537.36 (KHTML, like Gecko; compatible; bingbot/2.0; +http://www.bing.com/bingbot.htm) Chrome/116.0.1938.76 Safari/537.36"
52.167.144.203 - - [10/May/2025:06:29:07 +0300] "GET /inaccurately9pv/e5zz11ck.html HTTP/2" 403 787 "-" "Mozilla/5.0 AppleWebKit/537.36 (KHTML, like Gecko; compatible; bingbot/2.0; +http://www.bing.com/bingbot.htm) Chrome/116.0.1938.76 Safari/537.36"
40.77.167.14 - - [10/May/2025:06:29:33 +0300] "GET /whortle2g/hlfkbaga.html HTTP/2" 404 12678 "-" "Mozilla/5.0 AppleWebKit/537.36 (KHTML, like Gecko; compatible; bingbot/2.0; +http://www.bing.com/bingbot.htm) Chrome/116.0.1938.76 Safari/537.36"
40.77.167.25 - - [10/May/2025:06:29:44 +0300] "GET /conjurer2ju/2e1fqeoa.html HTTP/2" 301 0 "-" "Mozilla/5.0 AppleWebKit/537.36 (KHTML, like Gecko; compatible; bingbot/2.0; +http://www.bing.com/bingbot.htm) Chrome/116.0.1938.76 Safari/537.36"
40.77.167.25 - - [10/May/2025:06:29:46 +0300] "GET /abolishable65/dqes5s1f.html HTTP/2" 301 0 "-" "Mozilla/5.0 AppleWebKit/537.36 (KHTML, like Gecko; compatible; bingbot/2.0; +http://www.bing.com/bingbot.htm) Chrome/116.0.1938.76 Safari/537.36"
207.46.13.124 - - [10/May/2025:06:31:53 +0300] "GET /dipping70/q402rqtf.html HTTP/2" 403 787 "-" "Mozilla/5.0 AppleWebKit/537.36 (KHTML, like Gecko; compatible; bingbot/2.0; +http://www.bing.com/bingbot.htm) Chrome/116.0.1938.76 Safari/537.36"
54.36.148.219 - - [10/May/2025:06:32:05 +0300] "GET /application-procedure/ HTTP/2" 301 0 "-" "Mozilla/5.0 (compatible; AhrefsBot/7.0; +http://ahrefs.com/robot/)"
52.167.144.215 - - [10/May/2025:06:32:54 +0300] "GET /pimply781/hpmefjdh.html HTTP/2" 403 787 "-" "Mozilla/5.0 AppleWebKit/537.36 (KHTML, like Gecko; compatible; bingbot/2.0; +http://www.bing.com/bingbot.htm) Chrome/116.0.1938.76 Safari/537.36"
52.167.144.215 - - [10/May/2025:06:32:54 +0300] "GET /server4dn/edmn0swb.html HTTP/2" 403 787 "-" "Mozilla/5.0 AppleWebKit/537.36 (KHTML, like Gecko; compatible; bingbot/2.0; +http://www.bing.com/bingbot.htm) Chrome/116.0.1938.76 Safari/537.36"
207.46.13.124 - - [10/May/2025:06:33:05 +0300] "GET /variscite5rp/edj8kh1e.html HTTP/2" 403 787 "-" "Mozilla/5.0 AppleWebKit/537.36 (KHTML, like Gecko; compatible; bingbot/2.0; +http://www.bing.com/bingbot.htm) Chrome/116.0.1938.76 Safari/537.36"
207.46.13.124 - - [10/May/2025:06:33:06 +0300] "GET /shanny6bh/q2pzoene.html HTTP/2" 403 787 "-" "Mozilla/5.0 AppleWebKit/537.36 (KHTML, like Gecko; compatible; bingbot/2.0; +http://www.bing.com/bingbot.htm) Chrome/116.0.1938.76 Safari/537.36"
207.46.13.124 - - [10/May/2025:06:33:08 +0300] "GET /cancan8ok/xwirlvej.html HTTP/2" 403 787 "-" "Mozilla/5.0 AppleWebKit/537.36 (KHTML, like Gecko; compatible; bingbot/2.0; +http://www.bing.com/bingbot.htm) Chrome/116.0.1938.76 Safari/537.36"
207.46.13.124 - - [10/May/2025:06:33:14 +0300] "GET /bedash4311/5cw8gjsb.html HTTP/2" 403 787 "-" "Mozilla/5.0 AppleWebKit/537.36 (KHTML, like Gecko; compatible; bingbot/2.0; +http://www.bing.com/bingbot.htm) Chrome/116.0.1938.76 Safari/537.36"
207.46.13.124 - - [10/May/2025:06:33:23 +0300] "GET /turners10/m1f1q2q9.html HTTP/2" 403 787 "-" "Mozilla/5.0 AppleWebKit/537.36 (KHTML, like Gecko; compatible; bingbot/2.0; +http://www.bing.com/bingbot.htm) Chrome/116.0.1938.76 Safari/537.36"
216.144.248.25 - - [10/May/2025:06:33:36 +0300] "HEAD / HTTP/1.1" 200 0 "https://www.gluk.ac.ke" "Mozilla/5.0+(compatible; UptimeRobot/2.0; http://www.uptimerobot.com/)"
40.77.167.25 - - [10/May/2025:06:34:25 +0300] "GET /parenesis7840/2ilnekfh.html HTTP/2" 301 0 "-" "Mozilla/5.0 AppleWebKit/537.36 (KHTML, like Gecko; compatible; bingbot/2.0; +http://www.bing.com/bingbot.htm) Chrome/116.0.1938.76 Safari/537.36"
40.77.167.25 - - [10/May/2025:06:34:26 +0300] "GET /proteroglypha5630/5u1ceymd.html HTTP/2" 301 0 "-" "Mozilla/5.0 AppleWebKit/537.36 (KHTML, like Gecko; compatible; bingbot/2.0; +http://www.bing.com/bingbot.htm) Chrome/116.0.1938.76 Safari/537.36"
207.46.13.124 - - [10/May/2025:06:34:48 +0300] "GET /xylidine51/5cwfzbrc.html HTTP/2" 403 787 "-" "Mozilla/5.0 AppleWebKit/537.36 (KHTML, like Gecko; compatible; bingbot/2.0; +http://www.bing.com/bingbot.htm) Chrome/116.0.1938.76 Safari/537.36"
207.46.13.124 - - [10/May/2025:06:35:05 +0300] "GET /derbio4d/mdgebqzb.html HTTP/2" 403 787 "-" "Mozilla/5.0 AppleWebKit/537.36 (KHTML, like Gecko; compatible; bingbot/2.0; +http://www.bing.com/bingbot.htm) Chrome/116.0.1938.76 Safari/537.36"
216.245.221.83 - - [10/May/2025:06:28:14 +0300] "HEAD / HTTP/1.1" 403 0 "https://www.gluk.ac.ke" "Mozilla/5.0+(compatible; UptimeRobot/2.0; http://www.uptimerobot.com/)"
216.144.248.28 - - [10/May/2025:06:28:30 +0300] "HEAD / HTTP/1.1" 200 0 "https://www.gluk.ac.ke" "Mozilla/5.0+(compatible; UptimeRobot/2.0; http://www.uptimerobot.com/)"
52.167.144.21 - - [10/May/2025:06:29:12 +0300] "GET /comfort8151/edpjpe2i.html HTTP/2" 403 787 "-" "Mozilla/5.0 AppleWebKit/537.36 (KHTML, like Gecko; compatible; bingbot/2.0; +http://www.bing.com/bingbot.htm) Chrome/116.0.1938.76 Safari/537.36"
207.46.13.124 - - [10/May/2025:06:29:33 +0300] "GET /curvation9813/5g7etkvl.html HTTP/2" 403 787 "-" "Mozilla/5.0 AppleWebKit/537.36 (KHTML, like Gecko; compatible; bingbot/2.0; +http://www.bing.com/bingbot.htm) Chrome/116.0.1938.76 Safari/537.36"
52.167.144.21 - - [10/May/2025:06:31:14 +0300] "GET /homburg6w/xihfhyhe.html HTTP/2" 403 787 "-" "Mozilla/5.0 AppleWebKit/537.36 (KHTML, like Gecko; compatible; bingbot/2.0; +http://www.bing.com/bingbot.htm) Chrome/116.0.1938.76 Safari/537.36"
40.77.167.25 - - [10/May/2025:06:31:33 +0300] "GET /immediately5ag/d5lzkim9.html HTTP/2" 301 0 "-" "Mozilla/5.0 AppleWebKit/537.36 (KHTML, like Gecko; compatible; bingbot/2.0; +http://www.bing.com/bingbot.htm) Chrome/116.0.1938.76 Safari/537.36"
52.167.144.203 - - [10/May/2025:06:32:15 +0300] "GET /abolishable5he/2orpo51e.html HTTP/2" 403 787 "-" "Mozilla/5.0 AppleWebKit/537.36 (KHTML, like Gecko; compatible; bingbot/2.0; +http://www.bing.com/bingbot.htm) Chrome/116.0.1938.76 Safari/537.36"
213.175.93.181 - - [10/May/2025:06:33:02 +0300] "GET /robots.txt HTTP/1.1" 200 93 "-" "AcademicBotRTU (https://academicbot.rtu.lv; mailto:caps@rtu.lv)"
213.175.93.181 - - [10/May/2025:06:33:02 +0300] "GET / HTTP/1.1" 200 27761 "-" "AcademicBotRTU (https://academicbot.rtu.lv; mailto:caps@rtu.lv)"
52.167.144.203 - - [10/May/2025:06:33:47 +0300] "GET /appropriator9738/xs7iewol.html HTTP/2" 403 787 "-" "Mozilla/5.0 AppleWebKit/537.36 (KHTML, like Gecko; compatible; bingbot/2.0; +http://www.bing.com/bingbot.htm) Chrome/116.0.1938.76 Safari/537.36"
52.167.144.215 - - [10/May/2025:06:33:53 +0300] "GET /robins7er/dm7n3gn9.html HTTP/2" 403 787 "-" "Mozilla/5.0 AppleWebKit/537.36 (KHTML, like Gecko; compatible; bingbot/2.0; +http://www.bing.com/bingbot.htm) Chrome/116.0.1938.76 Safari/537.36"
52.167.144.203 - - [10/May/2025:06:34:30 +0300] "GET /stational4a/ddnsa1rb.html HTTP/2" 403 787 "-" "Mozilla/5.0 AppleWebKit/537.36 (KHTML, like Gecko; compatible; bingbot/2.0; +http://www.bing.com/bingbot.htm) Chrome/116.0.1938.76 Safari/537.36"
52.167.144.203 - - [10/May/2025:06:34:43 +0300] "GET /united6g/xt9rfoze.html HTTP/2" 403 787 "-" "Mozilla/5.0 AppleWebKit/537.36 (KHTML, like Gecko; compatible; bingbot/2.0; +http://www.bing.com/bingbot.htm) Chrome/116.0.1938.76 Safari/537.36"
40.77.167.33 - - [10/May/2025:06:34:56 +0300] "GET /screenings4y/xt5vlfqc.html HTTP/2" 301 0 "-" "Mozilla/5.0 AppleWebKit/537.36 (KHTML, like Gecko; compatible; bingbot/2.0; +http://www.bing.com/bingbot.htm) Chrome/116.0.1938.76 Safari/537.36"
207.46.13.124 - - [10/May/2025:06:36:06 +0300] "GET /beachlike764/qw3ayq1h.html HTTP/2" 403 787 "-" "Mozilla/5.0 AppleWebKit/537.36 (KHTML, like Gecko; compatible; bingbot/2.0; +http://www.bing.com/bingbot.htm) Chrome/116.0.1938.76 Safari/537.36"
109.236.93.77 - - [10/May/2025:06:36:09 +0300] "GET /wp-content HTTP/1.0" 301 795 "-" "Mozilla/5.0 (Windows NT 10.0; Win64; x64) AppleWebKit/537.36 (KHTML, like Gecko) Chrome/118.0.0.0 Safari/537.36"
40.77.167.33 - - [10/May/2025:06:36:25 +0300] "GET /ferding43/x9o8802c.html HTTP/2" 301 0 "-" "Mozilla/5.0 AppleWebKit/537.36 (KHTML, like Gecko; compatible; bingbot/2.0; +http://www.bing.com/bingbot.htm) Chrome/116.0.1938.76 Safari/537.36"
40.77.167.33 - - [10/May/2025:06:36:28 +0300] "GET /fondness730/qqkvnrdg.html HTTP/2" 301 0 "-" "Mozilla/5.0 AppleWebKit/537.36 (KHTML, like Gecko; compatible; bingbot/2.0; +http://www.bing.com/bingbot.htm) Chrome/116.0.1938.76 Safari/537.36"
207.46.13.124 - - [10/May/2025:06:37:06 +0300] "GET /elegance5pn/eb8a8m6d.html HTTP/2" 403 787 "-" "Mozilla/5.0 AppleWebKit/537.36 (KHTML, like Gecko; compatible; bingbot/2.0; +http://www.bing.com/bingbot.htm) Chrome/116.0.1938.76 Safari/537.36"
40.77.167.33 - - [10/May/2025:06:37:10 +0300] "GET /glama225/hpsy4dl9.html HTTP/2" 301 0 "-" "Mozilla/5.0 AppleWebKit/537.36 (KHTML, like Gecko; compatible; bingbot/2.0; +http://www.bing.com/bingbot.htm) Chrome/116.0.1938.76 Safari/537.36"
40.77.167.33 - - [10/May/2025:06:37:46 +0300] "GET /diseaseful6sc/5v0suh3f.html HTTP/2" 301 0 "-" "Mozilla/5.0 AppleWebKit/537.36 (KHTML, like Gecko; compatible; bingbot/2.0; +http://www.bing.com/bingbot.htm) Chrome/116.0.1938.76 Safari/537.36"
216.144.248.19 - - [10/May/2025:06:38:42 +0300] "HEAD / HTTP/1.1" 200 0 "https://www.gluk.ac.ke" "Mozilla/5.0+(compatible; UptimeRobot/2.0; http://www.uptimerobot.com/)"
207.46.13.130 - - [10/May/2025:06:38:56 +0300] "GET /borstal8966/q0thjiwj.html HTTP/2" 403 787 "-" "Mozilla/5.0 AppleWebKit/537.36 (KHTML, like Gecko; compatible; bingbot/2.0; +http://www.bing.com/bingbot.htm) Chrome/116.0.1938.76 Safari/537.36"
52.167.144.180 - - [10/May/2025:06:39:44 +0300] "GET /behest94/58p1b7p9.html HTTP/2" 403 787 "-" "Mozilla/5.0 AppleWebKit/537.36 (KHTML, like Gecko; compatible; bingbot/2.0; +http://www.bing.com/bingbot.htm) Chrome/116.0.1938.76 Safari/537.36"
157.55.39.10 - - [10/May/2025:06:39:55 +0300] "GET /abortus41/qkij6cxb.html HTTP/2" 403 787 "-" "Mozilla/5.0 AppleWebKit/537.36 (KHTML, like Gecko; compatible; bingbot/2.0; +http://www.bing.com/bingbot.htm) Chrome/116.0.1938.76 Safari/537.36"
95.108.213.92 - - [10/May/2025:06:41:03 +0300] "GET /wp-content/uploads/2017/01/cropped-logo-180x180.png HTTP/1.1" 403 787 "-" "Mozilla/5.0 (compatible; YandexFavicons/1.0; +http://yandex.com/bots)"
87.250.224.19 - - [10/May/2025:06:41:03 +0300] "GET /wp-content/uploads/2025/02/cropped-cropped-cropped-Adobe-Express-file-32x32.png HTTP/1.1" 403 787 "-" "Mozilla/5.0 (compatible; YandexFavicons/1.0; +http://yandex.com/bots)"
95.108.213.86 - - [10/May/2025:06:41:03 +0300] "GET /wp-content/uploads/2025/02/cropped-cropped-cropped-Adobe-Express-file-180x180.png HTTP/1.1" 403 787 "-" "Mozilla/5.0 (compatible; YandexFavicons/1.0; +http://yandex.com/bots)"
5.255.231.95 - - [10/May/2025:06:41:04 +0300] "GET /wp-content/uploads/2025/02/cropped-cropped-cropped-Adobe-Express-file-192x192.png HTTP/1.1" 403 787 "-" "Mozilla/5.0 (compatible; YandexFavicons/1.0; +http://yandex.com/bots)"
213.180.203.182 - - [10/May/2025:06:41:03 +0300] "GET /wp-content/uploads/2017/01/cropped-logo-32x32.png HTTP/1.1" 404 14196 "-" "Mozilla/5.0 (compatible; YandexFavicons/1.0; +http://yandex.com/bots)"
5.255.231.17 - - [10/May/2025:06:41:04 +0300] "GET /wp-content/uploads/2022/04/cropped-logo2.png HTTP/1.1" 403 787 "-" "Mozilla/5.0 (compatible; YandexFavicons/1.0; +http://yandex.com/bots)"
52.167.144.215 - - [10/May/2025:06:41:13 +0300] "GET /uigrian167/e366srt9.html HTTP/2" 403 787 "-" "Mozilla/5.0 AppleWebKit/537.36 (KHTML, like Gecko; compatible; bingbot/2.0; +http://www.bing.com/bingbot.htm) Chrome/116.0.1938.76 Safari/537.36"
40.77.167.33 - - [10/May/2025:06:41:36 +0300] "GET /upplight8r/evs2ydmi.html HTTP/2" 301 0 "-" "Mozilla/5.0 AppleWebKit/537.36 (KHTML, like Gecko; compatible; bingbot/2.0; +http://www.bing.com/bingbot.htm) Chrome/116.0.1938.76 Safari/537.36"
207.46.13.130 - - [10/May/2025:06:41:40 +0300] "GET /chrysoprasus10/hk4profm.html HTTP/2" 403 787 "-" "Mozilla/5.0 AppleWebKit/537.36 (KHTML, like Gecko; compatible; bingbot/2.0; +http://www.bing.com/bingbot.htm) Chrome/116.0.1938.76 Safari/537.36"
52.167.144.180 - - [10/May/2025:06:41:45 +0300] "GET /endoscopy4oz/5b5mp4l9.html HTTP/2" 403 787 "-" "Mozilla/5.0 AppleWebKit/537.36 (KHTML, like Gecko; compatible; bingbot/2.0; +http://www.bing.com/bingbot.htm) Chrome/116.0.1938.76 Safari/537.36"
207.46.13.124 - - [10/May/2025:06:36:46 +0300] "GET /perpendicular5md/ddftgcpd.html HTTP/2" 403 787 "-" "Mozilla/5.0 AppleWebKit/537.36 (KHTML, like Gecko; compatible; bingbot/2.0; +http://www.bing.com/bingbot.htm) Chrome/116.0.1938.76 Safari/537.36"
40.77.167.33 - - [10/May/2025:06:39:05 +0300] "GET /postlude4fq/2wt6p8pc.html HTTP/2" 301 0 "-" "Mozilla/5.0 AppleWebKit/537.36 (KHTML, like Gecko; compatible; bingbot/2.0; +http://www.bing.com/bingbot.htm) Chrome/116.0.1938.76 Safari/537.36"
157.55.39.10 - - [10/May/2025:06:39:07 +0300] "GET /flash4fk/mv3d7whc.html HTTP/2" 403 787 "-" "Mozilla/5.0 AppleWebKit/537.36 (KHTML, like Gecko; compatible; bingbot/2.0; +http://www.bing.com/bingbot.htm) Chrome/116.0.1938.76 Safari/537.36"
154.127.52.18 - - [10/May/2025:06:39:58 +0300] "POST /wp-login.php HTTP/1.1" 200 2610 "-" "Mozilla/5.0 (Macintosh; Intel Mac OS X 10_15_7) AppleWebKit/537.36 (KHTML, like Gecko) Chrome/97.0.4692.71 Safari/537.36"
154.127.52.18 - - [10/May/2025:06:40:00 +0300] "GET /wp-admin/ HTTP/1.1" 302 0 "-" "Mozilla/5.0 (Macintosh; Intel Mac OS X 10_15_7) AppleWebKit/537.36 (KHTML, like Gecko) Chrome/97.0.4692.71 Safari/537.36"
154.127.52.18 - - [10/May/2025:06:40:00 +0300] "GET /wp-login.php?redirect_to=https%3A%2F%2Fwww.gluk.ac.ke%2Fwp-admin%2F&reauth=1 HTTP/1.1" 200 2570 "-" "Mozilla/5.0 (Macintosh; Intel Mac OS X 10_15_7) AppleWebKit/537.36 (KHTML, like Gecko) Chrome/97.0.4692.71 Safari/537.36"
40.77.167.33 - - [10/May/2025:06:40:14 +0300] "GET /georgiana3492/mp2ig65b.html HTTP/2" 301 0 "-" "Mozilla/5.0 AppleWebKit/537.36 (KHTML, like Gecko; compatible; bingbot/2.0; +http://www.bing.com/bingbot.htm) Chrome/116.0.1938.76 Safari/537.36"
52.167.144.180 - - [10/May/2025:06:40:35 +0300] "GET /mogen7320/d5iiacfg.html HTTP/2" 403 787 "-" "Mozilla/5.0 AppleWebKit/537.36 (KHTML, like Gecko; compatible; bingbot/2.0; +http://www.bing.com/bingbot.htm) Chrome/116.0.1938.76 Safari/537.36"
40.77.167.33 - - [10/May/2025:06:40:46 +0300] "GET /uncessant1538/hkc5c0u9.html HTTP/2" 301 0 "-" "Mozilla/5.0 AppleWebKit/537.36 (KHTML, like Gecko; compatible; bingbot/2.0; +http://www.bing.com/bingbot.htm) Chrome/116.0.1938.76 Safari/537.36"
213.180.203.41 - - [10/May/2025:06:41:02 +0300] "GET /robots.txt HTTP/1.1" 200 93 "-" "Mozilla/5.0 (compatible; YandexBot/3.0; +http://yandex.com/bots)"
52.167.144.190 - - [10/May/2025:06:41:25 +0300] "GET /index.php?option=com_jevents&task=day.listevents&year=2015&month=06&day=10&Itemid=1 HTTP/2" 403 787 "-" "Mozilla/5.0 AppleWebKit/537.36 (KHTML, like Gecko; compatible; bingbot/2.0; +http://www.bing.com/bingbot.htm) Chrome/116.0.1938.76 Safari/537.36"
207.46.13.130 - - [10/May/2025:06:42:27 +0300] "GET /tinker4471/q6sk405c.html HTTP/2" 403 787 "-" "Mozilla/5.0 AppleWebKit/537.36 (KHTML, like Gecko; compatible; bingbot/2.0; +http://www.bing.com/bingbot.htm) Chrome/116.0.1938.76 Safari/537.36"
40.77.167.33 - - [10/May/2025:06:42:46 +0300] "GET /naughty4603/quq88iac.html HTTP/2" 301 0 "-" "Mozilla/5.0 AppleWebKit/537.36 (KHTML, like Gecko; compatible; bingbot/2.0; +http://www.bing.com/bingbot.htm) Chrome/116.0.1938.76 Safari/537.36"
20.120.134.41 - - [10/May/2025:06:43:15 +0300] "GET /2023-academic-calendar/ HTTP/1.1" 301 0 "-" "Mozilla/5.0 (Windows NT 10.0; Win64; x64) AppleWebKit/537.36 (KHTML, like Gecko) Chrome/131.0.0.0 Safari/537.36 Edg/131.0.0.0"
40.77.167.33 - - [10/May/2025:06:43:25 +0300] "GET /reviewd5198/xwmjva1d.html HTTP/2" 301 0 "-" "Mozilla/5.0 AppleWebKit/537.36 (KHTML, like Gecko; compatible; bingbot/2.0; +http://www.bing.com/bingbot.htm) Chrome/116.0.1938.76 Safari/537.36"
52.167.144.180 - - [10/May/2025:06:44:06 +0300] "GET /caret3ph/mv660kkb.html HTTP/2" 403 787 "-" "Mozilla/5.0 AppleWebKit/537.36 (KHTML, like Gecko; compatible; bingbot/2.0; +http://www.bing.com/bingbot.htm) Chrome/116.0.1938.76 Safari/537.36"
157.55.39.10 - - [10/May/2025:06:44:07 +0300] "GET /stubbed96/hg427mdl.html HTTP/2" 403 787 "-" "Mozilla/5.0 AppleWebKit/537.36 (KHTML, like Gecko; compatible; bingbot/2.0; +http://www.bing.com/bingbot.htm) Chrome/116.0.1938.76 Safari/537.36"
52.167.144.180 - - [10/May/2025:06:41:47 +0300] "GET /reviewd4638/dx44jrbc.html HTTP/2" 403 787 "-" "Mozilla/5.0 AppleWebKit/537.36 (KHTML, like Gecko; compatible; bingbot/2.0; +http://www.bing.com/bingbot.htm) Chrome/116.0.1938.76 Safari/537.36"
207.46.13.130 - - [10/May/2025:06:42:08 +0300] "GET /spiteful8hk/mdcganzj.html HTTP/2" 403 787 "-" "Mozilla/5.0 AppleWebKit/537.36 (KHTML, like Gecko; compatible; bingbot/2.0; +http://www.bing.com/bingbot.htm) Chrome/116.0.1938.76 Safari/537.36"
52.167.144.180 - - [10/May/2025:06:42:15 +0300] "GET /the-green-team/dav-5/ HTTP/2" 403 787 "-" "Mozilla/5.0 AppleWebKit/537.36 (KHTML, like Gecko; compatible; bingbot/2.0; +http://www.bing.com/bingbot.htm) Chrome/116.0.1938.76 Safari/537.36"
52.167.144.180 - - [10/May/2025:06:42:15 +0300] "GET /maturely4g/dmpzkcpb.html HTTP/2" 403 787 "-" "Mozilla/5.0 AppleWebKit/537.36 (KHTML, like Gecko; compatible; bingbot/2.0; +http://www.bing.com/bingbot.htm) Chrome/116.0.1938.76 Safari/537.36"
54.36.148.107 - - [10/May/2025:06:42:23 +0300] "GET /wp-content/uploads/2025/05/ HTTP/2" 200 550 "-" "Mozilla/5.0 (compatible; AhrefsBot/7.0; +http://ahrefs.com/robot/)"
52.167.144.180 - - [10/May/2025:06:42:55 +0300] "GET /homburg46/qs398lec.html HTTP/2" 403 787 "-" "Mozilla/5.0 AppleWebKit/537.36 (KHTML, like Gecko; compatible; bingbot/2.0; +http://www.bing.com/bingbot.htm) Chrome/116.0.1938.76 Safari/537.36"
207.46.13.130 - - [10/May/2025:06:43:30 +0300] "GET /erysinum14/mv3o4jw9.html HTTP/2" 403 787 "-" "Mozilla/5.0 AppleWebKit/537.36 (KHTML, like Gecko; compatible; bingbot/2.0; +http://www.bing.com/bingbot.htm) Chrome/116.0.1938.76 Safari/537.36"
52.167.144.180 - - [10/May/2025:06:43:35 +0300] "GET /unsincere963/xidplnfl.html HTTP/2" 403 787 "-" "Mozilla/5.0 AppleWebKit/537.36 (KHTML, like Gecko; compatible; bingbot/2.0; +http://www.bing.com/bingbot.htm) Chrome/116.0.1938.76 Safari/537.36"
216.144.248.18 - - [10/May/2025:06:43:46 +0300] "HEAD / HTTP/1.1" 200 0 "https://www.gluk.ac.ke" "Mozilla/5.0+(compatible; UptimeRobot/2.0; http://www.uptimerobot.com/)"
52.167.144.190 - - [10/May/2025:06:43:54 +0300] "GET /wp-content/plugins/WP_Visual_Chat/assets/img/Thumbs.db HTTP/2" 403 787 "-" "Mozilla/5.0 AppleWebKit/537.36 (KHTML, like Gecko; compatible; bingbot/2.0; +http://www.bing.com/bingbot.htm) Chrome/116.0.1938.76 Safari/537.36"
52.167.144.209 - - [10/May/2025:06:44:14 +0300] "GET /archaeopteryx37/mvpc1mdb.html HTTP/2" 403 787 "-" "Mozilla/5.0 AppleWebKit/537.36 (KHTML, like Gecko; compatible; bingbot/2.0; +http://www.bing.com/bingbot.htm) Chrome/116.0.1938.76 Safari/537.36"
207.46.13.130 - - [10/May/2025:06:44:17 +0300] "GET /noisy5br/e5z8m7rc.html HTTP/2" 403 787 "-" "Mozilla/5.0 AppleWebKit/537.36 (KHTML, like Gecko; compatible; bingbot/2.0; +http://www.bing.com/bingbot.htm) Chrome/116.0.1938.76 Safari/537.36"
114.119.148.37 - - [10/May/2025:06:44:52 +0300] "GET /wp-includes/customize/class-wp-customize-background-position-control.php HTTP/1.1" 500 0 "https://www.gluk.ac.ke/wp-includes/customize/?C=S%3BO%3DA" "Mozilla/5.0 (Linux; Android 7.0;) AppleWebKit/537.36 (KHTML, like Gecko) Mobile Safari/537.36 (compatible; PetalBot;+https://webmaster.petalsearch.com/site/petalbot)"
173.252.107.10 - - [10/May/2025:06:45:08 +0300] "GET / HTTP/2" 403 787 "-" "facebookexternalhit/1.1 (+http://www.facebook.com/externalhit_uatext.php)"
40.77.167.33 - - [10/May/2025:06:45:16 +0300] "GET /workmens4lr/2gq30asb.html HTTP/2" 301 0 "-" "Mozilla/5.0 AppleWebKit/537.36 (KHTML, like Gecko; compatible; bingbot/2.0; +http://www.bing.com/bingbot.htm) Chrome/116.0.1938.76 Safari/537.36"
40.77.167.33 - - [10/May/2025:06:45:17 +0300] "GET /chimere4a/54s5dnpb.html HTTP/2" 301 0 "-" "Mozilla/5.0 AppleWebKit/537.36 (KHTML, like Gecko; compatible; bingbot/2.0; +http://www.bing.com/bingbot.htm) Chrome/116.0.1938.76 Safari/537.36"
52.167.144.220 - - [10/May/2025:06:46:34 +0300] "GET /mixer6hg/mfalm4xe.html HTTP/2" 403 787 "-" "Mozilla/5.0 AppleWebKit/537.36 (KHTML, like Gecko; compatible; bingbot/2.0; +http://www.bing.com/bingbot.htm) Chrome/116.0.1938.76 Safari/537.36"
52.167.144.220 - - [10/May/2025:06:46:34 +0300] "GET /maturely5c/de747j8d.html HTTP/2" 403 787 "-" "Mozilla/5.0 AppleWebKit/537.36 (KHTML, like Gecko; compatible; bingbot/2.0; +http://www.bing.com/bingbot.htm) Chrome/116.0.1938.76 Safari/537.36"
40.77.167.151 - - [10/May/2025:06:47:36 +0300] "GET /tideland108/mprlvhq9.html HTTP/2" 301 0 "-" "Mozilla/5.0 AppleWebKit/537.36 (KHTML, like Gecko; compatible; bingbot/2.0; +http://www.bing.com/bingbot.htm) Chrome/116.0.1938.76 Safari/537.36"
114.119.134.165 - - [10/May/2025:06:48:05 +0300] "GET /graduation-events/ HTTP/1.1" 404 14195 "https://gluk.ac.ke/opportunities-for-dentistry-education-at-gluk/" "Mozilla/5.0 (Linux; Android 7.0;) AppleWebKit/537.36 (KHTML, like Gecko) Mobile Safari/537.36 (compatible; PetalBot;+https://webmaster.petalsearch.com/site/petalbot)"
207.46.13.111 - - [10/May/2025:06:48:09 +0300] "GET /screenings1001/mpuysldm.html HTTP/2" 403 787 "-" "Mozilla/5.0 AppleWebKit/537.36 (KHTML, like Gecko; compatible; bingbot/2.0; +http://www.bing.com/bingbot.htm) Chrome/116.0.1938.76 Safari/537.36"
207.46.13.130 - - [10/May/2025:06:48:10 +0300] "GET /exspoliation648/x2jc7dse.html HTTP/2" 403 787 "-" "Mozilla/5.0 AppleWebKit/537.36 (KHTML, like Gecko; compatible; bingbot/2.0; +http://www.bing.com/bingbot.htm) Chrome/116.0.1938.76 Safari/537.36"
157.55.39.60 - - [10/May/2025:06:48:34 +0300] "GET /throb8s/defiljmi.html HTTP/2" 403 787 "-" "Mozilla/5.0 AppleWebKit/537.36 (KHTML, like Gecko; compatible; bingbot/2.0; +http://www.bing.com/bingbot.htm) Chrome/116.0.1938.76 Safari/537.36"
69.162.124.238 - - [10/May/2025:06:48:51 +0300] "HEAD / HTTP/1.1" 403 0 "https://www.gluk.ac.ke" "Mozilla/5.0+(compatible; UptimeRobot/2.0; http://www.uptimerobot.com/)"
52.167.144.220 - - [10/May/2025:06:49:05 +0300] "GET /immediately9966/q8yueh9m.html HTTP/2" 403 787 "-" "Mozilla/5.0 AppleWebKit/537.36 (KHTML, like Gecko; compatible; bingbot/2.0; +http://www.bing.com/bingbot.htm) Chrome/116.0.1938.76 Safari/537.36"
114.119.154.135 - - [10/May/2025:06:49:40 +0300] "GET /index.php?option=com_content&view=article&id=1194:tich-10th-annual-international-conference&catid=1:latest-news HTTP/1.1" 301 0 "https://phasa.org.za/2013/02/20/10th-annual-international-scientific-conference-gluk/" "Mozilla/5.0 (Linux; Android 7.0;) AppleWebKit/537.36 (KHTML, like Gecko) Mobile Safari/537.36 (compatible; PetalBot;+https://webmaster.petalsearch.com/site/petalbot)"
114.119.154.135 - - [10/May/2025:06:49:44 +0300] "GET /?option=com_content&view=article&id=1194:tich-10th-annual-international-conference&catid=1:latest-news HTTP/1.1" 301 0 "https://phasa.org.za/2013/02/20/10th-annual-international-scientific-conference-gluk/" "Mozilla/5.0 (Linux; Android 7.0;) AppleWebKit/537.36 (KHTML, like Gecko) Mobile Safari/537.36 (compatible; PetalBot;+https://webmaster.petalsearch.com/site/petalbot)"
114.119.154.135 - - [10/May/2025:06:49:45 +0300] "GET /?option=com_content&view=article&id=1194:tich-10th-annual-international-conference&catid=1:latest-news HTTP/1.1" 301 0 "https://phasa.org.za/2013/02/20/10th-annual-international-scientific-conference-gluk/" "Mozilla/5.0 (Linux; Android 7.0;) AppleWebKit/537.36 (KHTML, like Gecko) Mobile Safari/537.36 (compatible; PetalBot;+https://webmaster.petalsearch.com/site/petalbot)"
114.119.154.135 - - [10/May/2025:06:49:46 +0300] "GET /?option=com_content&view=article&id=1194:tich-10th-annual-international-conference&catid=1:latest-news HTTP/1.1" 301 0 "https://phasa.org.za/2013/02/20/10th-annual-international-scientific-conference-gluk/" "Mozilla/5.0 (Linux; Android 7.0;) AppleWebKit/537.36 (KHTML, like Gecko) Mobile Safari/537.36 (compatible; PetalBot;+https://webmaster.petalsearch.com/site/petalbot)"
40.77.167.33 - - [10/May/2025:06:44:26 +0300] "GET /cryptographal1ef/d2e4upv9.html HTTP/2" 301 0 "-" "Mozilla/5.0 AppleWebKit/537.36 (KHTML, like Gecko; compatible; bingbot/2.0; +http://www.bing.com/bingbot.htm) Chrome/116.0.1938.76 Safari/537.36"
157.55.39.10 - - [10/May/2025:06:45:07 +0300] "GET /cardiograph5ee/dm53n79d.html HTTP/2" 403 787 "-" "Mozilla/5.0 AppleWebKit/537.36 (KHTML, like Gecko; compatible; bingbot/2.0; +http://www.bing.com/bingbot.htm) Chrome/116.0.1938.76 Safari/537.36"
157.55.39.10 - - [10/May/2025:06:45:07 +0300] "GET /decorated188/24j4rh1a.html HTTP/2" 403 787 "-" "Mozilla/5.0 AppleWebKit/537.36 (KHTML, like Gecko; compatible; bingbot/2.0; +http://www.bing.com/bingbot.htm) Chrome/116.0.1938.76 Safari/537.36"
52.167.144.180 - - [10/May/2025:06:45:25 +0300] "GET /topcoat1x/2ik77ot9.html HTTP/2" 403 787 "-" "Mozilla/5.0 AppleWebKit/537.36 (KHTML, like Gecko; compatible; bingbot/2.0; +http://www.bing.com/bingbot.htm) Chrome/116.0.1938.76 Safari/537.36"
52.167.144.180 - - [10/May/2025:06:45:34 +0300] "GET /anemology500/5nxnsbyc.html HTTP/2" 403 787 "-" "Mozilla/5.0 AppleWebKit/537.36 (KHTML, like Gecko; compatible; bingbot/2.0; +http://www.bing.com/bingbot.htm) Chrome/116.0.1938.76 Safari/537.36"
157.55.39.10 - - [10/May/2025:06:46:39 +0300] "GET /hesitancy98/dh6k7f2m.html HTTP/2" 403 787 "-" "Mozilla/5.0 AppleWebKit/537.36 (KHTML, like Gecko; compatible; bingbot/2.0; +http://www.bing.com/bingbot.htm) Chrome/116.0.1938.76 Safari/537.36"
207.46.13.130 - - [10/May/2025:06:46:39 +0300] "GET /malison3j/qi38rysa.html HTTP/2" 403 787 "-" "Mozilla/5.0 AppleWebKit/537.36 (KHTML, like Gecko; compatible; bingbot/2.0; +http://www.bing.com/bingbot.htm) Chrome/116.0.1938.76 Safari/537.36"
