40.77.167.151 - - [10/May/2025:08:03:36 +0300] "GET /fireside7l/2oxsnkwf.html HTTP/2" 404 796 "-" "Mozilla/5.0 AppleWebKit/537.36 (KHTML, like Gecko; compatible; bingbot/2.0; +http://www.bing.com/bingbot.htm) Chrome/116.0.1938.76 Safari/537.36"
40.77.167.151 - - [10/May/2025:08:03:37 +0300] "GET /roaring97/dmp9ygp9.html HTTP/2" 404 796 "-" "Mozilla/5.0 AppleWebKit/537.36 (KHTML, like Gecko; compatible; bingbot/2.0; +http://www.bing.com/bingbot.htm) Chrome/116.0.1938.76 Safari/537.36"
119.40.93.141 - - [10/May/2025:08:04:44 +0300] "GET / HTTP/1.1" 200 1597 "-" "Mozilla/5.0 (Windows NT 6.3; Win64; x64) AppleWebKit/537.36 (KHTML, like Gecko) Chrome/101.0.4951.54 Safari/537.36"
119.40.93.141 - - [10/May/2025:08:04:45 +0300] "POST /xmlrpc.php HTTP/1.1" 404 796 "-" "Mozilla/5.0 (Windows NT 6.3; Win64; x64) AppleWebKit/537.36 (KHTML, like Gecko) Chrome/101.0.4951.54 Safari/537.36"
119.40.93.141 - - [10/May/2025:08:04:52 +0300] "POST /wp-login.php HTTP/1.1" 404 796 "-" "Mozilla/5.0 (Windows NT 6.3; Win64; x64) AppleWebKit/537.36 (KHTML, like Gecko) Chrome/101.0.4951.54 Safari/537.36"
119.40.93.141 - - [10/May/2025:08:04:52 +0300] "POST /wp-login.php HTTP/1.1" 404 796 "-" "Mozilla/5.0 (Windows NT 6.3; Win64; x64) AppleWebKit/537.36 (KHTML, like Gecko) Chrome/101.0.4951.54 Safari/537.36"
186.232.112.90 - - [10/May/2025:08:04:56 +0300] "POST /xmlrpc.php HTTP/1.1" 403 787 "-" "Mozilla/5.0 (Windows NT 6.3; Win64; x64) AppleWebKit/537.36 (KHTML, like Gecko) Chrome/101.0.4951.54 Safari/537.36"
186.232.112.90 - - [10/May/2025:08:04:57 +0300] "POST /wp-login.php HTTP/1.1" 403 787 "-" "Mozilla/5.0 (Windows NT 6.3; Win64; x64) AppleWebKit/537.36 (KHTML, like Gecko) Chrome/101.0.4951.54 Safari/537.36"
186.232.112.90 - - [10/May/2025:08:04:58 +0300] "POST /wp-login.php HTTP/1.1" 403 787 "-" "Mozilla/5.0 (Windows NT 6.3; Win64; x64) AppleWebKit/537.36 (KHTML, like Gecko) Chrome/101.0.4951.54 Safari/537.36"
20.26.44.173 - - [10/May/2025:08:05:15 +0300] "GET /hesitancy98/dh6k7f2m.html HTTP/1.1" 404 796 "-" "Mozilla/5.0 (Windows NT 10.0; Win64; x64) AppleWebKit/537.36 (KHTML, like Gecko) Chrome/131.0.0.0 Safari/537.36 Edg/131.0.0.0"
113.160.97.134 - - [10/May/2025:08:05:16 +0300] "POST /xmlrpc.php HTTP/1.1" 404 796 "-" "Mozilla/5.0 (Windows NT 6.3; Win64; x64) AppleWebKit/537.36 (KHTML, like Gecko) Chrome/101.0.4951.54 Safari/537.36"
113.160.97.134 - - [10/May/2025:08:05:20 +0300] "POST /wp-login.php HTTP/1.1" 404 796 "-" "Mozilla/5.0 (Windows NT 6.3; Win64; x64) AppleWebKit/537.36 (KHTML, like Gecko) Chrome/101.0.4951.54 Safari/537.36"
52.167.144.169 - - [10/May/2025:08:06:13 +0300] "GET /mousseline8zc/2wcbgxgj.html HTTP/2" 403 787 "-" "Mozilla/5.0 AppleWebKit/537.36 (KHTML, like Gecko; compatible; bingbot/2.0; +http://www.bing.com/bingbot.htm) Chrome/116.0.1938.76 Safari/537.36"
40.77.167.85 - - [10/May/2025:08:06:20 +0300] "GET /robots.txt HTTP/2" 404 796 "-" "Mozilla/5.0 AppleWebKit/537.36 (KHTML, like Gecko; compatible; bingbot/2.0; +http://www.bing.com/bingbot.htm) Chrome/116.0.1938.76 Safari/537.36"
157.55.39.62 - - [10/May/2025:08:02:26 +0300] "GET /dipteran4dh/ej53rofc.html HTTP/2" 403 787 "-" "Mozilla/5.0 AppleWebKit/537.36 (KHTML, like Gecko; compatible; bingbot/2.0; +http://www.bing.com/bingbot.htm) Chrome/116.0.1938.76 Safari/537.36"
52.167.144.169 - - [10/May/2025:08:03:13 +0300] "GET /electrotherapeutics8q/hg96pu2j.html HTTP/2" 403 787 "-" "Mozilla/5.0 AppleWebKit/537.36 (KHTML, like Gecko; compatible; bingbot/2.0; +http://www.bing.com/bingbot.htm) Chrome/116.0.1938.76 Safari/537.36"
52.167.144.138 - - [10/May/2025:08:04:12 +0300] "GET /beachlike7970/ HTTP/2" 403 787 "-" "Mozilla/5.0 AppleWebKit/537.36 (KHTML, like Gecko; compatible; bingbot/2.0; +http://www.bing.com/bingbot.htm) Chrome/116.0.1938.76 Safari/537.36"
52.167.144.169 - - [10/May/2025:08:04:23 +0300] "GET /autocatalysis2xa/m1x929da.html HTTP/2" 403 787 "-" "Mozilla/5.0 AppleWebKit/537.36 (KHTML, like Gecko; compatible; bingbot/2.0; +http://www.bing.com/bingbot.htm) Chrome/116.0.1938.76 Safari/537.36"
157.55.39.202 - - [10/May/2025:08:04:47 +0300] "GET /withoutdoor9nn/ef0sxtbk.html HTTP/2" 403 787 "-" "Mozilla/5.0 AppleWebKit/537.36 (KHTML, like Gecko; compatible; bingbot/2.0; +http://www.bing.com/bingbot.htm) Chrome/116.0.1938.76 Safari/537.36"
186.224.32.6 - - [10/May/2025:08:05:05 +0300] "POST /xmlrpc.php HTTP/1.1" 403 787 "-" "Mozilla/5.0 (Windows NT 6.3; Win64; x64) AppleWebKit/537.36 (KHTML, like Gecko) Chrome/101.0.4951.54 Safari/537.36"
186.224.32.6 - - [10/May/2025:08:05:12 +0300] "POST /wp-login.php HTTP/1.1" 403 787 "-" "Mozilla/5.0 (Windows NT 6.3; Win64; x64) AppleWebKit/537.36 (KHTML, like Gecko) Chrome/101.0.4951.54 Safari/537.36"
186.224.32.6 - - [10/May/2025:08:05:13 +0300] "POST /wp-login.php HTTP/1.1" 403 787 "-" "Mozilla/5.0 (Windows NT 6.3; Win64; x64) AppleWebKit/537.36 (KHTML, like Gecko) Chrome/101.0.4951.54 Safari/537.36"
20.197.112.226 - - [10/May/2025:08:05:16 +0300] "GET /endoscopy4oz/5b5mp4l9.html HTTP/1.1" 404 796 "-" "Mozilla/5.0 (Windows NT 10.0; Win64; x64) AppleWebKit/537.36 (KHTML, like Gecko) Chrome/131.0.0.0 Safari/537.36 Edg/131.0.0.0"
113.160.97.134 - - [10/May/2025:08:05:18 +0300] "POST /wp-login.php HTTP/1.1" 404 796 "-" "Mozilla/5.0 (Windows NT 6.3; Win64; x64) AppleWebKit/537.36 (KHTML, like Gecko) Chrome/101.0.4951.54 Safari/537.36"
40.77.167.151 - - [10/May/2025:08:05:44 +0300] "GET /aflaunt8p/2ske7oui.html HTTP/2" 404 796 "-" "Mozilla/5.0 AppleWebKit/537.36 (KHTML, like Gecko; compatible; bingbot/2.0; +http://www.bing.com/bingbot.htm) Chrome/116.0.1938.76 Safari/537.36"
52.167.144.169 - - [10/May/2025:08:05:54 +0300] "GET /crispin959/qs95gsbl.html HTTP/2" 403 787 "-" "Mozilla/5.0 AppleWebKit/537.36 (KHTML, like Gecko; compatible; bingbot/2.0; +http://www.bing.com/bingbot.htm) Chrome/116.0.1938.76 Safari/537.36"
207.46.13.124 - - [10/May/2025:08:06:48 +0300] "GET /columnaris5322/mv5zca7d.html HTTP/2" 403 787 "-" "Mozilla/5.0 AppleWebKit/537.36 (KHTML, like Gecko; compatible; bingbot/2.0; +http://www.bing.com/bingbot.htm) Chrome/116.0.1938.76 Safari/537.36"
207.46.13.124 - - [10/May/2025:08:06:49 +0300] "GET /cancan20/ezlpze4a.html HTTP/2" 403 787 "-" "Mozilla/5.0 AppleWebKit/537.36 (KHTML, like Gecko; compatible; bingbot/2.0; +http://www.bing.com/bingbot.htm) Chrome/116.0.1938.76 Safari/537.36"
52.167.144.159 - - [10/May/2025:08:07:01 +0300] "GET /login/ HTTP/2" 403 787 "-" "Mozilla/5.0 AppleWebKit/537.36 (KHTML, like Gecko; compatible; bingbot/2.0; +http://www.bing.com/bingbot.htm) Chrome/116.0.1938.76 Safari/537.36"
20.26.44.175 - - [10/May/2025:08:08:16 +0300] "GET /prudential4970/qo5uenqc.html HTTP/1.1" 404 796 "-" "Mozilla/5.0 (Windows NT 10.0; Win64; x64) AppleWebKit/537.36 (KHTML, like Gecko) Chrome/131.0.0.0 Safari/537.36 Edg/131.0.0.0"
52.167.144.169 - - [10/May/2025:08:08:35 +0300] "GET /revolting84/28lxi6pi.html HTTP/2" 403 787 "-" "Mozilla/5.0 AppleWebKit/537.36 (KHTML, like Gecko; compatible; bingbot/2.0; +http://www.bing.com/bingbot.htm) Chrome/116.0.1938.76 Safari/537.36"
207.46.13.116 - - [10/May/2025:08:06:28 +0300] "GET /leptophylla60/h512ad8e.html HTTP/2" 403 787 "-" "Mozilla/5.0 AppleWebKit/537.36 (KHTML, like Gecko; compatible; bingbot/2.0; +http://www.bing.com/bingbot.htm) Chrome/116.0.1938.76 Safari/537.36"
216.144.248.19 - - [10/May/2025:08:06:34 +0300] "HEAD / HTTP/1.1" 200 0 "https://www.gluk.ac.ke" "Mozilla/5.0+(compatible; UptimeRobot/2.0; http://www.uptimerobot.com/)"
207.46.13.116 - - [10/May/2025:08:06:37 +0300] "GET /mousseline74/e53f61pg.html HTTP/2" 403 787 "-" "Mozilla/5.0 AppleWebKit/537.36 (KHTML, like Gecko; compatible; bingbot/2.0; +http://www.bing.com/bingbot.htm) Chrome/116.0.1938.76 Safari/537.36"
114.119.131.248 - - [10/May/2025:08:06:40 +0300] "GET /wp-includes/Requests/src/Exception/Http/?NA HTTP/1.1" 403 787 "https://www.gluk.ac.ke/wp-includes/Requests/src/Exception/Http/?SD" "Mozilla/5.0 (Linux; Android 7.0;) AppleWebKit/537.36 (KHTML, like Gecko) Mobile Safari/537.36 (compatible; PetalBot;+https://webmaster.petalsearch.com/site/petalbot)"
52.167.144.223 - - [10/May/2025:08:06:53 +0300] "GET /intense4692/ HTTP/2" 403 787 "-" "Mozilla/5.0 AppleWebKit/537.36 (KHTML, like Gecko; compatible; bingbot/2.0; +http://www.bing.com/bingbot.htm) Chrome/116.0.1938.76 Safari/537.36"
40.77.167.151 - - [10/May/2025:08:07:23 +0300] "GET /northumberland179/h04fyur9.html HTTP/2" 404 796 "-" "Mozilla/5.0 AppleWebKit/537.36 (KHTML, like Gecko; compatible; bingbot/2.0; +http://www.bing.com/bingbot.htm) Chrome/116.0.1938.76 Safari/537.36"
114.119.134.165 - - [10/May/2025:08:08:18 +0300] "GET /wp-includes/css/dist/block-directory/?C=N%3BO%3DD HTTP/1.1" 200 841 "https://www.gluk.ac.ke/wp-includes/css/dist/block-directory/?C=S%3BO%3DA" "Mozilla/5.0 (Linux; Android 7.0;) AppleWebKit/537.36 (KHTML, like Gecko) Mobile Safari/537.36 (compatible; PetalBot;+https://webmaster.petalsearch.com/site/petalbot)"
207.46.13.116 - - [10/May/2025:08:08:29 +0300] "GET /dasymeter63/x1x7igqe.html HTTP/2" 403 787 "-" "Mozilla/5.0 AppleWebKit/537.36 (KHTML, like Gecko; compatible; bingbot/2.0; +http://www.bing.com/bingbot.htm) Chrome/116.0.1938.76 Safari/537.36"
52.167.144.159 - - [10/May/2025:08:09:42 +0300] "GET /sdm_downloads/odira-tyson-okoth/ HTTP/2" 403 787 "-" "Mozilla/5.0 AppleWebKit/537.36 (KHTML, like Gecko; compatible; bingbot/2.0; +http://www.bing.com/bingbot.htm) Chrome/116.0.1938.76 Safari/537.36"
207.46.13.124 - - [10/May/2025:08:09:59 +0300] "GET /homburg4lt/m7yo8vpb.html HTTP/2" 403 787 "-" "Mozilla/5.0 AppleWebKit/537.36 (KHTML, like Gecko; compatible; bingbot/2.0; +http://www.bing.com/bingbot.htm) Chrome/116.0.1938.76 Safari/537.36"
52.167.144.169 - - [10/May/2025:08:10:35 +0300] "GET /arboricultural37/m1vptkcb.html HTTP/2" 403 787 "-" "Mozilla/5.0 AppleWebKit/537.36 (KHTML, like Gecko; compatible; bingbot/2.0; +http://www.bing.com/bingbot.htm) Chrome/116.0.1938.76 Safari/537.36"
207.46.13.124 - - [10/May/2025:08:10:49 +0300] "GET /potmen443/5f0xki3c.html HTTP/2" 403 787 "-" "Mozilla/5.0 AppleWebKit/537.36 (KHTML, like Gecko; compatible; bingbot/2.0; +http://www.bing.com/bingbot.htm) Chrome/116.0.1938.76 Safari/537.36"
52.167.144.156 - - [10/May/2025:08:11:54 +0300] "GET /marshaled48/dedr4qkc.html HTTP/2" 403 787 "-" "Mozilla/5.0 AppleWebKit/537.36 (KHTML, like Gecko; compatible; bingbot/2.0; +http://www.bing.com/bingbot.htm) Chrome/116.0.1938.76 Safari/537.36"
20.27.20.19 - - [10/May/2025:08:11:58 +0300] "GET /congeneracy447/d5ps8s4c.html HTTP/1.1" 404 796 "-" "Mozilla/5.0 (Windows NT 10.0; Win64; x64) AppleWebKit/537.36 (KHTML, like Gecko) Chrome/131.0.0.0 Safari/537.36 Edg/131.0.0.0"
207.46.13.124 - - [10/May/2025:08:12:20 +0300] "GET /collie3cb/53rnrp0b.html HTTP/2" 403 787 "-" "Mozilla/5.0 AppleWebKit/537.36 (KHTML, like Gecko; compatible; bingbot/2.0; +http://www.bing.com/bingbot.htm) Chrome/116.0.1938.76 Safari/537.36"
52.167.144.169 - - [10/May/2025:08:12:25 +0300] "GET /teething6889/20obp7nf.html HTTP/2" 403 787 "-" "Mozilla/5.0 AppleWebKit/537.36 (KHTML, like Gecko; compatible; bingbot/2.0; +http://www.bing.com/bingbot.htm) Chrome/116.0.1938.76 Safari/537.36"
207.46.13.116 - - [10/May/2025:08:08:49 +0300] "GET /whalemen4w/hyxtxzmc.html HTTP/2" 403 787 "-" "Mozilla/5.0 AppleWebKit/537.36 (KHTML, like Gecko; compatible; bingbot/2.0; +http://www.bing.com/bingbot.htm) Chrome/116.0.1938.76 Safari/537.36"
207.46.13.124 - - [10/May/2025:08:08:59 +0300] "GET /homunculus225/2mocqg8a.html HTTP/2" 403 787 "-" "Mozilla/5.0 AppleWebKit/537.36 (KHTML, like Gecko; compatible; bingbot/2.0; +http://www.bing.com/bingbot.htm) Chrome/116.0.1938.76 Safari/537.36"
52.167.144.169 - - [10/May/2025:08:10:05 +0300] "GET /chip850/5r28xexi.html HTTP/2" 403 787 "-" "Mozilla/5.0 AppleWebKit/537.36 (KHTML, like Gecko; compatible; bingbot/2.0; +http://www.bing.com/bingbot.htm) Chrome/116.0.1938.76 Safari/537.36"
207.46.13.116 - - [10/May/2025:08:11:31 +0300] "GET /malison159/xtefbxu9.html HTTP/2" 403 787 "-" "Mozilla/5.0 AppleWebKit/537.36 (KHTML, like Gecko; compatible; bingbot/2.0; +http://www.bing.com/bingbot.htm) Chrome/116.0.1938.76 Safari/537.36"
207.46.13.116 - - [10/May/2025:08:11:32 +0300] "GET /caret9qe/d56ppbfk.html HTTP/2" 403 787 "-" "Mozilla/5.0 AppleWebKit/537.36 (KHTML, like Gecko; compatible; bingbot/2.0; +http://www.bing.com/bingbot.htm) Chrome/116.0.1938.76 Safari/537.36"
69.162.124.227 - - [10/May/2025:08:11:40 +0300] "HEAD / HTTP/1.1" 403 0 "https://www.gluk.ac.ke" "Mozilla/5.0+(compatible; UptimeRobot/2.0; http://www.uptimerobot.com/)"
216.144.248.22 - - [10/May/2025:08:11:55 +0300] "HEAD / HTTP/1.1" 200 0 "https://www.gluk.ac.ke" "Mozilla/5.0+(compatible; UptimeRobot/2.0; http://www.uptimerobot.com/)"
207.46.13.116 - - [10/May/2025:08:12:00 +0300] "GET /might8yp/5jwq301i.html HTTP/2" 403 787 "-" "Mozilla/5.0 AppleWebKit/537.36 (KHTML, like Gecko; compatible; bingbot/2.0; +http://www.bing.com/bingbot.htm) Chrome/116.0.1938.76 Safari/537.36"
207.46.13.116 - - [10/May/2025:08:12:01 +0300] "GET /fondness8728/mjtau5bj.html HTTP/2" 403 787 "-" "Mozilla/5.0 AppleWebKit/537.36 (KHTML, like Gecko; compatible; bingbot/2.0; +http://www.bing.com/bingbot.htm) Chrome/116.0.1938.76 Safari/537.36"
52.167.144.156 - - [10/May/2025:08:12:24 +0300] "GET /wp-content/plugins/essential-blocks/views/insta-partials/caption.php HTTP/2" 403 787 "-" "Mozilla/5.0 AppleWebKit/537.36 (KHTML, like Gecko; compatible; bingbot/2.0; +http://www.bing.com/bingbot.htm) Chrome/116.0.1938.76 Safari/537.36"
207.46.13.124 - - [10/May/2025:08:12:29 +0300] "GET /phrenomagnetism9339/ddnsdvpk.html HTTP/2" 403 787 "-" "Mozilla/5.0 AppleWebKit/537.36 (KHTML, like Gecko; compatible; bingbot/2.0; +http://www.bing.com/bingbot.htm) Chrome/116.0.1938.76 Safari/537.36"
154.159.238.144 - - [10/May/2025:08:12:46 +0300] "GET /apply-online/ HTTP/2" 404 796 "-" "Mozilla/5.0 (Linux; U; Android 13; Infinix X6528 Build/TP1A.220624.014; wv) AppleWebKit/537.36 (KHTML, like Gecko) Version/4.0 Chrome/135.0.7049.111 Mobile Safari/537.36 OPR/90.0.2254.76931"
154.159.238.144 - - [10/May/2025:08:12:47 +0300] "GET /favicon.ico HTTP/2" 404 796 "https://gluk.ac.ke/apply-online/" "Mozilla/5.0 (Linux; U; Android 13; Infinix X6528 Build/TP1A.220624.014; wv) AppleWebKit/537.36 (KHTML, like Gecko) Version/4.0 Chrome/135.0.7049.111 Mobile Safari/537.36 OPR/90.0.2254.76931"
52.167.144.156 - - [10/May/2025:08:12:53 +0300] "GET /emptybellied782/5f72ameh.html HTTP/2" 403 787 "-" "Mozilla/5.0 AppleWebKit/537.36 (KHTML, like Gecko; compatible; bingbot/2.0; +http://www.bing.com/bingbot.htm) Chrome/116.0.1938.76 Safari/537.36"
40.77.167.151 - - [10/May/2025:08:13:05 +0300] "GET /eupnaea9b/ely3ckml.html HTTP/2" 404 796 "-" "Mozilla/5.0 AppleWebKit/537.36 (KHTML, like Gecko; compatible; bingbot/2.0; +http://www.bing.com/bingbot.htm) Chrome/116.0.1938.76 Safari/537.36"
52.167.144.156 - - [10/May/2025:08:13:55 +0300] "GET /naughty9v/mtccn29m.html HTTP/2" 403 787 "-" "Mozilla/5.0 AppleWebKit/537.36 (KHTML, like Gecko; compatible; bingbot/2.0; +http://www.bing.com/bingbot.htm) Chrome/116.0.1938.76 Safari/537.36"
207.46.13.124 - - [10/May/2025:08:14:11 +0300] "GET /cinibar4n/m1jsveic.html HTTP/2" 403 787 "-" "Mozilla/5.0 AppleWebKit/537.36 (KHTML, like Gecko; compatible; bingbot/2.0; +http://www.bing.com/bingbot.htm) Chrome/116.0.1938.76 Safari/537.36"
54.36.148.65 - - [10/May/2025:08:14:30 +0300] "GET /modester-cynthia/ HTTP/2" 404 796 "-" "Mozilla/5.0 (compatible; AhrefsBot/7.0; +http://ahrefs.com/robot/)"
40.77.167.144 - - [10/May/2025:08:14:36 +0300] "GET /shieldbearer2759/mv7yf4ka.html HTTP/2" 404 796 "-" "Mozilla/5.0 AppleWebKit/537.36 (KHTML, like Gecko; compatible; bingbot/2.0; +http://www.bing.com/bingbot.htm) Chrome/116.0.1938.76 Safari/537.36"
40.77.167.144 - - [10/May/2025:08:14:36 +0300] "GET /devanagari9jk/mpp1c6l9.html HTTP/2" 404 796 "-" "Mozilla/5.0 AppleWebKit/537.36 (KHTML, like Gecko; compatible; bingbot/2.0; +http://www.bing.com/bingbot.htm) Chrome/116.0.1938.76 Safari/537.36"
45.86.202.76 - - [10/May/2025:08:15:14 +0300] "GET / HTTP/1.0" 403 787 "https://www.gluk.ac.ke/" "Mozilla/5.0 (Windows NT 10.0; Win64; x64) AppleWebKit/537.36 (KHTML, like Gecko) Chrome/130.0.0.0 Safari/537.36"
40.77.167.144 - - [10/May/2025:08:15:34 +0300] "GET /interrexes84/2euyenpi.html HTTP/2" 404 796 "-" "Mozilla/5.0 AppleWebKit/537.36 (KHTML, like Gecko; compatible; bingbot/2.0; +http://www.bing.com/bingbot.htm) Chrome/116.0.1938.76 Safari/537.36"
40.77.167.144 - - [10/May/2025:08:16:06 +0300] "GET /dishevele41/m15c60yb.html HTTP/2" 404 796 "-" "Mozilla/5.0 AppleWebKit/537.36 (KHTML, like Gecko; compatible; bingbot/2.0; +http://www.bing.com/bingbot.htm) Chrome/116.0.1938.76 Safari/537.36"
52.167.144.169 - - [10/May/2025:08:16:25 +0300] "GET /endoscopy8005/hoiilkzh.html HTTP/2" 403 787 "-" "Mozilla/5.0 AppleWebKit/537.36 (KHTML, like Gecko; compatible; bingbot/2.0; +http://www.bing.com/bingbot.htm) Chrome/116.0.1938.76 Safari/537.36"
207.46.13.124 - - [10/May/2025:08:16:41 +0300] "GET /wp-content/uploads/2023/04/20000101000003_IMG_6491-1024x683.jpg HTTP/2" 403 787 "-" "Mozilla/5.0 AppleWebKit/537.36 (KHTML, like Gecko; compatible; bingbot/2.0; +http://www.bing.com/bingbot.htm) Chrome/116.0.1938.76 Safari/537.36"
216.144.248.19 - - [10/May/2025:08:17:15 +0300] "HEAD / HTTP/1.1" 200 0 "https://www.gluk.ac.ke" "Mozilla/5.0+(compatible; UptimeRobot/2.0; http://www.uptimerobot.com/)"
40.77.167.144 - - [10/May/2025:08:17:46 +0300] "GET /earthball2ju/ebkeimia.html HTTP/2" 404 796 "-" "Mozilla/5.0 AppleWebKit/537.36 (KHTML, like Gecko; compatible; bingbot/2.0; +http://www.bing.com/bingbot.htm) Chrome/116.0.1938.76 Safari/537.36"
52.167.144.169 - - [10/May/2025:08:12:43 +0300] "GET /venally9348/qgv5fnqk.html HTTP/2" 403 787 "-" "Mozilla/5.0 AppleWebKit/537.36 (KHTML, like Gecko; compatible; bingbot/2.0; +http://www.bing.com/bingbot.htm) Chrome/116.0.1938.76 Safari/537.36"
52.167.144.169 - - [10/May/2025:08:13:34 +0300] "GET /outfielder9l/md9ezcjl.html HTTP/2" 403 787 "-" "Mozilla/5.0 AppleWebKit/537.36 (KHTML, like Gecko; compatible; bingbot/2.0; +http://www.bing.com/bingbot.htm) Chrome/116.0.1938.76 Safari/537.36"
52.167.144.169 - - [10/May/2025:08:13:37 +0300] "GET /anallantoidea357/md6avr7b.html HTTP/2" 403 787 "-" "Mozilla/5.0 AppleWebKit/537.36 (KHTML, like Gecko; compatible; bingbot/2.0; +http://www.bing.com/bingbot.htm) Chrome/116.0.1938.76 Safari/537.36"
40.77.167.151 - - [10/May/2025:08:13:43 +0300] "GET /perviousness9ir/5vn1nhgl.html HTTP/2" 404 796 "-" "Mozilla/5.0 AppleWebKit/537.36 (KHTML, like Gecko; compatible; bingbot/2.0; +http://www.bing.com/bingbot.htm) Chrome/116.0.1938.76 Safari/537.36"
45.86.202.67 - - [10/May/2025:08:15:14 +0300] "GET /research/ HTTP/1.0" 403 787 "https://www.gluk.ac.ke/research/" "Mozilla/5.0 (Windows NT 10.0; Win64; x64) AppleWebKit/537.36 (KHTML, like Gecko) Chrome/130.0.0.0 Safari/537.36"
45.86.202.99 - - [10/May/2025:08:15:14 +0300] "GET / HTTP/1.0" 403 787 "https://www.gluk.ac.ke/research/" "Mozilla/5.0 (Windows NT 10.0; Win64; x64) AppleWebKit/537.36 (KHTML, like Gecko) Chrome/130.0.0.0 Safari/537.36"
45.86.202.93 - - [10/May/2025:08:15:14 +0300] "GET / HTTP/1.0" 403 787 "https://www.gluk.ac.ke/" "Mozilla/5.0 (Windows NT 10.0; Win64; x64) AppleWebKit/537.36 (KHTML, like Gecko) Chrome/130.0.0.0 Safari/537.36"
54.36.149.2 - - [10/May/2025:08:15:15 +0300] "GET /wp-content/uploads/wpdm-cache/?NA HTTP/2" 200 551 "-" "Mozilla/5.0 (compatible; AhrefsBot/7.0; +http://ahrefs.com/robot/)"
69.162.124.227 - - [10/May/2025:08:17:00 +0300] "HEAD / HTTP/1.1" 403 0 "https://www.gluk.ac.ke" "Mozilla/5.0+(compatible; UptimeRobot/2.0; http://www.uptimerobot.com/)"
207.46.13.64 - - [10/May/2025:08:17:37 +0300] "GET /calcavella35/xmyh1e8b.html HTTP/2" 403 787 "-" "Mozilla/5.0 AppleWebKit/537.36 (KHTML, like Gecko; compatible; bingbot/2.0; +http://www.bing.com/bingbot.htm) Chrome/116.0.1938.76 Safari/537.36"
40.77.167.144 - - [10/May/2025:08:18:34 +0300] "GET /hoy452/q4hao07c.html HTTP/2" 404 796 "-" "Mozilla/5.0 AppleWebKit/537.36 (KHTML, like Gecko; compatible; bingbot/2.0; +http://www.bing.com/bingbot.htm) Chrome/116.0.1938.76 Safari/537.36"
52.167.144.156 - - [10/May/2025:08:20:13 +0300] "GET /wp-content/uploads/2021/09/tich-logo-2-1-166x200.jpg HTTP/2" 403 787 "-" "Mozilla/5.0 AppleWebKit/537.36 (KHTML, like Gecko; compatible; bingbot/2.0; +http://www.bing.com/bingbot.htm) Chrome/116.0.1938.76 Safari/537.36"
207.46.13.64 - - [10/May/2025:08:20:45 +0300] "GET /overburdensome845/mfy0f7pi.html HTTP/2" 403 787 "-" "Mozilla/5.0 AppleWebKit/537.36 (KHTML, like Gecko; compatible; bingbot/2.0; +http://www.bing.com/bingbot.htm) Chrome/116.0.1938.76 Safari/537.36"
207.46.13.64 - - [10/May/2025:08:20:45 +0300] "GET /deluge8z/mfyz3kyj.html HTTP/2" 403 787 "-" "Mozilla/5.0 AppleWebKit/537.36 (KHTML, like Gecko; compatible; bingbot/2.0; +http://www.bing.com/bingbot.htm) Chrome/116.0.1938.76 Safari/537.36"
40.77.167.144 - - [10/May/2025:08:20:46 +0300] "GET /alkalotic845/hg8tnfpi.html HTTP/2" 404 796 "-" "Mozilla/5.0 AppleWebKit/537.36 (KHTML, like Gecko; compatible; bingbot/2.0; +http://www.bing.com/bingbot.htm) Chrome/116.0.1938.76 Safari/537.36"
40.77.167.144 - - [10/May/2025:08:20:49 +0300] "GET /dishevele7x/mp5cgsbg.html HTTP/2" 404 796 "-" "Mozilla/5.0 AppleWebKit/537.36 (KHTML, like Gecko; compatible; bingbot/2.0; +http://www.bing.com/bingbot.htm) Chrome/116.0.1938.76 Safari/537.36"
66.249.79.192 - - [10/May/2025:08:20:55 +0300] "GET /umb/manggatoto-9/ HTTP/1.1" 404 796 "-" "Mozilla/5.0 (Linux; Android 6.0.1; Nexus 5X Build/MMB29P) AppleWebKit/537.36 (KHTML, like Gecko) Chrome/136.0.7103.59 Mobile Safari/537.36 (compatible; Googlebot/2.1; +http://www.google.com/bot.html)"
52.167.144.169 - - [10/May/2025:08:18:05 +0300] "GET /envoyship1us/xmayl3x9.html HTTP/2" 403 787 "-" "Mozilla/5.0 AppleWebKit/537.36 (KHTML, like Gecko; compatible; bingbot/2.0; +http://www.bing.com/bingbot.htm) Chrome/116.0.1938.76 Safari/537.36"
207.46.13.64 - - [10/May/2025:08:18:23 +0300] "GET /dimming7e/dm7xli1g.html HTTP/2" 403 787 "-" "Mozilla/5.0 AppleWebKit/537.36 (KHTML, like Gecko; compatible; bingbot/2.0; +http://www.bing.com/bingbot.htm) Chrome/116.0.1938.76 Safari/537.36"
40.77.167.144 - - [10/May/2025:08:18:55 +0300] "GET /coumarou21/d5qabcl9.html HTTP/2" 404 796 "-" "Mozilla/5.0 AppleWebKit/537.36 (KHTML, like Gecko; compatible; bingbot/2.0; +http://www.bing.com/bingbot.htm) Chrome/116.0.1938.76 Safari/537.36"
52.167.144.156 - - [10/May/2025:08:19:03 +0300] "GET /naughty3s/hp87p34b.html HTTP/2" 403 787 "-" "Mozilla/5.0 AppleWebKit/537.36 (KHTML, like Gecko; compatible; bingbot/2.0; +http://www.bing.com/bingbot.htm) Chrome/116.0.1938.76 Safari/537.36"
40.77.167.144 - - [10/May/2025:08:19:04 +0300] "GET /bonce6880/d2yl6nmf.html HTTP/2" 404 796 "-" "Mozilla/5.0 AppleWebKit/537.36 (KHTML, like Gecko; compatible; bingbot/2.0; +http://www.bing.com/bingbot.htm) Chrome/116.0.1938.76 Safari/537.36"
20.197.112.229 - - [10/May/2025:08:20:06 +0300] "GET /scalding42/ddc798tb.html HTTP/1.1" 404 796 "-" "Mozilla/5.0 (Windows NT 10.0; Win64; x64) AppleWebKit/537.36 (KHTML, like Gecko) Chrome/131.0.0.0 Safari/537.36 Edg/131.0.0.0"
138.246.253.24 - - [10/May/2025:08:21:12 +0300] "GET /robots.txt HTTP/1.1" 404 796 "-" "Mozilla/5.0 (Windows NT 10.0; Win64; x64) AppleWebKit/537.36 (KHTML, like Gecko) Chrome/103.0.5060.134 Safari/537.36"
52.167.144.169 - - [10/May/2025:08:21:14 +0300] "GET /sleeping1r/mpfhixw9.html HTTP/2" 403 787 "-" "Mozilla/5.0 AppleWebKit/537.36 (KHTML, like Gecko; compatible; bingbot/2.0; +http://www.bing.com/bingbot.htm) Chrome/116.0.1938.76 Safari/537.36"
52.167.144.169 - - [10/May/2025:08:21:44 +0300] "GET /basalt4la/mpcczlpb.html HTTP/2" 403 787 "-" "Mozilla/5.0 AppleWebKit/537.36 (KHTML, like Gecko; compatible; bingbot/2.0; +http://www.bing.com/bingbot.htm) Chrome/116.0.1938.76 Safari/537.36"
52.167.144.169 - - [10/May/2025:08:21:44 +0300] "GET /treature4h/mjkhfssb.html HTTP/2" 403 787 "-" "Mozilla/5.0 AppleWebKit/537.36 (KHTML, like Gecko; compatible; bingbot/2.0; +http://www.bing.com/bingbot.htm) Chrome/116.0.1938.76 Safari/537.36"
52.167.144.156 - - [10/May/2025:08:21:53 +0300] "GET /behest16/x12wjut9.html HTTP/2" 403 787 "-" "Mozilla/5.0 AppleWebKit/537.36 (KHTML, like Gecko; compatible; bingbot/2.0; +http://www.bing.com/bingbot.htm) Chrome/116.0.1938.76 Safari/537.36"
40.77.167.144 - - [10/May/2025:08:21:56 +0300] "GET /flashgun9x/qki7irvl.html HTTP/2" 404 796 "-" "Mozilla/5.0 AppleWebKit/537.36 (KHTML, like Gecko; compatible; bingbot/2.0; +http://www.bing.com/bingbot.htm) Chrome/116.0.1938.76 Safari/537.36"
40.77.167.144 - - [10/May/2025:08:22:04 +0300] "GET /bicorn4d/m1u7etec.html HTTP/2" 404 796 "-" "Mozilla/5.0 AppleWebKit/537.36 (KHTML, like Gecko; compatible; bingbot/2.0; +http://www.bing.com/bingbot.htm) Chrome/116.0.1938.76 Safari/537.36"
216.144.248.30 - - [10/May/2025:08:22:20 +0300] "HEAD / HTTP/1.1" 200 0 "https://www.gluk.ac.ke" "Mozilla/5.0+(compatible; UptimeRobot/2.0; http://www.uptimerobot.com/)"
66.249.68.129 - - [10/May/2025:08:22:45 +0300] "GET /.well-known/assetlinks.json HTTP/1.1" 404 796 "-" "Mozilla/5.0 (compatible; Googlebot/2.1; +http://www.google.com/bot.html)"
52.167.144.169 - - [10/May/2025:08:23:04 +0300] "GET /subordinated27/qwvs2hl9.html HTTP/2" 403 787 "-" "Mozilla/5.0 AppleWebKit/537.36 (KHTML, like Gecko; compatible; bingbot/2.0; +http://www.bing.com/bingbot.htm) Chrome/116.0.1938.76 Safari/537.36"
207.46.13.64 - - [10/May/2025:08:23:43 +0300] "GET /wp-content/uploads/2017/03/DSCN8924-150x150.jpg HTTP/2" 403 787 "-" "Mozilla/5.0 AppleWebKit/537.36 (KHTML, like Gecko; compatible; bingbot/2.0; +http://www.bing.com/bingbot.htm) Chrome/116.0.1938.76 Safari/537.36"
114.119.158.149 - - [10/May/2025:08:22:19 +0300] "GET /schools-and-faculties/ HTTP/1.1" 403 787 "https://www.gluk.ac.ke/?s=%D0%A1%D0%BC%D0%BE%D1%82%D1%80%D0%B5%D1%82%D1%8C%2B%D1%84%D0%B8%D0%BB%D1%8C%D0%BC%2B%D0%BE%D0%BD%D0%BB%D0%B0%D0%B9%D0%BD%2B%D0%A7%D0%B5%D0%BB%D0%BE%D0%B2%D0%B5%D0%BA-%D0%BF%D0%B0%D1%83%D0%BA%2B%D0%9D%D0%B5%D1%82%2B%D0%BF%D1%83%D1%82%D0%B8%2B%D0%B4%D0%BE%D0%BC%D0%BE%D0%B9%2B%D1%81%D0%BC%D0%BE%D1%82%D1%80%D0%B5%D1%82%D1%8C%2B%D0%BE%D0%BD%D0%BB%D0%B0%D0%B9%D0%BD%2B%D0%A7%D0%B5%D0%BB%D0%BE%D0%B2%D0%B5%D0%BA-%D0%BF%D0%B0%D1%83%D0%BA%2B%D0%9D%D0%B5%D1%82%2B%D0%BF%D1%83%D1%82%D0%B8%2B%D0%B4%D0%BE%D0%BC%D0%BE%D0%B9%2B%D1%81%D0%BC%D0%BE%D1%82%D1%80%D0%B5%D1%82%D1%8C%2B%D0%BE%D0%BD%D0%BB%D0%B0%D0%B9%D0%BD%2B%D0%A7%D0%B5%D0%BB%D0%BE%D0%B2%D0%B5%D0%BA-%D0%BF%D0%B0%D1%83%D0%BA%2B%D0%9D%D0%B5%D1%82%2B%D0%BF%D1%83%D1%82%D0%B8%2B%D0%B4%D0%BE%D0%BC%D0%BE%D0%B9%2B%D1%81%D0%BC%D0%BE%D1%82%D1%80%D0%B5%D1%82%D1%8C%2B%D0%BE%D0%BD%D0%BB%D0%B0%D0%B9%D0%BD%2Bfm2022.ru" "Mozilla/5.0 (Linux; Android 7.0;) AppleWebKit/537.36 (KHTML, like Gecko) Mobile Safari/537.36 (compatible; PetalBot;+https://webmaster.petalsearch.com/site/petalbot)"
98.64.96.176 - - [10/May/2025:08:23:10 +0300] "GET /headily89/d5aezgvj.html HTTP/1.1" 404 796 "-" "Mozilla/5.0 (Windows NT 10.0; Win64; x64) AppleWebKit/537.36 (KHTML, like Gecko) Chrome/131.0.0.0 Safari/537.36 Edg/131.0.0.0"
98.64.96.190 - - [10/May/2025:08:23:45 +0300] "GET /sitting588/hpgg040e.html HTTP/1.1" 404 796 "-" "Mozilla/5.0 (Windows NT 10.0; Win64; x64) AppleWebKit/537.36 (KHTML, like Gecko) Chrome/131.0.0.0 Safari/537.36 Edg/131.0.0.0"
52.167.144.169 - - [10/May/2025:08:24:55 +0300] "GET /dipteran49/dmxb0goc.html HTTP/2" 403 787 "-" "Mozilla/5.0 AppleWebKit/537.36 (KHTML, like Gecko; compatible; bingbot/2.0; +http://www.bing.com/bingbot.htm) Chrome/116.0.1938.76 Safari/537.36"
207.46.13.64 - - [10/May/2025:08:24:55 +0300] "GET /hodmandod6928/e3nfnopf.html HTTP/2" 403 787 "-" "Mozilla/5.0 AppleWebKit/537.36 (KHTML, like Gecko; compatible; bingbot/2.0; +http://www.bing.com/bingbot.htm) Chrome/116.0.1938.76 Safari/537.36"
52.167.144.169 - - [10/May/2025:08:25:05 +0300] "GET /noisy9b/mtfeky8m.html HTTP/2" 403 787 "-" "Mozilla/5.0 AppleWebKit/537.36 (KHTML, like Gecko; compatible; bingbot/2.0; +http://www.bing.com/bingbot.htm) Chrome/116.0.1938.76 Safari/537.36"
207.46.13.64 - - [10/May/2025:08:25:15 +0300] "GET /steenbok51/qcbme11d.html HTTP/2" 403 787 "-" "Mozilla/5.0 AppleWebKit/537.36 (KHTML, like Gecko; compatible; bingbot/2.0; +http://www.bing.com/bingbot.htm) Chrome/116.0.1938.76 Safari/537.36"
207.46.13.64 - - [10/May/2025:08:25:16 +0300] "GET /zounds5wm/h5d2p9nd.html HTTP/2" 403 787 "-" "Mozilla/5.0 AppleWebKit/537.36 (KHTML, like Gecko; compatible; bingbot/2.0; +http://www.bing.com/bingbot.htm) Chrome/116.0.1938.76 Safari/537.36"
213.180.203.108 - - [10/May/2025:08:26:26 +0300] "GET /robots.txt HTTP/1.1" 404 796 "-" "Mozilla/5.0 (compatible; YandexBot/3.0; +http://yandex.com/bots)"
213.180.203.166 - - [10/May/2025:08:26:26 +0300] "GET /publications-in-peer-review-journals/ HTTP/1.1" 404 796 "-" "Mozilla/5.0 (compatible; YandexBot/3.0; +http://yandex.com/bots)"
52.167.144.163 - - [10/May/2025:08:26:54 +0300] "GET /experrection180/dhm9420a.html HTTP/2" 403 787 "-" "Mozilla/5.0 AppleWebKit/537.36 (KHTML, like Gecko; compatible; bingbot/2.0; +http://www.bing.com/bingbot.htm) Chrome/116.0.1938.76 Safari/537.36"
66.249.79.193 - - [10/May/2025:08:26:59 +0300] "GET /.well-known/assetlinks.json HTTP/1.1" 404 796 "-" "Mozilla/5.0 (compatible; Googlebot/2.1; +http://www.google.com/bot.html)"
52.167.144.16 - - [10/May/2025:08:27:14 +0300] "GET /selfreprovingly18/dm7rkal9.html HTTP/2" 403 787 "-" "Mozilla/5.0 AppleWebKit/537.36 (KHTML, like Gecko; compatible; bingbot/2.0; +http://www.bing.com/bingbot.htm) Chrome/116.0.1938.76 Safari/537.36"
106.127.142.45 - - [10/May/2025:08:27:34 +0300] "POST /wp-comments-post.php HTTP/1.1" 404 796 "-" "Mozilla/5.0 (Windows NT 10.0; Win64; x64) AppleWebKit/537.36 (KHTML, like Gecko) Chrome/108.0.0.0 Safari/537.36 Edg/108.0.1462.46"
52.167.144.169 - - [10/May/2025:08:24:25 +0300] "GET /hoy5s/dqkugxqd.html HTTP/2" 403 787 "-" "Mozilla/5.0 AppleWebKit/537.36 (KHTML, like Gecko; compatible; bingbot/2.0; +http://www.bing.com/bingbot.htm) Chrome/116.0.1938.76 Safari/537.36"
52.167.144.163 - - [10/May/2025:08:25:03 +0300] "GET /marchward6a/d2kqvare.html HTTP/2" 403 787 "-" "Mozilla/5.0 AppleWebKit/537.36 (KHTML, like Gecko; compatible; bingbot/2.0; +http://www.bing.com/bingbot.htm) Chrome/116.0.1938.76 Safari/537.36"
52.167.144.163 - - [10/May/2025:08:25:54 +0300] "GET /unvisibly27/xxq4b1ka.html HTTP/2" 403 787 "-" "Mozilla/5.0 AppleWebKit/537.36 (KHTML, like Gecko; compatible; bingbot/2.0; +http://www.bing.com/bingbot.htm) Chrome/116.0.1938.76 Safari/537.36"
154.159.238.122 - - [10/May/2025:08:26:08 +0300] "GET / HTTP/2" 200 1367 "-" "Mozilla/5.0 (Linux; Android 8.1.0; DUA-L22) AppleWebKit/537.36 (KHTML, like Gecko) Chrome/70.0.3538.110 Mobile Safari/537.36"
154.159.238.122 - - [10/May/2025:08:26:08 +0300] "GET /_autoindex/assets/css/autoindex.css HTTP/2" 200 1170 "https://www.gluk.ac.ke/" "Mozilla/5.0 (Linux; Android 8.1.0; DUA-L22) AppleWebKit/537.36 (KHTML, like Gecko) Chrome/70.0.3538.110 Mobile Safari/537.36"
154.159.238.122 - - [10/May/2025:08:26:08 +0300] "GET /_autoindex/assets/js/tablesort.js HTTP/2" 200 2137 "https://www.gluk.ac.ke/" "Mozilla/5.0 (Linux; Android 8.1.0; DUA-L22) AppleWebKit/537.36 (KHTML, like Gecko) Chrome/70.0.3538.110 Mobile Safari/537.36"
154.159.238.122 - - [10/May/2025:08:26:08 +0300] "GET /_autoindex/assets/js/tablesort.number.js HTTP/2" 200 322 "https://www.gluk.ac.ke/" "Mozilla/5.0 (Linux; Android 8.1.0; DUA-L22) AppleWebKit/537.36 (KHTML, like Gecko) Chrome/70.0.3538.110 Mobile Safari/537.36"
154.159.238.122 - - [10/May/2025:08:26:08 +0300] "GET /_autoindex/assets/icons/folder-fill.svg HTTP/2" 200 333 "https://www.gluk.ac.ke/" "Mozilla/5.0 (Linux; Android 8.1.0; DUA-L22) AppleWebKit/537.36 (KHTML, like Gecko) Chrome/70.0.3538.110 Mobile Safari/537.36"
154.159.238.122 - - [10/May/2025:08:26:08 +0300] "GET /_autoindex/assets/icons/file.svg HTTP/2" 200 354 "https://www.gluk.ac.ke/" "Mozilla/5.0 (Linux; Android 8.1.0; DUA-L22) AppleWebKit/537.36 (KHTML, like Gecko) Chrome/70.0.3538.110 Mobile Safari/537.36"
154.159.238.122 - - [10/May/2025:08:26:08 +0300] "GET /_autoindex/assets/icons/image.svg HTTP/2" 200 388 "https://www.gluk.ac.ke/" "Mozilla/5.0 (Linux; Android 8.1.0; DUA-L22) AppleWebKit/537.36 (KHTML, like Gecko) Chrome/70.0.3538.110 Mobile Safari/537.36"
154.159.238.122 - - [10/May/2025:08:26:08 +0300] "GET /_autoindex/assets/icons/file-text.svg HTTP/2" 200 394 "https://www.gluk.ac.ke/" "Mozilla/5.0 (Linux; Android 8.1.0; DUA-L22) AppleWebKit/537.36 (KHTML, like Gecko) Chrome/70.0.3538.110 Mobile Safari/537.36"
154.159.238.122 - - [10/May/2025:08:26:09 +0300] "GET /favicon.ico HTTP/2" 404 796 "https://www.gluk.ac.ke/" "Mozilla/5.0 (Linux; Android 8.1.0; DUA-L22) AppleWebKit/537.36 (KHTML, like Gecko) Chrome/70.0.3538.110 Mobile Safari/537.36"
154.159.238.122 - - [10/May/2025:08:26:14 +0300] "GET /gluk.ac.ke/ HTTP/2" 200 605 "https://www.gluk.ac.ke/" "Mozilla/5.0 (Linux; Android 8.1.0; DUA-L22) AppleWebKit/537.36 (KHTML, like Gecko) Chrome/70.0.3538.110 Mobile Safari/537.36"
154.159.238.122 - - [10/May/2025:08:26:14 +0300] "GET /_autoindex/assets/icons/corner-left-up.svg HTTP/2" 200 328 "https://www.gluk.ac.ke/gluk.ac.ke/" "Mozilla/5.0 (Linux; Android 8.1.0; DUA-L22) AppleWebKit/537.36 (KHTML, like Gecko) Chrome/70.0.3538.110 Mobile Safari/537.36"
51.81.46.212 - - [10/May/2025:08:26:24 +0300] "GET / HTTP/1.1" 200 4902 "-" "-"
154.159.238.122 - - [10/May/2025:08:26:31 +0300] "GET /wp-admin/ HTTP/2" 500 0 "https://www.gluk.ac.ke/" "Mozilla/5.0 (Linux; Android 8.1.0; DUA-L22) AppleWebKit/537.36 (KHTML, like Gecko) Chrome/70.0.3538.110 Mobile Safari/537.36"
69.162.124.238 - - [10/May/2025:08:27:25 +0300] "HEAD / HTTP/1.1" 403 0 "https://www.gluk.ac.ke" "Mozilla/5.0+(compatible; UptimeRobot/2.0; http://www.uptimerobot.com/)"
52.167.144.16 - - [10/May/2025:08:27:44 +0300] "GET /hoppestere34/mtesrn3b.html HTTP/2" 403 787 "-" "Mozilla/5.0 AppleWebKit/537.36 (KHTML, like Gecko; compatible; bingbot/2.0; +http://www.bing.com/bingbot.htm) Chrome/116.0.1938.76 Safari/537.36"
52.167.144.229 - - [10/May/2025:08:27:48 +0300] "GET /rectification2698/q4t6zgl9.html HTTP/2" 403 787 "-" "Mozilla/5.0 AppleWebKit/537.36 (KHTML, like Gecko; compatible; bingbot/2.0; +http://www.bing.com/bingbot.htm) Chrome/116.0.1938.76 Safari/537.36"
207.46.13.64 - - [10/May/2025:08:27:56 +0300] "GET /scuffle8f/m72jb23j.html HTTP/2" 403 787 "-" "Mozilla/5.0 AppleWebKit/537.36 (KHTML, like Gecko; compatible; bingbot/2.0; +http://www.bing.com/bingbot.htm) Chrome/116.0.1938.76 Safari/537.36"
52.167.144.229 - - [10/May/2025:08:28:45 +0300] "GET /constellation6t/qyffxqbf.html HTTP/2" 403 787 "-" "Mozilla/5.0 AppleWebKit/537.36 (KHTML, like Gecko; compatible; bingbot/2.0; +http://www.bing.com/bingbot.htm) Chrome/116.0.1938.76 Safari/537.36"
207.46.13.116 - - [10/May/2025:08:28:56 +0300] "GET /georgiana21/2azher5a.html HTTP/2" 403 787 "-" "Mozilla/5.0 AppleWebKit/537.36 (KHTML, like Gecko; compatible; bingbot/2.0; +http://www.bing.com/bingbot.htm) Chrome/116.0.1938.76 Safari/537.36"
207.46.13.116 - - [10/May/2025:08:28:58 +0300] "GET /tenable38/x5peapib.html HTTP/2" 403 787 "-" "Mozilla/5.0 AppleWebKit/537.36 (KHTML, like Gecko; compatible; bingbot/2.0; +http://www.bing.com/bingbot.htm) Chrome/116.0.1938.76 Safari/537.36"
207.46.13.126 - - [10/May/2025:08:29:58 +0300] "GET /juvenile5134/d5a8e9sc.html HTTP/2" 403 787 "-" "Mozilla/5.0 AppleWebKit/537.36 (KHTML, like Gecko; compatible; bingbot/2.0; +http://www.bing.com/bingbot.htm) Chrome/116.0.1938.76 Safari/537.36"
52.167.144.229 - - [10/May/2025:08:30:15 +0300] "GET /chip68/hd5gowkf.html HTTP/2" 403 787 "-" "Mozilla/5.0 AppleWebKit/537.36 (KHTML, like Gecko; compatible; bingbot/2.0; +http://www.bing.com/bingbot.htm) Chrome/116.0.1938.76 Safari/537.36"
52.167.144.16 - - [10/May/2025:08:30:37 +0300] "GET /horsewood89/mpmlaexj.html HTTP/2" 403 787 "-" "Mozilla/5.0 AppleWebKit/537.36 (KHTML, like Gecko; compatible; bingbot/2.0; +http://www.bing.com/bingbot.htm) Chrome/116.0.1938.76 Safari/537.36"
52.167.144.229 - - [10/May/2025:08:31:15 +0300] "GET /dodecatemory916/d2y7l5bk.html HTTP/2" 403 787 "-" "Mozilla/5.0 AppleWebKit/537.36 (KHTML, like Gecko; compatible; bingbot/2.0; +http://www.bing.com/bingbot.htm) Chrome/116.0.1938.76 Safari/537.36"
52.167.144.229 - - [10/May/2025:08:31:16 +0300] "GET /aeolotropy13/2k89kwx9.html HTTP/2" 403 787 "-" "Mozilla/5.0 AppleWebKit/537.36 (KHTML, like Gecko; compatible; bingbot/2.0; +http://www.bing.com/bingbot.htm) Chrome/116.0.1938.76 Safari/537.36"
3.23.59.187 - - [10/May/2025:08:31:28 +0300] "GET /robots.txt HTTP/2" 404 796 "-" "Mozilla/5.0 AppleWebKit/537.36 (KHTML, like Gecko; compatible; ClaudeBot/1.0; +claudebot@anthropic.com)"
3.23.59.187 - - [10/May/2025:08:31:28 +0300] "GET /?p=2593 HTTP/2" 200 1367 "-" "Mozilla/5.0 AppleWebKit/537.36 (KHTML, like Gecko; compatible; ClaudeBot/1.0; +claudebot@anthropic.com)"
52.167.144.229 - - [10/May/2025:08:31:35 +0300] "GET /exspoliation2d/2q0d1jl9.html HTTP/2" 403 787 "-" "Mozilla/5.0 AppleWebKit/537.36 (KHTML, like Gecko; compatible; bingbot/2.0; +http://www.bing.com/bingbot.htm) Chrome/116.0.1938.76 Safari/537.36"
54.36.148.4 - - [10/May/2025:08:33:46 +0300] "GET /haron-mike-simiyu/ HTTP/2" 404 796 "-" "Mozilla/5.0 (compatible; AhrefsBot/7.0; +http://ahrefs.com/robot/)"
207.46.13.116 - - [10/May/2025:08:34:48 +0300] "GET /united5x/2siux3od.html HTTP/2" 403 787 "-" "Mozilla/5.0 AppleWebKit/537.36 (KHTML, like Gecko; compatible; bingbot/2.0; +http://www.bing.com/bingbot.htm) Chrome/116.0.1938.76 Safari/537.36"
98.64.96.176 - - [10/May/2025:08:34:58 +0300] "GET /maturely5c/de747j8d.html HTTP/1.1" 404 796 "-" "Mozilla/5.0 (Windows NT 10.0; Win64; x64) AppleWebKit/537.36 (KHTML, like Gecko) Chrome/131.0.0.0 Safari/537.36 Edg/131.0.0.0"
216.144.248.24 - - [10/May/2025:08:27:53 +0300] "HEAD / HTTP/1.1" 200 0 "https://www.gluk.ac.ke" "Mozilla/5.0+(compatible; UptimeRobot/2.0; http://www.uptimerobot.com/)"
52.167.144.163 - - [10/May/2025:08:28:24 +0300] "GET /intramarginal918/epwmpeck.html HTTP/2" 403 787 "-" "Mozilla/5.0 AppleWebKit/537.36 (KHTML, like Gecko; compatible; bingbot/2.0; +http://www.bing.com/bingbot.htm) Chrome/116.0.1938.76 Safari/537.36"
207.46.13.64 - - [10/May/2025:08:28:29 +0300] "GET /download/gender-and-sexual-harassment-policy/ HTTP/2" 403 787 "-" "Mozilla/5.0 AppleWebKit/537.36 (KHTML, like Gecko; compatible; bingbot/2.0; +http://www.bing.com/bingbot.htm) Chrome/116.0.1938.76 Safari/537.36"
52.167.144.229 - - [10/May/2025:08:29:25 +0300] "GET /persifleur3p/2wa3n9cb.html HTTP/2" 403 787 "-" "Mozilla/5.0 AppleWebKit/537.36 (KHTML, like Gecko; compatible; bingbot/2.0; +http://www.bing.com/bingbot.htm) Chrome/116.0.1938.76 Safari/537.36"
52.167.144.229 - - [10/May/2025:08:29:35 +0300] "GET /ridges41/xx666qxb.html HTTP/2" 403 787 "-" "Mozilla/5.0 AppleWebKit/537.36 (KHTML, like Gecko; compatible; bingbot/2.0; +http://www.bing.com/bingbot.htm) Chrome/116.0.1938.76 Safari/537.36"
52.167.144.229 - - [10/May/2025:08:29:35 +0300] "GET /disglorify7x/26ky9xgh.html HTTP/2" 403 787 "-" "Mozilla/5.0 AppleWebKit/537.36 (KHTML, like Gecko; compatible; bingbot/2.0; +http://www.bing.com/bingbot.htm) Chrome/116.0.1938.76 Safari/537.36"
52.167.144.186 - - [10/May/2025:08:30:34 +0300] "GET /wp-content/uploads/2023/08/20000101000000_IMG_8058.jpg HTTP/2" 403 787 "-" "Mozilla/5.0 AppleWebKit/537.36 (KHTML, like Gecko; compatible; bingbot/2.0; +http://www.bing.com/bingbot.htm) Chrome/116.0.1938.76 Safari/537.36"
207.46.13.126 - - [10/May/2025:08:31:08 +0300] "GET /tripudiary936/2aef76yk.html HTTP/2" 403 787 "-" "Mozilla/5.0 AppleWebKit/537.36 (KHTML, like Gecko; compatible; bingbot/2.0; +http://www.bing.com/bingbot.htm) Chrome/116.0.1938.76 Safari/537.36"
207.46.13.116 - - [10/May/2025:08:31:37 +0300] "GET /peruvianum79/2w8a0aph.html HTTP/2" 403 787 "-" "Mozilla/5.0 AppleWebKit/537.36 (KHTML, like Gecko; compatible; bingbot/2.0; +http://www.bing.com/bingbot.htm) Chrome/116.0.1938.76 Safari/537.36"
207.46.13.126 - - [10/May/2025:08:32:39 +0300] "GET /boxhauled1948/5oj0uk2a.html HTTP/2" 403 787 "-" "Mozilla/5.0 AppleWebKit/537.36 (KHTML, like Gecko; compatible; bingbot/2.0; +http://www.bing.com/bingbot.htm) Chrome/116.0.1938.76 Safari/537.36"
216.144.248.18 - - [10/May/2025:08:32:58 +0300] "HEAD / HTTP/1.1" 200 0 "https://www.gluk.ac.ke" "Mozilla/5.0+(compatible; UptimeRobot/2.0; http://www.uptimerobot.com/)"
207.46.13.126 - - [10/May/2025:08:32:59 +0300] "GET /mugful622/2ebxluie.html HTTP/2" 403 787 "-" "Mozilla/5.0 AppleWebKit/537.36 (KHTML, like Gecko; compatible; bingbot/2.0; +http://www.bing.com/bingbot.htm) Chrome/116.0.1938.76 Safari/537.36"
52.167.144.16 - - [10/May/2025:08:33:08 +0300] "GET /trivialism21/e58hdr5a.html HTTP/2" 403 787 "-" "Mozilla/5.0 AppleWebKit/537.36 (KHTML, like Gecko; compatible; bingbot/2.0; +http://www.bing.com/bingbot.htm) Chrome/116.0.1938.76 Safari/537.36"
52.167.144.238 - - [10/May/2025:08:33:57 +0300] "GET /screenings848/dh6kz8yi.html HTTP/2" 403 787 "-" "Mozilla/5.0 AppleWebKit/537.36 (KHTML, like Gecko; compatible; bingbot/2.0; +http://www.bing.com/bingbot.htm) Chrome/116.0.1938.76 Safari/537.36"
207.46.13.126 - - [10/May/2025:08:34:19 +0300] "GET /robes9r/etgryh8l.html HTTP/2" 403 787 "-" "Mozilla/5.0 AppleWebKit/537.36 (KHTML, like Gecko; compatible; bingbot/2.0; +http://www.bing.com/bingbot.htm) Chrome/116.0.1938.76 Safari/537.36"
52.167.144.229 - - [10/May/2025:08:34:46 +0300] "GET /horsewood6i/hovwhqve.html HTTP/2" 403 787 "-" "Mozilla/5.0 AppleWebKit/537.36 (KHTML, like Gecko; compatible; bingbot/2.0; +http://www.bing.com/bingbot.htm) Chrome/116.0.1938.76 Safari/537.36"
52.167.144.238 - - [10/May/2025:08:34:54 +0300] "GET /backrack2959/x9clldpa.html HTTP/2" 403 787 "-" "Mozilla/5.0 AppleWebKit/537.36 (KHTML, like Gecko; compatible; bingbot/2.0; +http://www.bing.com/bingbot.htm) Chrome/116.0.1938.76 Safari/537.36"
52.167.144.238 - - [10/May/2025:08:35:34 +0300] "GET /wp-content/uploads/2022/04/e2022-360x166.jpg HTTP/2" 403 787 "-" "Mozilla/5.0 AppleWebKit/537.36 (KHTML, like Gecko; compatible; bingbot/2.0; +http://www.bing.com/bingbot.htm) Chrome/116.0.1938.76 Safari/537.36"
54.36.148.34 - - [10/May/2025:08:36:25 +0300] "GET /sylivia-cheyech-kamama/ HTTP/2" 404 796 "-" "Mozilla/5.0 (compatible; AhrefsBot/7.0; +http://ahrefs.com/robot/)"
20.26.44.170 - - [10/May/2025:08:36:46 +0300] "GET /uncessant532/evi1f87d.html HTTP/1.1" 404 796 "-" "Mozilla/5.0 (Windows NT 10.0; Win64; x64) AppleWebKit/537.36 (KHTML, like Gecko) Chrome/131.0.0.0 Safari/537.36 Edg/131.0.0.0"
40.77.167.23 - - [10/May/2025:08:37:17 +0300] "GET /chip6u/dh7av9qe.html HTTP/2" 404 796 "-" "Mozilla/5.0 AppleWebKit/537.36 (KHTML, like Gecko; compatible; bingbot/2.0; +http://www.bing.com/bingbot.htm) Chrome/116.0.1938.76 Safari/537.36"
40.77.167.23 - - [10/May/2025:08:38:27 +0300] "GET /macroclemys9l/2gwkfgfl.html HTTP/2" 404 796 "-" "Mozilla/5.0 AppleWebKit/537.36 (KHTML, like Gecko; compatible; bingbot/2.0; +http://www.bing.com/bingbot.htm) Chrome/116.0.1938.76 Safari/537.36"
114.119.135.126 - - [10/May/2025:08:38:44 +0300] "GET /wp-includes/rest-api/fields/?C=D%3BO%3DA HTTP/1.1" 403 787 "https://www.gluk.ac.ke/wp-includes/rest-api/fields/" "Mozilla/5.0 (Linux; Android 7.0;) AppleWebKit/537.36 (KHTML, like Gecko) Mobile Safari/537.36 (compatible; PetalBot;+https://webmaster.petalsearch.com/site/petalbot)"
52.167.144.220 - - [10/May/2025:08:38:57 +0300] "GET /cloddish9mi/dmn8uw5m.html HTTP/2" 404 796 "-" "Mozilla/5.0 AppleWebKit/537.36 (KHTML, like Gecko; compatible; bingbot/2.0; +http://www.bing.com/bingbot.htm) Chrome/116.0.1938.76 Safari/537.36"
52.167.144.220 - - [10/May/2025:08:38:58 +0300] "GET /zounds1i/dhmcz6l9.html HTTP/2" 404 796 "-" "Mozilla/5.0 AppleWebKit/537.36 (KHTML, like Gecko; compatible; bingbot/2.0; +http://www.bing.com/bingbot.htm) Chrome/116.0.1938.76 Safari/537.36"
66.249.79.192 - - [10/May/2025:08:38:58 +0300] "GET /phd-in-community-health-and-development/ HTTP/1.1" 404 796 "-" "Mozilla/5.0 (Linux; Android 6.0.1; Nexus 5X Build/MMB29P) AppleWebKit/537.36 (KHTML, like Gecko) Chrome/136.0.7103.59 Mobile Safari/537.36 (compatible; Googlebot/2.1; +http://www.google.com/bot.html)"
207.46.13.116 - - [10/May/2025:08:39:30 +0300] "GET /neuter5354/mtef1v8d.html HTTP/2" 404 796 "-" "Mozilla/5.0 AppleWebKit/537.36 (KHTML, like Gecko; compatible; bingbot/2.0; +http://www.bing.com/bingbot.htm) Chrome/116.0.1938.76 Safari/537.36"
157.55.39.53 - - [10/May/2025:08:39:41 +0300] "GET /juvenile4350/h9qsj30c.html HTTP/2" 404 796 "-" "Mozilla/5.0 AppleWebKit/537.36 (KHTML, like Gecko; compatible; bingbot/2.0; +http://www.bing.com/bingbot.htm) Chrome/116.0.1938.76 Safari/537.36"
207.46.13.64 - - [10/May/2025:08:39:50 +0300] "GET /tinker2d/enxx3bia.html HTTP/2" 404 796 "-" "Mozilla/5.0 AppleWebKit/537.36 (KHTML, like Gecko; compatible; bingbot/2.0; +http://www.bing.com/bingbot.htm) Chrome/116.0.1938.76 Safari/537.36"
157.55.39.53 - - [10/May/2025:08:39:51 +0300] "GET /dimming6xj/m794nife.html HTTP/2" 404 796 "-" "Mozilla/5.0 AppleWebKit/537.36 (KHTML, like Gecko; compatible; bingbot/2.0; +http://www.bing.com/bingbot.htm) Chrome/116.0.1938.76 Safari/537.36"
52.167.144.220 - - [10/May/2025:08:39:55 +0300] "GET /cryptographal52/5gfv7f5d.html HTTP/2" 404 796 "-" "Mozilla/5.0 AppleWebKit/537.36 (KHTML, like Gecko; compatible; bingbot/2.0; +http://www.bing.com/bingbot.htm) Chrome/116.0.1938.76 Safari/537.36"
52.167.144.238 - - [10/May/2025:08:40:24 +0300] "GET /teapoy708/q8eliirf.html HTTP/2" 404 796 "-" "Mozilla/5.0 AppleWebKit/537.36 (KHTML, like Gecko; compatible; bingbot/2.0; +http://www.bing.com/bingbot.htm) Chrome/116.0.1938.76 Safari/537.36"
52.167.144.238 - - [10/May/2025:08:40:55 +0300] "GET /spliced993/epuernp9.html HTTP/2" 404 796 "-" "Mozilla/5.0 AppleWebKit/537.36 (KHTML, like Gecko; compatible; bingbot/2.0; +http://www.bing.com/bingbot.htm) Chrome/116.0.1938.76 Safari/537.36"
157.55.39.53 - - [10/May/2025:08:41:01 +0300] "GET /macroclemys65/xpf949re.html HTTP/2" 404 796 "-" "Mozilla/5.0 AppleWebKit/537.36 (KHTML, like Gecko; compatible; bingbot/2.0; +http://www.bing.com/bingbot.htm) Chrome/116.0.1938.76 Safari/537.36"
157.55.39.53 - - [10/May/2025:08:41:02 +0300] "GET /trumpeted589/mf578v0e.html HTTP/2" 404 796 "-" "Mozilla/5.0 AppleWebKit/537.36 (KHTML, like Gecko; compatible; bingbot/2.0; +http://www.bing.com/bingbot.htm) Chrome/116.0.1938.76 Safari/537.36"
157.55.39.53 - - [10/May/2025:08:41:06 +0300] "GET /tinker27/q2dkqika.html HTTP/2" 404 796 "-" "Mozilla/5.0 AppleWebKit/537.36 (KHTML, like Gecko; compatible; bingbot/2.0; +http://www.bing.com/bingbot.htm) Chrome/116.0.1938.76 Safari/537.36"
52.167.144.220 - - [10/May/2025:08:36:26 +0300] "GET /intense842/m70fu3ni.html HTTP/2" 403 787 "-" "Mozilla/5.0 AppleWebKit/537.36 (KHTML, like Gecko; compatible; bingbot/2.0; +http://www.bing.com/bingbot.htm) Chrome/116.0.1938.76 Safari/537.36"
216.144.248.29 - - [10/May/2025:08:38:03 +0300] "HEAD / HTTP/1.1" 200 0 "https://www.gluk.ac.ke" "Mozilla/5.0+(compatible; UptimeRobot/2.0; http://www.uptimerobot.com/)"
52.167.144.220 - - [10/May/2025:08:39:15 +0300] "GET /stian7443/d59wmong.html HTTP/2" 404 796 "-" "Mozilla/5.0 AppleWebKit/537.36 (KHTML, like Gecko; compatible; bingbot/2.0; +http://www.bing.com/bingbot.htm) Chrome/116.0.1938.76 Safari/537.36"
213.180.203.45 - - [10/May/2025:08:39:40 +0300] "GET /mary-baraza/ HTTP/1.1" 404 796 "-" "Mozilla/5.0 (compatible; YandexBot/3.0; +http://yandex.com/bots)"
40.77.167.23 - - [10/May/2025:08:39:56 +0300] "GET /dermatopathic34/hxhjbx4b.html HTTP/2" 404 796 "-" "Mozilla/5.0 AppleWebKit/537.36 (KHTML, like Gecko; compatible; bingbot/2.0; +http://www.bing.com/bingbot.htm) Chrome/116.0.1938.76 Safari/537.36"
40.77.167.23 - - [10/May/2025:08:39:56 +0300] "GET /tiver3054/qazt30ya.html HTTP/2" 404 796 "-" "Mozilla/5.0 AppleWebKit/537.36 (KHTML, like Gecko; compatible; bingbot/2.0; +http://www.bing.com/bingbot.htm) Chrome/116.0.1938.76 Safari/537.36"
114.119.154.135 - - [10/May/2025:08:40:21 +0300] "GET /shattering13/dexpk8x9.html HTTP/1.1" 404 796 "-" "Mozilla/5.0 (Linux; Android 7.0;) AppleWebKit/537.36 (KHTML, like Gecko) Mobile Safari/537.36 (compatible; PetalBot;+https://webmaster.petalsearch.com/site/petalbot)"
52.149.22.83 - - [10/May/2025:08:41:14 +0300] "GET /derbio4d/mdgebqzb.html HTTP/1.1" 404 796 "-" "Mozilla/5.0 (Windows NT 10.0; Win64; x64) AppleWebKit/537.36 (KHTML, like Gecko) Chrome/131.0.0.0 Safari/537.36 Edg/131.0.0.0"
40.77.167.23 - - [10/May/2025:08:41:16 +0300] "GET /reposition6x/2axrowqe.html HTTP/2" 404 796 "-" "Mozilla/5.0 AppleWebKit/537.36 (KHTML, like Gecko; compatible; bingbot/2.0; +http://www.bing.com/bingbot.htm) Chrome/116.0.1938.76 Safari/537.36"
40.77.167.23 - - [10/May/2025:08:41:16 +0300] "GET /assailer57/devw5yyd.html HTTP/2" 404 796 "-" "Mozilla/5.0 AppleWebKit/537.36 (KHTML, like Gecko; compatible; bingbot/2.0; +http://www.bing.com/bingbot.htm) Chrome/116.0.1938.76 Safari/537.36"
40.77.167.23 - - [10/May/2025:08:41:17 +0300] "GET /moolley2mr/h8f7vbla.html HTTP/2" 404 796 "-" "Mozilla/5.0 AppleWebKit/537.36 (KHTML, like Gecko; compatible; bingbot/2.0; +http://www.bing.com/bingbot.htm) Chrome/116.0.1938.76 Safari/537.36"
40.77.167.23 - - [10/May/2025:08:41:17 +0300] "GET /gymnasiums11/e7e1t6l9.html HTTP/2" 404 796 "-" "Mozilla/5.0 AppleWebKit/537.36 (KHTML, like Gecko; compatible; bingbot/2.0; +http://www.bing.com/bingbot.htm) Chrome/116.0.1938.76 Safari/537.36"
52.167.144.238 - - [10/May/2025:08:41:34 +0300] "GET /peru4j/mj9ijcoc.html HTTP/2" 404 796 "-" "Mozilla/5.0 AppleWebKit/537.36 (KHTML, like Gecko; compatible; bingbot/2.0; +http://www.bing.com/bingbot.htm) Chrome/116.0.1938.76 Safari/537.36"
20.120.134.47 - - [10/May/2025:08:41:43 +0300] "GET /the-green-team/dav-5/ HTTP/1.1" 404 796 "-" "Mozilla/5.0 (Windows NT 10.0; Win64; x64) AppleWebKit/537.36 (KHTML, like Gecko) Chrome/131.0.0.0 Safari/537.36 Edg/131.0.0.0"
52.167.144.220 - - [10/May/2025:08:41:48 +0300] "GET /united9p/exs03zek.html HTTP/2" 404 796 "-" "Mozilla/5.0 AppleWebKit/537.36 (KHTML, like Gecko; compatible; bingbot/2.0; +http://www.bing.com/bingbot.htm) Chrome/116.0.1938.76 Safari/537.36"
