157.245.106.4 - - [13/Apr/2025:21:34:47 +0300] "GET / HTTP/2" 500 0 "-" "amp-wp, v2.5.5, https://newsblaze.co.ke"
66.249.66.17 - - [13/Apr/2025:21:40:20 +0300] "GET /site/?pg=%E0%B8%84%E0%B8%B2%E0%B8%96%E0%B8%B2%E0%B8%81%E0%B8%B2%E0%B8%A3%E0%B8%9E%E0%B8%99%E0%B8%B1%E0%B8%99 HTTP/1.1" 200 73424 "-" "Mozilla/5.0 (Linux; Android 6.0.1; Nexus 5X Build/MMB29P) AppleWebKit/537.36 (KHTML, like Gecko) Chrome/135.0.7049.52 Mobile Safari/537.36 (compatible; GoogleOther)"
34.73.240.141 - - [13/Apr/2025:21:37:59 +0300] "GET /?redirect=0 HTTP/2" 500 0 "-" "Mozilla/5.0 (Linux; Android 8.1.0; Moto G (4)) AppleWebKit/537.36 (KHTML, like Gecko) Chrome/135.0.0.0 Mobile Safari/537.36 PTST/250402.153735"
66.249.66.18 - - [13/Apr/2025:21:40:23 +0300] "GET /site/css/index.css HTTP/1.1" 404 796 "https://distance.gluk.ac.ke/site/?pg=%E0%B8%84%E0%B8%B2%E0%B8%96%E0%B8%B2%E0%B8%81%E0%B8%B2%E0%B8%A3%E0%B8%9E%E0%B8%99%E0%B8%B1%E0%B8%99" "Mozilla/5.0 (Linux; Android 6.0.1; Nexus 5X Build/MMB29P) AppleWebKit/537.36 (KHTML, like Gecko) Chrome/134.0.6998.165 Mobile Safari/537.36 (compatible; Googlebot/2.1; +http://www.google.com/bot.html)"
66.249.66.18 - - [13/Apr/2025:21:40:25 +0300] "GET /site/css/index.css HTTP/1.1" 404 796 "https://distance.gluk.ac.ke/site/?pg=%E0%B8%84%E0%B8%B2%E0%B8%96%E0%B8%B2%E0%B8%81%E0%B8%B2%E0%B8%A3%E0%B8%9E%E0%B8%99%E0%B8%B1%E0%B8%99" "Mozilla/5.0 (Linux; Android 6.0.1; Nexus 5X Build/MMB29P) AppleWebKit/537.36 (KHTML, like Gecko) Chrome/134.0.6998.165 Mobile Safari/537.36 (compatible; Googlebot/2.1; +http://www.google.com/bot.html)"
66.249.66.17 - - [13/Apr/2025:21:45:02 +0300] "GET /site/?pg=%E0%B8%94%E0%B8%B2%E0%B8%A7%E0%B8%99%E0%B9%8C%E0%B9%82%E0%B8%AB%E0%B8%A5%E0%B8%94%E0%B9%80%E0%B8%9E%E0%B8%A5%E0%B8%87+mp3+%E0%B8%9F%E0%B8%A3%E0%B8%B5+%E0%B8%A5%E0%B8%87+%E0%B9%82%E0%B8%97%E0%B8%A3%E0%B8%A8%E0%B8%B1%E0%B8%9E%E0%B8%97%E0%B9%8C HTTP/1.1" 200 73588 "-" "Mozilla/5.0 (Linux; Android 6.0.1; Nexus 5X Build/MMB29P) AppleWebKit/537.36 (KHTML, like Gecko) Chrome/135.0.7049.52 Mobile Safari/537.36 (compatible; GoogleOther)"
170.205.30.71 - - [13/Apr/2025:21:45:14 +0300] "POST /wp-admin HTTP/1.1" 404 796 "https://distance.gluk.ac.ke/wp-admin/" "Mozilla/5.0 (Windows NT 10.0; Win64; x64) AppleWebKit/537.36 (KHTML, like Gecko) Chrome/90.0.4430.85 Safari/537.36"
170.205.30.71 - - [13/Apr/2025:21:45:14 +0300] "POST /wp-login.php HTTP/1.1" 404 796 "https://distance.gluk.ac.ke/wp-admin/" "Mozilla/5.0 (Windows NT 10.0; Win64; x64) AppleWebKit/537.36 (KHTML, like Gecko) Chrome/90.0.4430.85 Safari/537.36"
170.205.30.71 - - [13/Apr/2025:21:45:14 +0300] "POST /admin HTTP/1.1" 301 795 "https://distance.gluk.ac.ke/wp-admin/" "Mozilla/5.0 (Windows NT 10.0; Win64; x64) AppleWebKit/537.36 (KHTML, like Gecko) Chrome/90.0.4430.85 Safari/537.36"
170.205.30.71 - - [13/Apr/2025:21:45:14 +0300] "GET /admin/ HTTP/1.1" 500 0 "https://distance.gluk.ac.ke/wp-admin/" "Mozilla/5.0 (Windows NT 10.0; Win64; x64) AppleWebKit/537.36 (KHTML, like Gecko) Chrome/90.0.4430.85 Safari/537.36"
170.205.30.71 - - [13/Apr/2025:21:45:18 +0300] "POST /user/login HTTP/1.1" 404 796 "https://distance.gluk.ac.ke/wp-admin/" "Mozilla/5.0 (Windows NT 10.0; Win64; x64) AppleWebKit/537.36 (KHTML, like Gecko) Chrome/90.0.4430.85 Safari/537.36"
170.205.30.71 - - [13/Apr/2025:21:45:19 +0300] "POST /login HTTP/1.1" 301 795 "https://distance.gluk.ac.ke/wp-admin/" "Mozilla/5.0 (Windows NT 10.0; Win64; x64) AppleWebKit/537.36 (KHTML, like Gecko) Chrome/90.0.4430.85 Safari/537.36"
170.205.30.71 - - [13/Apr/2025:21:45:20 +0300] "GET /login/ HTTP/1.1" 500 0 "https://distance.gluk.ac.ke/wp-admin/" "Mozilla/5.0 (Windows NT 10.0; Win64; x64) AppleWebKit/537.36 (KHTML, like Gecko) Chrome/90.0.4430.85 Safari/537.36"
170.205.30.71 - - [13/Apr/2025:21:45:21 +0300] "POST /dashboard HTTP/1.1" 404 796 "https://distance.gluk.ac.ke/wp-admin/" "Mozilla/5.0 (Windows NT 10.0; Win64; x64) AppleWebKit/537.36 (KHTML, like Gecko) Chrome/90.0.4430.85 Safari/537.36"
170.205.30.71 - - [13/Apr/2025:21:45:22 +0300] "POST /cms HTTP/1.1" 404 796 "https://distance.gluk.ac.ke/wp-admin/" "Mozilla/5.0 (Windows NT 10.0; Win64; x64) AppleWebKit/537.36 (KHTML, like Gecko) Chrome/90.0.4430.85 Safari/537.36"
170.205.30.71 - - [13/Apr/2025:21:45:22 +0300] "POST /panel HTTP/1.1" 404 796 "https://distance.gluk.ac.ke/wp-admin/" "Mozilla/5.0 (Windows NT 10.0; Win64; x64) AppleWebKit/537.36 (KHTML, like Gecko) Chrome/90.0.4430.85 Safari/537.36"
170.205.30.71 - - [13/Apr/2025:21:45:22 +0300] "POST /backend HTTP/1.1" 404 796 "https://distance.gluk.ac.ke/wp-admin/" "Mozilla/5.0 (Windows NT 10.0; Win64; x64) AppleWebKit/537.36 (KHTML, like Gecko) Chrome/90.0.4430.85 Safari/537.36"
66.249.66.17 - - [13/Apr/2025:21:45:40 +0300] "GET /site/css/index.css HTTP/1.1" 404 796 "https://distance.gluk.ac.ke/site/?pg=%E0%B8%94%E0%B8%B2%E0%B8%A7%E0%B8%99%E0%B9%8C%E0%B9%82%E0%B8%AB%E0%B8%A5%E0%B8%94%E0%B9%80%E0%B8%9E%E0%B8%A5%E0%B8%87+mp3+%E0%B8%9F%E0%B8%A3%E0%B8%B5+%E0%B8%A5%E0%B8%87+%E0%B9%82%E0%B8%97%E0%B8%A3%E0%B8%A8%E0%B8%B1%E0%B8%9E%E0%B8%97%E0%B9%8C" "Mozilla/5.0 (Linux; Android 6.0.1; Nexus 5X Build/MMB29P) AppleWebKit/537.36 (KHTML, like Gecko) Chrome/134.0.6998.165 Mobile Safari/537.36 (compatible; Googlebot/2.1; +http://www.google.com/bot.html)"
173.244.58.131 - - [13/Apr/2025:21:49:42 +0300] "GET / HTTP/2" 500 0 "-" "Mozilla/5.0 (Windows; U; Windows NT 6.1; en-US; rv:1.9.1.5) Gecko/20091102 Firefox/3.5.5 (.NET CLR 3.5.30729)"
170.205.30.71 - - [13/Apr/2025:21:50:48 +0300] "POST /wp-admin HTTP/1.1" 404 796 "https://distance.gluk.ac.ke/wp-admin/" "Mozilla/5.0 (Windows NT 10.0; Win64; x64) AppleWebKit/537.36 (KHTML, like Gecko) Chrome/90.0.4430.85 Safari/537.36"
66.249.66.17 - - [13/Apr/2025:21:49:44 +0300] "GET /site/?pg=%E0%B8%84%E0%B9%8D%E0%B8%B2%E0%B8%AD%E0%B8%A7%E0%B8%A2%E0%B8%9E%E0%B8%A3%E0%B8%A7%E0%B8%B1%E0%B8%99%E0%B9%80%E0%B8%81%E0%B8%B4%E0%B8%94%E0%B8%A0%E0%B8%B2%E0%B8%A9%E0%B8%B2%E0%B8%AD%E0%B8%B1%E0%B8%87%E0%B8%81%E0%B8%A4%E0%B8%A9 HTTP/1.1" 200 73680 "-" "Mozilla/5.0 (Linux; Android 6.0.1; Nexus 5X Build/MMB29P) AppleWebKit/537.36 (KHTML, like Gecko) Chrome/135.0.7049.52 Mobile Safari/537.36 (compatible; GoogleOther)"
66.249.66.17 - - [13/Apr/2025:21:49:47 +0300] "GET /site/css/index.css HTTP/1.1" 404 796 "https://distance.gluk.ac.ke/site/?pg=%E0%B8%84%E0%B9%8D%E0%B8%B2%E0%B8%AD%E0%B8%A7%E0%B8%A2%E0%B8%9E%E0%B8%A3%E0%B8%A7%E0%B8%B1%E0%B8%99%E0%B9%80%E0%B8%81%E0%B8%B4%E0%B8%94%E0%B8%A0%E0%B8%B2%E0%B8%A9%E0%B8%B2%E0%B8%AD%E0%B8%B1%E0%B8%87%E0%B8%81%E0%B8%A4%E0%B8%A9" "Mozilla/5.0 (Linux; Android 6.0.1; Nexus 5X Build/MMB29P) AppleWebKit/537.36 (KHTML, like Gecko) Chrome/135.0.7049.52 Mobile Safari/537.36 (compatible; Googlebot/2.1; +http://www.google.com/bot.html)"
66.249.66.18 - - [13/Apr/2025:21:49:49 +0300] "GET /site/css/index.css HTTP/1.1" 404 796 "https://distance.gluk.ac.ke/site/?pg=%E0%B8%84%E0%B9%8D%E0%B8%B2%E0%B8%AD%E0%B8%A7%E0%B8%A2%E0%B8%9E%E0%B8%A3%E0%B8%A7%E0%B8%B1%E0%B8%99%E0%B9%80%E0%B8%81%E0%B8%B4%E0%B8%94%E0%B8%A0%E0%B8%B2%E0%B8%A9%E0%B8%B2%E0%B8%AD%E0%B8%B1%E0%B8%87%E0%B8%81%E0%B8%A4%E0%B8%A9" "Mozilla/5.0 (Linux; Android 6.0.1; Nexus 5X Build/MMB29P) AppleWebKit/537.36 (KHTML, like Gecko) Chrome/135.0.7049.52 Mobile Safari/537.36 (compatible; Googlebot/2.1; +http://www.google.com/bot.html)"
170.205.30.83 - - [13/Apr/2025:21:51:10 +0300] "POST /wp-admin HTTP/1.1" 404 796 "https://distance.gluk.ac.ke/wp-admin/" "Mozilla/5.0 (Windows NT 10.0; Win64; x64) AppleWebKit/537.36 (KHTML, like Gecko) Chrome/90.0.4430.85 Safari/537.36"
170.205.30.83 - - [13/Apr/2025:21:51:10 +0300] "POST /wp-login.php HTTP/1.1" 404 796 "https://distance.gluk.ac.ke/wp-admin/" "Mozilla/5.0 (Windows NT 10.0; Win64; x64) AppleWebKit/537.36 (KHTML, like Gecko) Chrome/90.0.4430.85 Safari/537.36"
170.205.30.83 - - [13/Apr/2025:21:51:10 +0300] "POST /admin HTTP/1.1" 301 795 "https://distance.gluk.ac.ke/wp-admin/" "Mozilla/5.0 (Windows NT 10.0; Win64; x64) AppleWebKit/537.36 (KHTML, like Gecko) Chrome/90.0.4430.85 Safari/537.36"
170.205.30.83 - - [13/Apr/2025:21:51:10 +0300] "GET /admin/ HTTP/1.1" 500 0 "https://distance.gluk.ac.ke/wp-admin/" "Mozilla/5.0 (Windows NT 10.0; Win64; x64) AppleWebKit/537.36 (KHTML, like Gecko) Chrome/90.0.4430.85 Safari/537.36"
170.205.30.83 - - [13/Apr/2025:21:51:12 +0300] "POST /user/login HTTP/1.1" 404 796 "https://distance.gluk.ac.ke/wp-admin/" "Mozilla/5.0 (Windows NT 10.0; Win64; x64) AppleWebKit/537.36 (KHTML, like Gecko) Chrome/90.0.4430.85 Safari/537.36"
170.205.30.83 - - [13/Apr/2025:21:51:12 +0300] "POST /login HTTP/1.1" 301 795 "https://distance.gluk.ac.ke/wp-admin/" "Mozilla/5.0 (Windows NT 10.0; Win64; x64) AppleWebKit/537.36 (KHTML, like Gecko) Chrome/90.0.4430.85 Safari/537.36"
170.205.30.83 - - [13/Apr/2025:21:51:12 +0300] "GET /login/ HTTP/1.1" 500 0 "https://distance.gluk.ac.ke/wp-admin/" "Mozilla/5.0 (Windows NT 10.0; Win64; x64) AppleWebKit/537.36 (KHTML, like Gecko) Chrome/90.0.4430.85 Safari/537.36"
170.205.30.83 - - [13/Apr/2025:21:51:13 +0300] "POST /dashboard HTTP/1.1" 404 796 "https://distance.gluk.ac.ke/wp-admin/" "Mozilla/5.0 (Windows NT 10.0; Win64; x64) AppleWebKit/537.36 (KHTML, like Gecko) Chrome/90.0.4430.85 Safari/537.36"
170.205.30.83 - - [13/Apr/2025:21:51:13 +0300] "POST /cms HTTP/1.1" 404 796 "https://distance.gluk.ac.ke/wp-admin/" "Mozilla/5.0 (Windows NT 10.0; Win64; x64) AppleWebKit/537.36 (KHTML, like Gecko) Chrome/90.0.4430.85 Safari/537.36"
170.205.30.83 - - [13/Apr/2025:21:51:13 +0300] "POST /panel HTTP/1.1" 404 796 "https://distance.gluk.ac.ke/wp-admin/" "Mozilla/5.0 (Windows NT 10.0; Win64; x64) AppleWebKit/537.36 (KHTML, like Gecko) Chrome/90.0.4430.85 Safari/537.36"
170.205.30.71 - - [13/Apr/2025:21:50:48 +0300] "POST /wp-login.php HTTP/1.1" 404 796 "https://distance.gluk.ac.ke/wp-admin/" "Mozilla/5.0 (Windows NT 10.0; Win64; x64) AppleWebKit/537.36 (KHTML, like Gecko) Chrome/90.0.4430.85 Safari/537.36"
170.205.30.71 - - [13/Apr/2025:21:50:48 +0300] "POST /admin HTTP/1.1" 301 795 "https://distance.gluk.ac.ke/wp-admin/" "Mozilla/5.0 (Windows NT 10.0; Win64; x64) AppleWebKit/537.36 (KHTML, like Gecko) Chrome/90.0.4430.85 Safari/537.36"
170.205.30.71 - - [13/Apr/2025:21:50:49 +0300] "GET /admin/ HTTP/1.1" 500 0 "https://distance.gluk.ac.ke/wp-admin/" "Mozilla/5.0 (Windows NT 10.0; Win64; x64) AppleWebKit/537.36 (KHTML, like Gecko) Chrome/90.0.4430.85 Safari/537.36"
170.205.30.71 - - [13/Apr/2025:21:50:53 +0300] "POST /user/login HTTP/1.1" 404 796 "https://distance.gluk.ac.ke/wp-admin/" "Mozilla/5.0 (Windows NT 10.0; Win64; x64) AppleWebKit/537.36 (KHTML, like Gecko) Chrome/90.0.4430.85 Safari/537.36"
170.205.30.71 - - [13/Apr/2025:21:50:53 +0300] "POST /login HTTP/1.1" 301 795 "https://distance.gluk.ac.ke/wp-admin/" "Mozilla/5.0 (Windows NT 10.0; Win64; x64) AppleWebKit/537.36 (KHTML, like Gecko) Chrome/90.0.4430.85 Safari/537.36"
170.205.30.71 - - [13/Apr/2025:21:50:54 +0300] "GET /login/ HTTP/1.1" 500 0 "https://distance.gluk.ac.ke/wp-admin/" "Mozilla/5.0 (Windows NT 10.0; Win64; x64) AppleWebKit/537.36 (KHTML, like Gecko) Chrome/90.0.4430.85 Safari/537.36"
170.205.30.71 - - [13/Apr/2025:21:50:56 +0300] "POST /dashboard HTTP/1.1" 404 796 "https://distance.gluk.ac.ke/wp-admin/" "Mozilla/5.0 (Windows NT 10.0; Win64; x64) AppleWebKit/537.36 (KHTML, like Gecko) Chrome/90.0.4430.85 Safari/537.36"
170.205.30.71 - - [13/Apr/2025:21:50:56 +0300] "POST /cms HTTP/1.1" 404 796 "https://distance.gluk.ac.ke/wp-admin/" "Mozilla/5.0 (Windows NT 10.0; Win64; x64) AppleWebKit/537.36 (KHTML, like Gecko) Chrome/90.0.4430.85 Safari/537.36"
170.205.30.71 - - [13/Apr/2025:21:50:56 +0300] "POST /panel HTTP/1.1" 404 796 "https://distance.gluk.ac.ke/wp-admin/" "Mozilla/5.0 (Windows NT 10.0; Win64; x64) AppleWebKit/537.36 (KHTML, like Gecko) Chrome/90.0.4430.85 Safari/537.36"
170.205.30.71 - - [13/Apr/2025:21:50:56 +0300] "POST /backend HTTP/1.1" 404 796 "https://distance.gluk.ac.ke/wp-admin/" "Mozilla/5.0 (Windows NT 10.0; Win64; x64) AppleWebKit/537.36 (KHTML, like Gecko) Chrome/90.0.4430.85 Safari/537.36"
66.249.66.17 - - [13/Apr/2025:21:55:16 +0300] "GET /site/css/index.css HTTP/1.1" 404 796 "https://distance.gluk.ac.ke/site/?pg=%E0%B9%80%E0%B8%8B%E0%B8%A3%E0%B8%B1%E0%B9%88%E0%B8%A1%E0%B8%9A%E0%B8%B3%E0%B8%A3%E0%B8%B8%E0%B8%87%E0%B8%9C%E0%B8%A1%E0%B9%80%E0%B8%AA%E0%B8%B5%E0%B8%A2" "Mozilla/5.0 (Linux; Android 6.0.1; Nexus 5X Build/MMB29P) AppleWebKit/537.36 (KHTML, like Gecko) Chrome/134.0.6998.165 Mobile Safari/537.36 (compatible; Googlebot/2.1; +http://www.google.com/bot.html)"
27.96.85.14 - - [13/Apr/2025:21:56:29 +0300] "GET /login/index.php HTTP/1.1" 500 0 "-" "Mozilla/5.0 (Windows NT 10.0; Win64; x64) AppleWebKit/537.36 (KHTML, like Gecko) Chrome/120.0.6099.71 Safari/537.36"
27.96.85.14 - - [13/Apr/2025:21:56:29 +0300] "POST /login/index.php HTTP/1.1" 303 763 "-" "Mozilla/5.0 (Windows NT 10.0; Win64; x64) AppleWebKit/537.36 (KHTML, like Gecko) Chrome/120.0.6099.71 Safari/537.36"
165.22.254.158 - - [13/Apr/2025:22:14:50 +0300] "GET /login/index.php HTTP/1.1" 500 0 "-" "Mozilla/5.0 (Windows NT 10.0; Win64; x64) AppleWebKit/537.36 (KHTML, like Gecko) Chrome/120.0.6099.71 Safari/537.36"
165.22.254.158 - - [13/Apr/2025:22:14:53 +0300] "POST /login/index.php HTTP/1.1" 303 763 "-" "Mozilla/5.0 (Windows NT 10.0; Win64; x64) AppleWebKit/537.36 (KHTML, like Gecko) Chrome/120.0.6099.71 Safari/537.36"
114.119.135.186 - - [13/Apr/2025:22:15:55 +0300] "GET /theme/switchdevice.php?url=https://distance.gluk.ac.ke/login/index.php&device=default&sesskey=Q7Dp9QMN7d HTTP/1.1" 404 0 "https://distance.gluk.ac.ke/course/view.php?id=560" "Mozilla/5.0 (Linux; Android 7.0;) AppleWebKit/537.36 (KHTML, like Gecko) Mobile Safari/537.36 (compatible; PetalBot;+https://webmaster.petalsearch.com/site/petalbot)"
170.205.30.83 - - [13/Apr/2025:21:51:14 +0300] "POST /backend HTTP/1.1" 404 796 "https://distance.gluk.ac.ke/wp-admin/" "Mozilla/5.0 (Windows NT 10.0; Win64; x64) AppleWebKit/537.36 (KHTML, like Gecko) Chrome/90.0.4430.85 Safari/537.36"
66.249.66.18 - - [13/Apr/2025:21:55:02 +0300] "GET /site/?pg=%E0%B9%80%E0%B8%8B%E0%B8%A3%E0%B8%B1%E0%B9%88%E0%B8%A1%E0%B8%9A%E0%B8%B3%E0%B8%A3%E0%B8%B8%E0%B8%87%E0%B8%9C%E0%B8%A1%E0%B9%80%E0%B8%AA%E0%B8%B5%E0%B8%A2 HTTP/1.1" 200 73580 "-" "Mozilla/5.0 (Linux; Android 6.0.1; Nexus 5X Build/MMB29P) AppleWebKit/537.36 (KHTML, like Gecko) Chrome/135.0.7049.52 Mobile Safari/537.36 (compatible; GoogleOther)"
66.249.66.17 - - [13/Apr/2025:21:59:12 +0300] "GET /site/?pg=%E0%B9%82%E0%B8%84%E0%B8%A7%E0%B8%B4%E0%B8%942%E0%B8%82%E0%B8%B5%E0%B8%94 HTTP/1.1" 200 73494 "-" "Mozilla/5.0 (Linux; Android 6.0.1; Nexus 5X Build/MMB29P) AppleWebKit/537.36 (KHTML, like Gecko) Chrome/135.0.7049.52 Mobile Safari/537.36 (compatible; GoogleOther)"
66.249.66.18 - - [13/Apr/2025:21:59:16 +0300] "GET /site/css/index.css HTTP/1.1" 404 796 "https://distance.gluk.ac.ke/site/?pg=%E0%B9%82%E0%B8%84%E0%B8%A7%E0%B8%B4%E0%B8%942%E0%B8%82%E0%B8%B5%E0%B8%94" "Mozilla/5.0 (Linux; Android 6.0.1; Nexus 5X Build/MMB29P) AppleWebKit/537.36 (KHTML, like Gecko) Chrome/135.0.7049.52 Mobile Safari/537.36 (compatible; Googlebot/2.1; +http://www.google.com/bot.html)"
114.119.148.37 - - [13/Apr/2025:22:13:13 +0300] "GET /theme/switchdevice.php?url=https://distance.gluk.ac.ke/login/index.php&device=default&sesskey=hnfLLC1h34 HTTP/1.1" 404 0 "https://distance.gluk.ac.ke/course/view.php?id=624" "Mozilla/5.0 (Linux; Android 7.0;) AppleWebKit/537.36 (KHTML, like Gecko) Mobile Safari/537.36 (compatible; PetalBot;+https://webmaster.petalsearch.com/site/petalbot)"
157.55.39.16 - - [13/Apr/2025:22:15:20 +0300] "GET /course/index.php?categoryid=122 HTTP/2" 500 0 "-" "Mozilla/5.0 AppleWebKit/537.36 (KHTML, like Gecko; compatible; bingbot/2.0; +http://www.bing.com/bingbot.htm) Chrome/116.0.1938.76 Safari/537.36"
114.119.150.57 - - [13/Apr/2025:22:29:12 +0300] "GET /theme/switchdevice.php?url=https://distance.gluk.ac.ke/login/index.php&device=default&sesskey=CxZxF8GsNd HTTP/1.1" 404 0 "https://distance.gluk.ac.ke/user/profile.php?id=114" "Mozilla/5.0 (Linux; Android 7.0;) AppleWebKit/537.36 (KHTML, like Gecko) Mobile Safari/537.36 (compatible; PetalBot;+https://webmaster.petalsearch.com/site/petalbot)"
52.164.123.168 - - [13/Apr/2025:22:32:42 +0300] "GET / HTTP/1.1" 500 0 "-" "-"
52.164.123.168 - - [13/Apr/2025:22:32:43 +0300] "GET / HTTP/1.1" 500 0 "-" "-"
52.164.123.168 - - [13/Apr/2025:22:32:45 +0300] "GET / HTTP/1.1" 500 0 "-" "-"
52.164.123.168 - - [13/Apr/2025:22:32:46 +0300] "GET / HTTP/1.1" 500 0 "-" "-"
52.164.123.168 - - [13/Apr/2025:22:32:47 +0300] "GET / HTTP/1.1" 500 0 "-" "-"
52.164.123.168 - - [13/Apr/2025:22:32:48 +0300] "GET / HTTP/1.1" 500 0 "-" "-"
170.205.30.83 - - [13/Apr/2025:22:40:16 +0300] "POST /wp-admin HTTP/1.1" 404 796 "https://distance.gluk.ac.ke/wp-admin/" "Mozilla/5.0 (Windows NT 10.0; Win64; x64) AppleWebKit/537.36 (KHTML, like Gecko) Chrome/90.0.4430.85 Safari/537.36"
170.205.30.83 - - [13/Apr/2025:22:40:17 +0300] "POST /wp-login.php HTTP/1.1" 404 796 "https://distance.gluk.ac.ke/wp-admin/" "Mozilla/5.0 (Windows NT 10.0; Win64; x64) AppleWebKit/537.36 (KHTML, like Gecko) Chrome/90.0.4430.85 Safari/537.36"
170.205.30.83 - - [13/Apr/2025:22:40:17 +0300] "POST /admin HTTP/1.1" 301 795 "https://distance.gluk.ac.ke/wp-admin/" "Mozilla/5.0 (Windows NT 10.0; Win64; x64) AppleWebKit/537.36 (KHTML, like Gecko) Chrome/90.0.4430.85 Safari/537.36"
170.205.30.83 - - [13/Apr/2025:22:40:17 +0300] "GET /admin/ HTTP/1.1" 500 0 "https://distance.gluk.ac.ke/wp-admin/" "Mozilla/5.0 (Windows NT 10.0; Win64; x64) AppleWebKit/537.36 (KHTML, like Gecko) Chrome/90.0.4430.85 Safari/537.36"
170.205.30.83 - - [13/Apr/2025:22:40:18 +0300] "POST /user/login HTTP/1.1" 404 796 "https://distance.gluk.ac.ke/wp-admin/" "Mozilla/5.0 (Windows NT 10.0; Win64; x64) AppleWebKit/537.36 (KHTML, like Gecko) Chrome/90.0.4430.85 Safari/537.36"
114.119.135.126 - - [13/Apr/2025:22:31:27 +0300] "GET /course/index.php?categoryid=265 HTTP/1.1" 500 0 "https://distance.gluk.ac.ke/course/index.php?categoryid=291" "Mozilla/5.0 (Linux; Android 7.0;) AppleWebKit/537.36 (KHTML, like Gecko) Mobile Safari/537.36 (compatible; PetalBot;+https://webmaster.petalsearch.com/site/petalbot)"
66.249.66.19 - - [13/Apr/2025:22:52:21 +0300] "GET /site/?pg=%E0%B9%82%E0%B8%84%E0%B8%A7%E0%B8%B4%E0%B8%942%E0%B8%82%E0%B8%B5%E0%B8%94 HTTP/1.1" 200 73494 "-" "Mozilla/5.0 (Linux; Android 6.0.1; Nexus 5X Build/MMB29P) AppleWebKit/537.36 (KHTML, like Gecko) Chrome/135.0.7049.52 Mobile Safari/537.36 (compatible; Googlebot/2.1; +http://www.google.com/bot.html)"
170.205.30.73 - - [13/Apr/2025:22:55:21 +0300] "POST /wp-admin HTTP/1.1" 404 796 "https://distance.gluk.ac.ke/wp-admin/" "Mozilla/5.0 (Windows NT 10.0; Win64; x64) AppleWebKit/537.36 (KHTML, like Gecko) Chrome/90.0.4430.85 Safari/537.36"
170.205.30.73 - - [13/Apr/2025:22:55:21 +0300] "POST /wp-login.php HTTP/1.1" 404 796 "https://distance.gluk.ac.ke/wp-admin/" "Mozilla/5.0 (Windows NT 10.0; Win64; x64) AppleWebKit/537.36 (KHTML, like Gecko) Chrome/90.0.4430.85 Safari/537.36"
170.205.30.73 - - [13/Apr/2025:22:55:22 +0300] "POST /admin HTTP/1.1" 301 795 "https://distance.gluk.ac.ke/wp-admin/" "Mozilla/5.0 (Windows NT 10.0; Win64; x64) AppleWebKit/537.36 (KHTML, like Gecko) Chrome/90.0.4430.85 Safari/537.36"
170.205.30.73 - - [13/Apr/2025:22:55:24 +0300] "GET /admin/ HTTP/1.1" 500 0 "https://distance.gluk.ac.ke/wp-admin/" "Mozilla/5.0 (Windows NT 10.0; Win64; x64) AppleWebKit/537.36 (KHTML, like Gecko) Chrome/90.0.4430.85 Safari/537.36"
170.205.30.73 - - [13/Apr/2025:22:55:33 +0300] "POST /user/login HTTP/1.1" 404 796 "https://distance.gluk.ac.ke/wp-admin/" "Mozilla/5.0 (Windows NT 10.0; Win64; x64) AppleWebKit/537.36 (KHTML, like Gecko) Chrome/90.0.4430.85 Safari/537.36"
170.205.30.73 - - [13/Apr/2025:22:55:34 +0300] "POST /login HTTP/1.1" 301 795 "https://distance.gluk.ac.ke/wp-admin/" "Mozilla/5.0 (Windows NT 10.0; Win64; x64) AppleWebKit/537.36 (KHTML, like Gecko) Chrome/90.0.4430.85 Safari/537.36"
170.205.30.73 - - [13/Apr/2025:22:55:34 +0300] "GET /login/ HTTP/1.1" 500 0 "https://distance.gluk.ac.ke/wp-admin/" "Mozilla/5.0 (Windows NT 10.0; Win64; x64) AppleWebKit/537.36 (KHTML, like Gecko) Chrome/90.0.4430.85 Safari/537.36"
170.205.30.73 - - [13/Apr/2025:22:55:35 +0300] "POST /dashboard HTTP/1.1" 404 796 "https://distance.gluk.ac.ke/wp-admin/" "Mozilla/5.0 (Windows NT 10.0; Win64; x64) AppleWebKit/537.36 (KHTML, like Gecko) Chrome/90.0.4430.85 Safari/537.36"
170.205.30.73 - - [13/Apr/2025:22:55:35 +0300] "POST /cms HTTP/1.1" 404 796 "https://distance.gluk.ac.ke/wp-admin/" "Mozilla/5.0 (Windows NT 10.0; Win64; x64) AppleWebKit/537.36 (KHTML, like Gecko) Chrome/90.0.4430.85 Safari/537.36"
170.205.30.73 - - [13/Apr/2025:22:55:57 +0300] "POST /panel HTTP/1.1" 404 796 "https://distance.gluk.ac.ke/wp-admin/" "Mozilla/5.0 (Windows NT 10.0; Win64; x64) AppleWebKit/537.36 (KHTML, like Gecko) Chrome/90.0.4430.85 Safari/537.36"
170.205.30.73 - - [13/Apr/2025:22:55:59 +0300] "POST /backend HTTP/1.1" 404 796 "https://distance.gluk.ac.ke/wp-admin/" "Mozilla/5.0 (Windows NT 10.0; Win64; x64) AppleWebKit/537.36 (KHTML, like Gecko) Chrome/90.0.4430.85 Safari/537.36"
170.205.30.71 - - [13/Apr/2025:22:58:21 +0300] "POST /wp-admin HTTP/1.1" 404 796 "https://distance.gluk.ac.ke/wp-admin/" "Mozilla/5.0 (Windows NT 10.0; Win64; x64) AppleWebKit/537.36 (KHTML, like Gecko) Chrome/90.0.4430.85 Safari/537.36"
170.205.30.71 - - [13/Apr/2025:22:58:22 +0300] "POST /wp-login.php HTTP/1.1" 404 796 "https://distance.gluk.ac.ke/wp-admin/" "Mozilla/5.0 (Windows NT 10.0; Win64; x64) AppleWebKit/537.36 (KHTML, like Gecko) Chrome/90.0.4430.85 Safari/537.36"
170.205.30.71 - - [13/Apr/2025:22:58:24 +0300] "POST /admin HTTP/1.1" 301 795 "https://distance.gluk.ac.ke/wp-admin/" "Mozilla/5.0 (Windows NT 10.0; Win64; x64) AppleWebKit/537.36 (KHTML, like Gecko) Chrome/90.0.4430.85 Safari/537.36"
170.205.30.71 - - [13/Apr/2025:22:58:25 +0300] "GET /admin/ HTTP/1.1" 500 0 "https://distance.gluk.ac.ke/wp-admin/" "Mozilla/5.0 (Windows NT 10.0; Win64; x64) AppleWebKit/537.36 (KHTML, like Gecko) Chrome/90.0.4430.85 Safari/537.36"
170.205.30.71 - - [13/Apr/2025:22:58:26 +0300] "POST /user/login HTTP/1.1" 404 796 "https://distance.gluk.ac.ke/wp-admin/" "Mozilla/5.0 (Windows NT 10.0; Win64; x64) AppleWebKit/537.36 (KHTML, like Gecko) Chrome/90.0.4430.85 Safari/537.36"
170.205.30.71 - - [13/Apr/2025:22:58:26 +0300] "POST /login HTTP/1.1" 301 795 "https://distance.gluk.ac.ke/wp-admin/" "Mozilla/5.0 (Windows NT 10.0; Win64; x64) AppleWebKit/537.36 (KHTML, like Gecko) Chrome/90.0.4430.85 Safari/537.36"
170.205.30.71 - - [13/Apr/2025:22:58:26 +0300] "GET /login/ HTTP/1.1" 500 0 "https://distance.gluk.ac.ke/wp-admin/" "Mozilla/5.0 (Windows NT 10.0; Win64; x64) AppleWebKit/537.36 (KHTML, like Gecko) Chrome/90.0.4430.85 Safari/537.36"
170.205.30.71 - - [13/Apr/2025:22:58:27 +0300] "POST /dashboard HTTP/1.1" 404 796 "https://distance.gluk.ac.ke/wp-admin/" "Mozilla/5.0 (Windows NT 10.0; Win64; x64) AppleWebKit/537.36 (KHTML, like Gecko) Chrome/90.0.4430.85 Safari/537.36"
170.205.30.71 - - [13/Apr/2025:22:58:27 +0300] "POST /cms HTTP/1.1" 404 796 "https://distance.gluk.ac.ke/wp-admin/" "Mozilla/5.0 (Windows NT 10.0; Win64; x64) AppleWebKit/537.36 (KHTML, like Gecko) Chrome/90.0.4430.85 Safari/537.36"
170.205.30.71 - - [13/Apr/2025:22:58:29 +0300] "POST /panel HTTP/1.1" 404 796 "https://distance.gluk.ac.ke/wp-admin/" "Mozilla/5.0 (Windows NT 10.0; Win64; x64) AppleWebKit/537.36 (KHTML, like Gecko) Chrome/90.0.4430.85 Safari/537.36"
170.205.30.71 - - [13/Apr/2025:22:58:31 +0300] "POST /backend HTTP/1.1" 404 796 "https://distance.gluk.ac.ke/wp-admin/" "Mozilla/5.0 (Windows NT 10.0; Win64; x64) AppleWebKit/537.36 (KHTML, like Gecko) Chrome/90.0.4430.85 Safari/537.36"
170.205.30.83 - - [13/Apr/2025:22:58:40 +0300] "POST /wp-admin HTTP/1.1" 404 796 "https://distance.gluk.ac.ke/wp-admin/" "Mozilla/5.0 (Windows NT 10.0; Win64; x64) AppleWebKit/537.36 (KHTML, like Gecko) Chrome/90.0.4430.85 Safari/537.36"
170.205.30.83 - - [13/Apr/2025:22:58:40 +0300] "POST /wp-login.php HTTP/1.1" 404 796 "https://distance.gluk.ac.ke/wp-admin/" "Mozilla/5.0 (Windows NT 10.0; Win64; x64) AppleWebKit/537.36 (KHTML, like Gecko) Chrome/90.0.4430.85 Safari/537.36"
170.205.30.83 - - [13/Apr/2025:22:58:41 +0300] "POST /admin HTTP/1.1" 301 795 "https://distance.gluk.ac.ke/wp-admin/" "Mozilla/5.0 (Windows NT 10.0; Win64; x64) AppleWebKit/537.36 (KHTML, like Gecko) Chrome/90.0.4430.85 Safari/537.36"
170.205.30.83 - - [13/Apr/2025:22:58:41 +0300] "GET /admin/ HTTP/1.1" 500 0 "https://distance.gluk.ac.ke/wp-admin/" "Mozilla/5.0 (Windows NT 10.0; Win64; x64) AppleWebKit/537.36 (KHTML, like Gecko) Chrome/90.0.4430.85 Safari/537.36"
170.205.30.83 - - [13/Apr/2025:22:58:41 +0300] "POST /user/login HTTP/1.1" 404 796 "https://distance.gluk.ac.ke/wp-admin/" "Mozilla/5.0 (Windows NT 10.0; Win64; x64) AppleWebKit/537.36 (KHTML, like Gecko) Chrome/90.0.4430.85 Safari/537.36"
170.205.30.83 - - [13/Apr/2025:22:58:42 +0300] "POST /login HTTP/1.1" 301 795 "https://distance.gluk.ac.ke/wp-admin/" "Mozilla/5.0 (Windows NT 10.0; Win64; x64) AppleWebKit/537.36 (KHTML, like Gecko) Chrome/90.0.4430.85 Safari/537.36"
170.205.30.83 - - [13/Apr/2025:22:58:42 +0300] "GET /login/ HTTP/1.1" 500 0 "https://distance.gluk.ac.ke/wp-admin/" "Mozilla/5.0 (Windows NT 10.0; Win64; x64) AppleWebKit/537.36 (KHTML, like Gecko) Chrome/90.0.4430.85 Safari/537.36"
170.205.30.83 - - [13/Apr/2025:22:58:42 +0300] "POST /dashboard HTTP/1.1" 404 796 "https://distance.gluk.ac.ke/wp-admin/" "Mozilla/5.0 (Windows NT 10.0; Win64; x64) AppleWebKit/537.36 (KHTML, like Gecko) Chrome/90.0.4430.85 Safari/537.36"
170.205.30.83 - - [13/Apr/2025:22:58:43 +0300] "POST /cms HTTP/1.1" 404 796 "https://distance.gluk.ac.ke/wp-admin/" "Mozilla/5.0 (Windows NT 10.0; Win64; x64) AppleWebKit/537.36 (KHTML, like Gecko) Chrome/90.0.4430.85 Safari/537.36"
170.205.30.83 - - [13/Apr/2025:22:40:18 +0300] "POST /login HTTP/1.1" 301 795 "https://distance.gluk.ac.ke/wp-admin/" "Mozilla/5.0 (Windows NT 10.0; Win64; x64) AppleWebKit/537.36 (KHTML, like Gecko) Chrome/90.0.4430.85 Safari/537.36"
170.205.30.83 - - [13/Apr/2025:22:40:18 +0300] "GET /login/ HTTP/1.1" 500 0 "https://distance.gluk.ac.ke/wp-admin/" "Mozilla/5.0 (Windows NT 10.0; Win64; x64) AppleWebKit/537.36 (KHTML, like Gecko) Chrome/90.0.4430.85 Safari/537.36"
170.205.30.83 - - [13/Apr/2025:22:40:19 +0300] "POST /dashboard HTTP/1.1" 404 796 "https://distance.gluk.ac.ke/wp-admin/" "Mozilla/5.0 (Windows NT 10.0; Win64; x64) AppleWebKit/537.36 (KHTML, like Gecko) Chrome/90.0.4430.85 Safari/537.36"
170.205.30.83 - - [13/Apr/2025:22:40:19 +0300] "POST /cms HTTP/1.1" 404 796 "https://distance.gluk.ac.ke/wp-admin/" "Mozilla/5.0 (Windows NT 10.0; Win64; x64) AppleWebKit/537.36 (KHTML, like Gecko) Chrome/90.0.4430.85 Safari/537.36"
170.205.30.83 - - [13/Apr/2025:22:40:20 +0300] "POST /panel HTTP/1.1" 404 796 "https://distance.gluk.ac.ke/wp-admin/" "Mozilla/5.0 (Windows NT 10.0; Win64; x64) AppleWebKit/537.36 (KHTML, like Gecko) Chrome/90.0.4430.85 Safari/537.36"
170.205.30.83 - - [13/Apr/2025:22:40:20 +0300] "POST /backend HTTP/1.1" 404 796 "https://distance.gluk.ac.ke/wp-admin/" "Mozilla/5.0 (Windows NT 10.0; Win64; x64) AppleWebKit/537.36 (KHTML, like Gecko) Chrome/90.0.4430.85 Safari/537.36"
66.249.66.18 - - [13/Apr/2025:22:52:24 +0300] "GET /site/css/index.css HTTP/1.1" 404 796 "https://distance.gluk.ac.ke/site/?pg=%E0%B9%82%E0%B8%84%E0%B8%A7%E0%B8%B4%E0%B8%942%E0%B8%82%E0%B8%B5%E0%B8%94" "Mozilla/5.0 (Linux; Android 6.0.1; Nexus 5X Build/MMB29P) AppleWebKit/537.36 (KHTML, like Gecko) Chrome/134.0.6998.165 Mobile Safari/537.36 (compatible; Googlebot/2.1; +http://www.google.com/bot.html)"
66.249.66.17 - - [13/Apr/2025:22:52:25 +0300] "GET /site/css/index.css HTTP/1.1" 404 796 "https://distance.gluk.ac.ke/site/?pg=%E0%B9%82%E0%B8%84%E0%B8%A7%E0%B8%B4%E0%B8%942%E0%B8%82%E0%B8%B5%E0%B8%94" "Mozilla/5.0 (Linux; Android 6.0.1; Nexus 5X Build/MMB29P) AppleWebKit/537.36 (KHTML, like Gecko) Chrome/134.0.6998.165 Mobile Safari/537.36 (compatible; Googlebot/2.1; +http://www.google.com/bot.html)"
20.191.45.212 - - [13/Apr/2025:22:53:32 +0300] "GET / HTTP/1.1" 500 0 "https://distance.gluk.ac.ke/" "DuckDuckBot/1.1; (+http://duckduckgo.com/duckduckbot.html)"
27.96.85.14 - - [13/Apr/2025:23:15:10 +0300] "GET /login/index.php HTTP/1.1" 500 0 "-" "Mozilla/5.0 (Windows NT 10.0; Win64; x64) AppleWebKit/537.36 (KHTML, like Gecko) Chrome/120.0.6099.71 Safari/537.36"
27.96.85.14 - - [13/Apr/2025:23:15:12 +0300] "POST /login/index.php HTTP/1.1" 303 763 "-" "Mozilla/5.0 (Windows NT 10.0; Win64; x64) AppleWebKit/537.36 (KHTML, like Gecko) Chrome/120.0.6099.71 Safari/537.36"
66.249.66.17 - - [13/Apr/2025:23:33:53 +0300] "GET /site/css/index.css HTTP/1.1" 404 796 "https://distance.gluk.ac.ke/site/?pg=%E0%B9%80%E0%B8%8A%E0%B9%87%E0%B8%84%E0%B8%A3%E0%B8%B2%E0%B8%84%E0%B8%B2%E0%B8%A2%E0%B8%B2%E0%B8%87%E0%B8%A3%E0%B8%96%E0%B8%A2%E0%B8%99%E0%B8%95%E0%B9%8C" "Mozilla/5.0 (Linux; Android 6.0.1; Nexus 5X Build/MMB29P) AppleWebKit/537.36 (KHTML, like Gecko) Chrome/134.0.6998.165 Mobile Safari/537.36 (compatible; Googlebot/2.1; +http://www.google.com/bot.html)"
66.249.66.18 - - [13/Apr/2025:23:33:56 +0300] "GET /site/css/index.css HTTP/1.1" 404 796 "https://distance.gluk.ac.ke/site/?pg=%E0%B9%80%E0%B8%8A%E0%B9%87%E0%B8%84%E0%B8%A3%E0%B8%B2%E0%B8%84%E0%B8%B2%E0%B8%A2%E0%B8%B2%E0%B8%87%E0%B8%A3%E0%B8%96%E0%B8%A2%E0%B8%99%E0%B8%95%E0%B9%8C" "Mozilla/5.0 (Linux; Android 6.0.1; Nexus 5X Build/MMB29P) AppleWebKit/537.36 (KHTML, like Gecko) Chrome/134.0.6998.165 Mobile Safari/537.36 (compatible; Googlebot/2.1; +http://www.google.com/bot.html)"
66.249.66.18 - - [13/Apr/2025:23:39:50 +0300] "GET /site/?pg=%E0%B9%80%E0%B8%9B%E0%B8%B4%E0%B8%94%E0%B8%9A%E0%B8%B1%E0%B8%8D%E0%B8%8A%E0%B8%B5%E0%B8%AD%E0%B8%AD%E0%B8%99%E0%B9%84%E0%B8%A5%E0%B8%99%E0%B9%8C+%E0%B8%81%E0%B8%AA%E0%B8%B4%E0%B8%81%E0%B8%A3+%E0%B8%A2%E0%B8%B7%E0%B8%99%E0%B8%A2%E0%B8%B1%E0%B8%99%E0%B8%95%E0%B8%B1%E0%B8%A7%E0%B8%95%E0%B8%99 HTTP/1.1" 200 73668 "-" "Mozilla/5.0 (Linux; Android 6.0.1; Nexus 5X Build/MMB29P) AppleWebKit/537.36 (KHTML, like Gecko) Chrome/135.0.7049.52 Mobile Safari/537.36 (compatible; GoogleOther)"
49.51.33.159 - - [13/Apr/2025:23:41:12 +0300] "GET / HTTP/1.1" 500 0 "http://distance.gluk.ac.ke" "Mozilla/5.0 (iPhone; CPU iPhone OS 13_2_3 like Mac OS X) AppleWebKit/605.1.15 (KHTML, like Gecko) Version/13.0.3 Mobile/15E148 Safari/604.1"
170.205.30.83 - - [13/Apr/2025:22:58:43 +0300] "POST /panel HTTP/1.1" 404 796 "https://distance.gluk.ac.ke/wp-admin/" "Mozilla/5.0 (Windows NT 10.0; Win64; x64) AppleWebKit/537.36 (KHTML, like Gecko) Chrome/90.0.4430.85 Safari/537.36"
170.205.30.83 - - [13/Apr/2025:22:58:43 +0300] "POST /backend HTTP/1.1" 404 796 "https://distance.gluk.ac.ke/wp-admin/" "Mozilla/5.0 (Windows NT 10.0; Win64; x64) AppleWebKit/537.36 (KHTML, like Gecko) Chrome/90.0.4430.85 Safari/537.36"
64.187.227.119 - - [13/Apr/2025:23:08:51 +0300] "GET /user/editadvanced.php HTTP/1.1" 303 754 "-" "python-requests/2.25.1"
64.187.227.119 - - [13/Apr/2025:23:08:51 +0300] "GET /login/index.php HTTP/1.1" 500 0 "-" "python-requests/2.25.1"
47.128.52.235 - - [13/Apr/2025:23:10:41 +0300] "GET /course/index.php?categoryid=23 HTTP/2" 500 0 "-" "Mozilla/5.0 (compatible; Bytespider; spider-feedback@bytedance.com) AppleWebKit/537.36 (KHTML, like Gecko) Chrome/70.0.0.0 Safari/537.36"
66.249.66.18 - - [13/Apr/2025:23:21:58 +0300] "GET /course/index.php?categoryid=20 HTTP/1.1" 200 0 "-" "Mozilla/5.0 (Linux; Android 6.0.1; Nexus 5X Build/MMB29P) AppleWebKit/537.36 (KHTML, like Gecko) Chrome/135.0.7049.52 Mobile Safari/537.36 (compatible; Googlebot/2.1; +http://www.google.com/bot.html)"
66.249.66.19 - - [13/Apr/2025:23:23:03 +0300] "GET /site/?pg=%E0%B8%8A%E0%B8%AD%E0%B8%9A%E0%B8%AA%E0%B8%B5%E0%B8%A1%E0%B9%88%E0%B8%A7%E0%B8%87 HTTP/1.1" 200 73427 "-" "Mozilla/5.0 (Linux; Android 6.0.1; Nexus 5X Build/MMB29P) AppleWebKit/537.36 (KHTML, like Gecko) Chrome/135.0.7049.52 Mobile Safari/537.36 (compatible; GoogleOther)"
66.249.66.19 - - [13/Apr/2025:23:28:15 +0300] "GET /site/?pg=%E0%B8%95%E0%B8%B3%E0%B8%82%E0%B9%89%E0%B8%B2%E0%B8%A7%E0%B9%80%E0%B8%9B%E0%B8%B5%E0%B8%A2%E0%B8%81 HTTP/1.1" 200 73484 "-" "Mozilla/5.0 (Linux; Android 6.0.1; Nexus 5X Build/MMB29P) AppleWebKit/537.36 (KHTML, like Gecko) Chrome/135.0.7049.52 Mobile Safari/537.36 (compatible; GoogleOther)"
66.249.66.19 - - [13/Apr/2025:23:33:50 +0300] "GET /site/?pg=%E0%B9%80%E0%B8%8A%E0%B9%87%E0%B8%84%E0%B8%A3%E0%B8%B2%E0%B8%84%E0%B8%B2%E0%B8%A2%E0%B8%B2%E0%B8%87%E0%B8%A3%E0%B8%96%E0%B8%A2%E0%B8%99%E0%B8%95%E0%B9%8C HTTP/1.1" 200 73586 "-" "Mozilla/5.0 (Linux; Android 6.0.1; Nexus 5X Build/MMB29P) AppleWebKit/537.36 (KHTML, like Gecko) Chrome/135.0.7049.52 Mobile Safari/537.36 (compatible; GoogleOther)"
165.22.254.158 - - [13/Apr/2025:23:36:42 +0300] "GET /login/index.php HTTP/1.1" 500 0 "-" "Mozilla/5.0 (Windows NT 10.0; Win64; x64) AppleWebKit/537.36 (KHTML, like Gecko) Chrome/120.0.6099.71 Safari/537.36"
165.22.254.158 - - [13/Apr/2025:23:36:47 +0300] "POST /login/index.php HTTP/1.1" 303 763 "-" "Mozilla/5.0 (Windows NT 10.0; Win64; x64) AppleWebKit/537.36 (KHTML, like Gecko) Chrome/120.0.6099.71 Safari/537.36"
180.244.160.196 - - [14/Apr/2025:00:16:51 +0300] "GET /login/index.php HTTP/1.1" 500 0 "-" "Mozilla/5.0 (Windows NT 10.0; Win64; x64) AppleWebKit/537.36 (KHTML, like Gecko) Chrome/120.0.6099.71 Safari/537.36"
180.244.160.196 - - [14/Apr/2025:00:16:52 +0300] "POST /login/index.php HTTP/1.1" 303 763 "-" "Mozilla/5.0 (Windows NT 10.0; Win64; x64) AppleWebKit/537.36 (KHTML, like Gecko) Chrome/120.0.6099.71 Safari/537.36"
66.249.66.17 - - [14/Apr/2025:00:17:14 +0300] "GET /site/?pg=%E0%B9%80%E0%B8%9B%E0%B8%B4%E0%B8%94%E0%B8%9A%E0%B8%B1%E0%B8%8D%E0%B8%8A%E0%B8%B5%E0%B8%AD%E0%B8%AD%E0%B8%99%E0%B9%84%E0%B8%A5%E0%B8%99%E0%B9%8C+%E0%B8%81%E0%B8%AA%E0%B8%B4%E0%B8%81%E0%B8%A3+%E0%B8%A2%E0%B8%B7%E0%B8%99%E0%B8%A2%E0%B8%B1%E0%B8%99%E0%B8%95%E0%B8%B1%E0%B8%A7%E0%B8%95%E0%B8%99 HTTP/1.1" 200 73668 "-" "Mozilla/5.0 (Linux; Android 6.0.1; Nexus 5X Build/MMB29P) AppleWebKit/537.36 (KHTML, like Gecko) Chrome/135.0.7049.52 Mobile Safari/537.36 (compatible; Googlebot/2.1; +http://www.google.com/bot.html)"
66.249.66.17 - - [14/Apr/2025:00:17:15 +0300] "GET /site/?pg=%E0%B8%94%E0%B8%B2%E0%B8%A7%E0%B8%99%E0%B9%8C%E0%B9%82%E0%B8%AB%E0%B8%A5%E0%B8%94%E0%B9%80%E0%B8%9E%E0%B8%A5%E0%B8%87+mp3+%E0%B8%9F%E0%B8%A3%E0%B8%B5+%E0%B8%A5%E0%B8%87+%E0%B9%82%E0%B8%97%E0%B8%A3%E0%B8%A8%E0%B8%B1%E0%B8%9E%E0%B8%97%E0%B9%8C HTTP/1.1" 200 73616 "-" "Mozilla/5.0 (Linux; Android 6.0.1; Nexus 5X Build/MMB29P) AppleWebKit/537.36 (KHTML, like Gecko) Chrome/135.0.7049.52 Mobile Safari/537.36 (compatible; Googlebot/2.1; +http://www.google.com/bot.html)"
66.249.66.18 - - [14/Apr/2025:00:17:16 +0300] "GET /site/?pg=%E0%B8%AB%E0%B9%89%E0%B8%AD%E0%B8%87%E0%B8%82%E0%B8%B1%E0%B8%87+%E0%B8%AA%E0%B8%99 HTTP/1.1" 200 73450 "-" "Mozilla/5.0 (Linux; Android 6.0.1; Nexus 5X Build/MMB29P) AppleWebKit/537.36 (KHTML, like Gecko) Chrome/135.0.7049.52 Mobile Safari/537.36 (compatible; Googlebot/2.1; +http://www.google.com/bot.html)"
66.249.66.18 - - [14/Apr/2025:00:17:17 +0300] "GET /site/?pg=%E0%B8%94%E0%B8%B2%E0%B8%A7%E0%B8%99%E0%B9%8C%E0%B9%82%E0%B8%AB%E0%B8%A5%E0%B8%94+122 HTTP/1.1" 200 73516 "-" "Mozilla/5.0 (Linux; Android 6.0.1; Nexus 5X Build/MMB29P) AppleWebKit/537.36 (KHTML, like Gecko) Chrome/135.0.7049.52 Mobile Safari/537.36 (compatible; Googlebot/2.1; +http://www.google.com/bot.html)"
66.249.66.17 - - [14/Apr/2025:00:17:22 +0300] "GET /site/?pg=%E0%B9%80%E0%B8%AD%E0%B8%9F%E0%B9%80%E0%B8%84+%E0%B8%84%E0%B8%B9%E0%B9%80%E0%B8%84%E0%B8%8B%E0%B8%B5%E0%B9%88 HTTP/1.1" 200 73526 "-" "Mozilla/5.0 (Linux; Android 6.0.1; Nexus 5X Build/MMB29P) AppleWebKit/537.36 (KHTML, like Gecko) Chrome/135.0.7049.52 Mobile Safari/537.36 (compatible; Googlebot/2.1; +http://www.google.com/bot.html)"
66.249.66.17 - - [14/Apr/2025:00:17:29 +0300] "GET /site/?pg=%E0%B8%84%E0%B8%B2%E0%B8%96%E0%B8%B2%E0%B8%81%E0%B8%B2%E0%B8%A3%E0%B8%9E%E0%B8%99%E0%B8%B1%E0%B8%99 HTTP/1.1" 200 73424 "-" "Mozilla/5.0 (Linux; Android 6.0.1; Nexus 5X Build/MMB29P) AppleWebKit/537.36 (KHTML, like Gecko) Chrome/135.0.7049.52 Mobile Safari/537.36 (compatible; Googlebot/2.1; +http://www.google.com/bot.html)"
180.244.160.196 - - [14/Apr/2025:00:16:46 +0300] "GET /login/index.php HTTP/1.1" 500 0 "-" "Mozilla/5.0 (Windows NT 10.0; Win64; x64) AppleWebKit/537.36 (KHTML, like Gecko) Chrome/120.0.6099.71 Safari/537.36"
180.244.160.196 - - [14/Apr/2025:00:16:49 +0300] "POST /login/index.php HTTP/1.1" 303 763 "-" "Mozilla/5.0 (Windows NT 10.0; Win64; x64) AppleWebKit/537.36 (KHTML, like Gecko) Chrome/120.0.6099.71 Safari/537.36"
66.249.66.18 - - [14/Apr/2025:00:17:09 +0300] "GET /site/?pg=%E0%B8%98%E0%B8%B2%E0%B8%95%E0%B8%B8%E0%B8%AA%E0%B8%B2%E0%B8%A3%E0%B8%9B%E0%B8%A3%E0%B8%B0%E0%B8%81%E0%B8%AD%E0%B8%9A HTTP/1.1" 200 73481 "-" "Mozilla/5.0 (Linux; Android 6.0.1; Nexus 5X Build/MMB29P) AppleWebKit/537.36 (KHTML, like Gecko) Chrome/135.0.7049.52 Mobile Safari/537.36 (compatible; Googlebot/2.1; +http://www.google.com/bot.html)"
66.249.66.17 - - [14/Apr/2025:00:17:10 +0300] "GET /site/?pg=%E0%B9%80%E0%B8%8A%E0%B9%87%E0%B8%84%E0%B8%A3%E0%B8%B2%E0%B8%84%E0%B8%B2%E0%B8%A2%E0%B8%B2%E0%B8%87%E0%B8%A3%E0%B8%96%E0%B8%A2%E0%B8%99%E0%B8%95%E0%B9%8C HTTP/1.1" 200 73547 "-" "Mozilla/5.0 (Linux; Android 6.0.1; Nexus 5X Build/MMB29P) AppleWebKit/537.36 (KHTML, like Gecko) Chrome/135.0.7049.52 Mobile Safari/537.36 (compatible; Googlebot/2.1; +http://www.google.com/bot.html)"
66.249.66.18 - - [14/Apr/2025:00:17:10 +0300] "GET /site/?pg=%E0%B8%8A%E0%B8%AD%E0%B8%9A%E0%B8%AA%E0%B8%B5%E0%B8%A1%E0%B9%88%E0%B8%A7%E0%B8%87 HTTP/1.1" 200 73427 "-" "Mozilla/5.0 (Linux; Android 6.0.1; Nexus 5X Build/MMB29P) AppleWebKit/537.36 (KHTML, like Gecko) Chrome/135.0.7049.52 Mobile Safari/537.36 (compatible; Googlebot/2.1; +http://www.google.com/bot.html)"
85.208.96.200 - - [14/Apr/2025:00:25:30 +0300] "GET /robots.txt HTTP/1.1" 404 796 "-" "Mozilla/5.0 (compatible; SemrushBot/7~bl; +http://www.semrush.com/bot.html)"
85.208.96.208 - - [14/Apr/2025:00:25:33 +0300] "GET /login/index.php HTTP/1.1" 500 0 "-" "Mozilla/5.0 (compatible; SemrushBot/7~bl; +http://www.semrush.com/bot.html)"
185.191.171.3 - - [14/Apr/2025:00:25:39 +0300] "GET /sitemap.xml HTTP/1.1" 404 796 "-" "Mozilla/5.0 (compatible; SemrushBot/7~bl; +http://www.semrush.com/bot.html)"
114.119.135.186 - - [14/Apr/2025:00:47:41 +0300] "GET /theme/switchdevice.php?url=https://distance.gluk.ac.ke/login/index.php&device=default&sesskey=GtDRqffFNR HTTP/1.1" 404 0 "https://distance.gluk.ac.ke/course/view.php?id=16" "Mozilla/5.0 (Linux; Android 7.0;) AppleWebKit/537.36 (KHTML, like Gecko) Mobile Safari/537.36 (compatible; PetalBot;+https://webmaster.petalsearch.com/site/petalbot)"
185.191.171.4 - - [14/Apr/2025:00:25:30 +0300] "GET /course/view.php?id=546 HTTP/1.1" 303 754 "-" "Mozilla/5.0 (compatible; SemrushBot/7~bl; +http://www.semrush.com/bot.html)"
128.199.218.108 - - [14/Apr/2025:01:14:42 +0300] "GET /login/index.php HTTP/1.1" 500 0 "-" "Mozilla/5.0 (Windows NT 10.0; Win64; x64) AppleWebKit/537.36 (KHTML, like Gecko) Chrome/120.0.6099.71 Safari/537.36"
128.199.218.108 - - [14/Apr/2025:01:14:43 +0300] "POST /login/index.php HTTP/1.1" 303 763 "-" "Mozilla/5.0 (Windows NT 10.0; Win64; x64) AppleWebKit/537.36 (KHTML, like Gecko) Chrome/120.0.6099.71 Safari/537.36"
128.199.218.108 - - [14/Apr/2025:01:16:54 +0300] "GET /login/index.php HTTP/1.1" 500 0 "-" "Mozilla/5.0 (Windows NT 10.0; Win64; x64) AppleWebKit/537.36 (KHTML, like Gecko) Chrome/120.0.6099.71 Safari/537.36"
128.199.218.108 - - [14/Apr/2025:01:16:55 +0300] "POST /login/index.php HTTP/1.1" 303 763 "-" "Mozilla/5.0 (Windows NT 10.0; Win64; x64) AppleWebKit/537.36 (KHTML, like Gecko) Chrome/120.0.6099.71 Safari/537.36"
66.249.66.17 - - [14/Apr/2025:01:18:38 +0300] "GET /plugins/?gacor=lambe-777-slot HTTP/1.1" 404 796 "-" "Mozilla/5.0 (Linux; Android 6.0.1; Nexus 5X Build/MMB29P) AppleWebKit/537.36 (KHTML, like Gecko) Chrome/135.0.7049.52 Mobile Safari/537.36 (compatible; Googlebot/2.1; +http://www.google.com/bot.html)"
66.249.66.18 - - [14/Apr/2025:01:20:32 +0300] "GET /plugins/?gacor=marjan-989-slot HTTP/1.1" 404 796 "-" "Mozilla/5.0 (Linux; Android 6.0.1; Nexus 5X Build/MMB29P) AppleWebKit/537.36 (KHTML, like Gecko) Chrome/135.0.7049.52 Mobile Safari/537.36 (compatible; Googlebot/2.1; +http://www.google.com/bot.html)"
66.249.66.18 - - [14/Apr/2025:01:20:32 +0300] "GET /plugins/?gacor=live-chat-rajatoto88 HTTP/1.1" 404 796 "-" "Mozilla/5.0 (Linux; Android 6.0.1; Nexus 5X Build/MMB29P) AppleWebKit/537.36 (KHTML, like Gecko) Chrome/135.0.7049.52 Mobile Safari/537.36 (compatible; Googlebot/2.1; +http://www.google.com/bot.html)"
66.249.66.18 - - [14/Apr/2025:01:20:33 +0300] "GET /plugins/?gacor=messi-barcelona-2015 HTTP/1.1" 404 796 "-" "Mozilla/5.0 (Linux; Android 6.0.1; Nexus 5X Build/MMB29P) AppleWebKit/537.36 (KHTML, like Gecko) Chrome/135.0.7049.52 Mobile Safari/537.36 (compatible; Googlebot/2.1; +http://www.google.com/bot.html)"
66.249.66.18 - - [14/Apr/2025:01:20:34 +0300] "GET /site/?pg=%E0%B9%81%E0%B8%97%E0%B8%87%E0%B8%AB%E0%B8%A7%E0%B8%A2%E0%B8%A5%E0%B9%87%E0%B8%AD%E0%B8%95%E0%B9%82%E0%B8%95%E0%B9%89 HTTP/1.1" 200 73469 "-" "Mozilla/5.0 (Linux; Android 6.0.1; Nexus 5X Build/MMB29P) AppleWebKit/537.36 (KHTML, like Gecko) Chrome/135.0.7049.52 Mobile Safari/537.36 (compatible; Googlebot/2.1; +http://www.google.com/bot.html)"
66.249.66.18 - - [14/Apr/2025:01:20:35 +0300] "GET /site/?pg=hotstar789+app HTTP/1.1" 200 73405 "-" "Mozilla/5.0 (Linux; Android 6.0.1; Nexus 5X Build/MMB29P) AppleWebKit/537.36 (KHTML, like Gecko) Chrome/135.0.7049.52 Mobile Safari/537.36 (compatible; Googlebot/2.1; +http://www.google.com/bot.html)"
66.249.66.17 - - [14/Apr/2025:01:20:44 +0300] "GET /site/css/index.css HTTP/1.1" 404 796 "https://distance.gluk.ac.ke/site/?pg=hotstar789+app" "Mozilla/5.0 (Linux; Android 6.0.1; Nexus 5X Build/MMB29P) AppleWebKit/537.36 (KHTML, like Gecko) Chrome/134.0.6998.165 Mobile Safari/537.36 (compatible; Googlebot/2.1; +http://www.google.com/bot.html)"
165.22.254.158 - - [14/Apr/2025:01:21:31 +0300] "GET /login/index.php HTTP/1.1" 500 0 "-" "Mozilla/5.0 (Windows NT 10.0; Win64; x64) AppleWebKit/537.36 (KHTML, like Gecko) Chrome/120.0.6099.71 Safari/537.36"
165.22.254.158 - - [14/Apr/2025:01:21:33 +0300] "POST /login/index.php HTTP/1.1" 303 763 "-" "Mozilla/5.0 (Windows NT 10.0; Win64; x64) AppleWebKit/537.36 (KHTML, like Gecko) Chrome/120.0.6099.71 Safari/537.36"
66.249.66.18 - - [14/Apr/2025:01:22:08 +0300] "GET /site/?pg=%E0%B8%97%E0%B8%B2%E0%B8%87%E0%B9%80%E0%B8%82%E0%B9%89%E0%B8%B2+188bet HTTP/1.1" 200 73513 "-" "Mozilla/5.0 (Linux; Android 6.0.1; Nexus 5X Build/MMB29P) AppleWebKit/537.36 (KHTML, like Gecko) Chrome/135.0.7049.52 Mobile Safari/537.36 (compatible; Googlebot/2.1; +http://www.google.com/bot.html)"
34.74.228.245 - - [14/Apr/2025:01:03:37 +0300] "GET /?redirect=0 HTTP/2" 500 0 "-" "Mozilla/5.0 (Linux; Android 8.1.0; Moto G (4)) AppleWebKit/537.36 (KHTML, like Gecko) Chrome/135.0.0.0 Mobile Safari/537.36 PTST/250402.153735"
66.249.66.17 - - [14/Apr/2025:01:20:36 +0300] "GET /site/?pg=%E0%B8%AA%E0%B8%A1%E0%B8%B1%E0%B8%84%E0%B8%A3%E0%B9%81%E0%B8%97%E0%B8%87%E0%B8%9A%E0%B8%AD%E0%B8%A5+ufabet HTTP/1.1" 200 73506 "-" "Mozilla/5.0 (Linux; Android 6.0.1; Nexus 5X Build/MMB29P) AppleWebKit/537.36 (KHTML, like Gecko) Chrome/135.0.7049.52 Mobile Safari/537.36 (compatible; Googlebot/2.1; +http://www.google.com/bot.html)"
66.249.66.19 - - [14/Apr/2025:01:21:04 +0300] "GET /site/css/index.css HTTP/1.1" 404 796 "https://distance.gluk.ac.ke/site/?pg=hotstar789+app" "Mozilla/5.0 (Linux; Android 6.0.1; Nexus 5X Build/MMB29P) AppleWebKit/537.36 (KHTML, like Gecko) Chrome/134.0.6998.165 Mobile Safari/537.36 (compatible; Googlebot/2.1; +http://www.google.com/bot.html)"
165.22.254.158 - - [14/Apr/2025:01:21:34 +0300] "GET /login/index.php HTTP/1.1" 500 0 "-" "Mozilla/5.0 (Windows NT 10.0; Win64; x64) AppleWebKit/537.36 (KHTML, like Gecko) Chrome/120.0.6099.71 Safari/537.36"
165.22.254.158 - - [14/Apr/2025:01:21:35 +0300] "POST /login/index.php HTTP/1.1" 303 763 "-" "Mozilla/5.0 (Windows NT 10.0; Win64; x64) AppleWebKit/537.36 (KHTML, like Gecko) Chrome/120.0.6099.71 Safari/537.36"
66.249.66.17 - - [14/Apr/2025:01:21:36 +0300] "GET /plugins/?gacor=naga-3388-login HTTP/1.1" 404 796 "-" "Mozilla/5.0 (Linux; Android 6.0.1; Nexus 5X Build/MMB29P) AppleWebKit/537.36 (KHTML, like Gecko) Chrome/135.0.7049.52 Mobile Safari/537.36 (compatible; Googlebot/2.1; +http://www.google.com/bot.html)"
66.249.66.17 - - [14/Apr/2025:01:22:20 +0300] "GET /site/css/index.css HTTP/1.1" 404 796 "https://distance.gluk.ac.ke/site/?pg=%E0%B8%97%E0%B8%B2%E0%B8%87%E0%B9%80%E0%B8%82%E0%B9%89%E0%B8%B2+188bet" "Mozilla/5.0 (Linux; Android 6.0.1; Nexus 5X Build/MMB29P) AppleWebKit/537.36 (KHTML, like Gecko) Chrome/134.0.6998.165 Mobile Safari/537.36 (compatible; Googlebot/2.1; +http://www.google.com/bot.html)"
66.249.66.17 - - [14/Apr/2025:01:22:40 +0300] "GET /site/?pg=Nb789+Pg+Auto HTTP/1.1" 200 73412 "-" "Mozilla/5.0 (Linux; Android 6.0.1; Nexus 5X Build/MMB29P) AppleWebKit/537.36 (KHTML, like Gecko) Chrome/135.0.7049.52 Mobile Safari/537.36 (compatible; Googlebot/2.1; +http://www.google.com/bot.html)"
165.22.254.158 - - [14/Apr/2025:01:23:03 +0300] "GET /login/index.php HTTP/1.1" 500 0 "-" "Mozilla/5.0 (Windows NT 10.0; Win64; x64) AppleWebKit/537.36 (KHTML, like Gecko) Chrome/120.0.6099.71 Safari/537.36"
165.22.254.158 - - [14/Apr/2025:01:23:04 +0300] "POST /login/index.php HTTP/1.1" 303 763 "-" "Mozilla/5.0 (Windows NT 10.0; Win64; x64) AppleWebKit/537.36 (KHTML, like Gecko) Chrome/120.0.6099.71 Safari/537.36"
66.249.66.17 - - [14/Apr/2025:01:23:10 +0300] "GET /site/css/index.css HTTP/1.1" 404 796 "https://distance.gluk.ac.ke/site/?pg=gt66+login" "Mozilla/5.0 (Linux; Android 6.0.1; Nexus 5X Build/MMB29P) AppleWebKit/537.36 (KHTML, like Gecko) Chrome/134.0.6998.165 Mobile Safari/537.36 (compatible; Googlebot/2.1; +http://www.google.com/bot.html)"
66.249.66.17 - - [14/Apr/2025:01:23:15 +0300] "GET /site/?pg=ZicboPgAuto HTTP/1.1" 200 73419 "-" "Mozilla/5.0 (Linux; Android 6.0.1; Nexus 5X Build/MMB29P) AppleWebKit/537.36 (KHTML, like Gecko) Chrome/135.0.7049.52 Mobile Safari/537.36 (compatible; Googlebot/2.1; +http://www.google.com/bot.html)"
66.249.66.17 - - [14/Apr/2025:01:23:18 +0300] "GET /site/css/index.css HTTP/1.1" 404 796 "https://distance.gluk.ac.ke/site/?pg=Nb789+Pg+Auto" "Mozilla/5.0 (Linux; Android 6.0.1; Nexus 5X Build/MMB29P) AppleWebKit/537.36 (KHTML, like Gecko) Chrome/134.0.6998.165 Mobile Safari/537.36 (compatible; Googlebot/2.1; +http://www.google.com/bot.html)"
185.191.171.16 - - [14/Apr/2025:01:26:08 +0300] "GET /robots.txt HTTP/1.1" 404 796 "-" "Mozilla/5.0 (compatible; SemrushBot/7~bl; +http://www.semrush.com/bot.html)"
165.22.254.158 - - [14/Apr/2025:01:22:21 +0300] "GET /login/index.php HTTP/1.1" 500 0 "-" "Mozilla/5.0 (Windows NT 10.0; Win64; x64) AppleWebKit/537.36 (KHTML, like Gecko) Chrome/120.0.6099.71 Safari/537.36"
165.22.254.158 - - [14/Apr/2025:01:22:22 +0300] "POST /login/index.php HTTP/1.1" 303 763 "-" "Mozilla/5.0 (Windows NT 10.0; Win64; x64) AppleWebKit/537.36 (KHTML, like Gecko) Chrome/120.0.6099.71 Safari/537.36"
165.22.254.158 - - [14/Apr/2025:01:22:23 +0300] "GET /login/index.php HTTP/1.1" 500 0 "-" "Mozilla/5.0 (Windows NT 10.0; Win64; x64) AppleWebKit/537.36 (KHTML, like Gecko) Chrome/120.0.6099.71 Safari/537.36"
165.22.254.158 - - [14/Apr/2025:01:22:24 +0300] "POST /login/index.php HTTP/1.1" 303 763 "-" "Mozilla/5.0 (Windows NT 10.0; Win64; x64) AppleWebKit/537.36 (KHTML, like Gecko) Chrome/120.0.6099.71 Safari/537.36"
66.249.66.17 - - [14/Apr/2025:01:22:56 +0300] "GET /site/css/index.css HTTP/1.1" 404 796 "https://distance.gluk.ac.ke/site/?pg=Nb789+Pg+Auto" "Mozilla/5.0 (Linux; Android 6.0.1; Nexus 5X Build/MMB29P) AppleWebKit/537.36 (KHTML, like Gecko) Chrome/134.0.6998.165 Mobile Safari/537.36 (compatible; Googlebot/2.1; +http://www.google.com/bot.html)"
66.249.66.17 - - [14/Apr/2025:01:22:59 +0300] "GET /site/?pg=gt66+login HTTP/1.1" 200 73439 "-" "Mozilla/5.0 (Linux; Android 6.0.1; Nexus 5X Build/MMB29P) AppleWebKit/537.36 (KHTML, like Gecko) Chrome/135.0.7049.52 Mobile Safari/537.36 (compatible; Googlebot/2.1; +http://www.google.com/bot.html)"
165.22.254.158 - - [14/Apr/2025:01:23:05 +0300] "GET /login/index.php HTTP/1.1" 500 0 "-" "Mozilla/5.0 (Windows NT 10.0; Win64; x64) AppleWebKit/537.36 (KHTML, like Gecko) Chrome/120.0.6099.71 Safari/537.36"
165.22.254.158 - - [14/Apr/2025:01:23:06 +0300] "POST /login/index.php HTTP/1.1" 303 763 "-" "Mozilla/5.0 (Windows NT 10.0; Win64; x64) AppleWebKit/537.36 (KHTML, like Gecko) Chrome/120.0.6099.71 Safari/537.36"
66.249.66.17 - - [14/Apr/2025:01:23:26 +0300] "GET /plugins/?gacor=al-nasr-vs-al-hilal HTTP/1.1" 404 796 "-" "Mozilla/5.0 (Linux; Android 6.0.1; Nexus 5X Build/MMB29P) AppleWebKit/537.36 (KHTML, like Gecko) Chrome/135.0.7049.52 Mobile Safari/537.36 (compatible; Googlebot/2.1; +http://www.google.com/bot.html)"
66.249.66.17 - - [14/Apr/2025:01:23:37 +0300] "GET /site/?pg=%E0%B9%80%E0%B8%8B%E0%B8%A5%E0%B8%A5%E0%B8%B9%E0%B8%A5%E0%B9%88%E0%B8%B2 HTTP/1.1" 200 73518 "-" "Mozilla/5.0 (Linux; Android 6.0.1; Nexus 5X Build/MMB29P) AppleWebKit/537.36 (KHTML, like Gecko) Chrome/135.0.7049.52 Mobile Safari/537.36 (compatible; Googlebot/2.1; +http://www.google.com/bot.html)"
165.22.254.158 - - [14/Apr/2025:01:24:09 +0300] "GET /login/index.php HTTP/1.1" 500 0 "-" "Mozilla/5.0 (Windows NT 10.0; Win64; x64) AppleWebKit/537.36 (KHTML, like Gecko) Chrome/120.0.6099.71 Safari/537.36"
165.22.254.158 - - [14/Apr/2025:01:24:10 +0300] "POST /login/index.php HTTP/1.1" 303 763 "-" "Mozilla/5.0 (Windows NT 10.0; Win64; x64) AppleWebKit/537.36 (KHTML, like Gecko) Chrome/120.0.6099.71 Safari/537.36"
165.22.254.158 - - [14/Apr/2025:01:24:11 +0300] "GET /login/index.php HTTP/1.1" 500 0 "-" "Mozilla/5.0 (Windows NT 10.0; Win64; x64) AppleWebKit/537.36 (KHTML, like Gecko) Chrome/120.0.6099.71 Safari/537.36"
