66.249.66.17 - - [14/Apr/2025:05:54:50 +0300] "GET /site/?pg=golden678+slotxo+%E0%B8%81%E0%B8%87%E0%B8%A5%E0%B9%89%E0%B8%AD HTTP/1.1" 200 73658 "-" "Mozilla/5.0 (Linux; Android 6.0.1; Nexus 5X Build/MMB29P) AppleWebKit/537.36 (KHTML, like Gecko) Chrome/135.0.7049.52 Mobile Safari/537.36 (compatible; Googlebot/2.1; +http://www.google.com/bot.html)"
66.249.66.17 - - [14/Apr/2025:05:54:55 +0300] "GET /site/css/index.css HTTP/1.1" 404 796 "https://distance.gluk.ac.ke/site/?pg=golden678+slotxo+%E0%B8%81%E0%B8%87%E0%B8%A5%E0%B9%89%E0%B8%AD" "Mozilla/5.0 (Linux; Android 6.0.1; Nexus 5X Build/MMB29P) AppleWebKit/537.36 (KHTML, like Gecko) Chrome/134.0.6998.165 Mobile Safari/537.36 (compatible; Googlebot/2.1; +http://www.google.com/bot.html)"
66.249.66.19 - - [14/Apr/2025:05:58:19 +0300] "GET /site/?pg=reddragon888 HTTP/1.1" 200 73500 "-" "Mozilla/5.0 (Linux; Android 6.0.1; Nexus 5X Build/MMB29P) AppleWebKit/537.36 (KHTML, like Gecko) Chrome/135.0.7049.52 Mobile Safari/537.36 (compatible; Googlebot/2.1; +http://www.google.com/bot.html)"
185.240.76.114 - - [14/Apr/2025:06:03:45 +0300] "GET / HTTP/1.1" 500 0 "-" "Mozilla/5.0 (Windows NT 6.1; Win64; x64) AppleWebKit/537.36 (KHTML, like Gecko) Chrome/107.0.5304.66 Safari/537.36"
185.191.171.19 - - [14/Apr/2025:06:16:46 +0300] "GET /robots.txt HTTP/1.1" 404 796 "-" "Mozilla/5.0 (compatible; SemrushBot/7~bl; +http://www.semrush.com/bot.html)"
185.191.171.11 - - [14/Apr/2025:06:16:47 +0300] "GET /course/view.php?id=557 HTTP/1.1" 303 754 "-" "Mozilla/5.0 (compatible; SemrushBot/7~bl; +http://www.semrush.com/bot.html)"
85.208.96.206 - - [14/Apr/2025:06:23:13 +0300] "GET /course/view.php?id=500 HTTP/1.1" 303 754 "-" "Mozilla/5.0 (compatible; SemrushBot/7~bl; +http://www.semrush.com/bot.html)"
165.22.254.158 - - [14/Apr/2025:06:25:53 +0300] "GET /login/index.php HTTP/1.1" 500 0 "-" "Mozilla/5.0 (Windows NT 10.0; Win64; x64) AppleWebKit/537.36 (KHTML, like Gecko) Chrome/120.0.6099.71 Safari/537.36"
165.22.254.158 - - [14/Apr/2025:06:25:54 +0300] "POST /login/index.php HTTP/1.1" 303 763 "-" "Mozilla/5.0 (Windows NT 10.0; Win64; x64) AppleWebKit/537.36 (KHTML, like Gecko) Chrome/120.0.6099.71 Safari/537.36"
47.128.25.153 - - [14/Apr/2025:06:27:12 +0300] "GET /robots.txt HTTP/1.1" 404 796 "-" "Mozilla/5.0 (Linux; Android 5.0) AppleWebKit/537.36 (KHTML, like Gecko) Mobile Safari/537.36 (compatible; Bytespider; spider-feedback@bytedance.com)"
185.191.171.5 - - [14/Apr/2025:06:30:50 +0300] "GET /course/view.php?id=526 HTTP/1.1" 303 754 "-" "Mozilla/5.0 (compatible; SemrushBot/7~bl; +http://www.semrush.com/bot.html)"
47.128.119.58 - - [14/Apr/2025:06:35:13 +0300] "GET /robots.txt HTTP/1.1" 404 796 "-" "Mozilla/5.0 (Linux; Android 5.0) AppleWebKit/537.36 (KHTML, like Gecko) Mobile Safari/537.36 (compatible; Bytespider; spider-feedback@bytedance.com)"
47.128.125.176 - - [14/Apr/2025:06:39:12 +0300] "GET /course/index.php?categoryid=101 HTTP/2" 500 0 "-" "Mozilla/5.0 (compatible; Bytespider; spider-feedback@bytedance.com) AppleWebKit/537.36 (KHTML, like Gecko) Chrome/70.0.0.0 Safari/537.36"
47.128.58.110 - - [14/Apr/2025:06:47:24 +0300] "GET /course/index.php?categoryid=236 HTTP/2" 500 0 "-" "Mozilla/5.0 (compatible; Bytespider; spider-feedback@bytedance.com) AppleWebKit/537.36 (KHTML, like Gecko) Chrome/70.0.0.0 Safari/537.36"
64.227.139.48 - - [14/Apr/2025:06:50:35 +0300] "GET /login/index.php HTTP/1.1" 500 0 "-" "Mozilla/5.0 (Windows NT 10.0; Win64; x64) AppleWebKit/537.36 (KHTML, like Gecko) Chrome/120.0.6099.71 Safari/537.36"
64.227.139.48 - - [14/Apr/2025:06:50:36 +0300] "POST /login/index.php HTTP/1.1" 303 763 "-" "Mozilla/5.0 (Windows NT 10.0; Win64; x64) AppleWebKit/537.36 (KHTML, like Gecko) Chrome/120.0.6099.71 Safari/537.36"
85.208.96.199 - - [14/Apr/2025:06:54:26 +0300] "GET /course/view.php?id=575 HTTP/1.1" 303 754 "-" "Mozilla/5.0 (compatible; SemrushBot/7~bl; +http://www.semrush.com/bot.html)"
185.191.171.15 - - [14/Apr/2025:06:56:27 +0300] "GET /course/view.php?id=522 HTTP/1.1" 303 754 "-" "Mozilla/5.0 (compatible; SemrushBot/7~bl; +http://www.semrush.com/bot.html)"
185.191.171.1 - - [14/Apr/2025:06:58:48 +0300] "GET /course/view.php?id=585 HTTP/1.1" 303 754 "-" "Mozilla/5.0 (compatible; SemrushBot/7~bl; +http://www.semrush.com/bot.html)"
64.227.139.48 - - [14/Apr/2025:07:08:39 +0300] "GET /login/index.php HTTP/1.1" 500 0 "-" "Mozilla/5.0 (Windows NT 10.0; Win64; x64) AppleWebKit/537.36 (KHTML, like Gecko) Chrome/120.0.6099.71 Safari/537.36"
64.227.139.48 - - [14/Apr/2025:07:08:40 +0300] "POST /login/index.php HTTP/1.1" 303 763 "-" "Mozilla/5.0 (Windows NT 10.0; Win64; x64) AppleWebKit/537.36 (KHTML, like Gecko) Chrome/120.0.6099.71 Safari/537.36"
66.249.66.19 - - [14/Apr/2025:07:19:12 +0300] "GET /site/?pg=%E0%B8%AA%E0%B8%B9%E0%B8%95%E0%B8%A3%E0%B8%AB%E0%B8%A7%E0%B8%A2%E0%B9%83%E0%B8%8A%E0%B9%89%E0%B9%84%E0%B8%94%E0%B9%89%E0%B8%95%E0%B8%A5%E0%B8%AD%E0%B8%94%E0%B8%9B%E0%B8%B565 HTTP/1.1" 200 73549 "-" "Mozilla/5.0 (Linux; Android 6.0.1; Nexus 5X Build/MMB29P) AppleWebKit/537.36 (KHTML, like Gecko) Chrome/135.0.7049.52 Mobile Safari/537.36 (compatible; Googlebot/2.1; +http://www.google.com/bot.html)"
85.208.96.199 - - [14/Apr/2025:06:41:03 +0300] "GET /course/view.php?id=534 HTTP/1.1" 303 754 "-" "Mozilla/5.0 (compatible; SemrushBot/7~bl; +http://www.semrush.com/bot.html)"
85.208.96.194 - - [14/Apr/2025:06:42:19 +0300] "GET /course/view.php?id=574 HTTP/1.1" 303 754 "-" "Mozilla/5.0 (compatible; SemrushBot/7~bl; +http://www.semrush.com/bot.html)"
185.191.171.18 - - [14/Apr/2025:06:46:29 +0300] "GET /course/view.php?id=595 HTTP/1.1" 303 754 "-" "Mozilla/5.0 (compatible; SemrushBot/7~bl; +http://www.semrush.com/bot.html)"
165.22.254.158 - - [14/Apr/2025:06:51:50 +0300] "GET /login/index.php HTTP/1.1" 500 0 "-" "Mozilla/5.0 (Windows NT 10.0; Win64; x64) AppleWebKit/537.36 (KHTML, like Gecko) Chrome/120.0.6099.71 Safari/537.36"
165.22.254.158 - - [14/Apr/2025:06:51:51 +0300] "POST /login/index.php HTTP/1.1" 303 763 "-" "Mozilla/5.0 (Windows NT 10.0; Win64; x64) AppleWebKit/537.36 (KHTML, like Gecko) Chrome/120.0.6099.71 Safari/537.36"
43.153.76.247 - - [14/Apr/2025:07:05:10 +0300] "GET / HTTP/1.1" 500 0 "http://distance.gluk.ac.ke" "Mozilla/5.0 (iPhone; CPU iPhone OS 13_2_3 like Mac OS X) AppleWebKit/605.1.15 (KHTML, like Gecko) Version/13.0.3 Mobile/15E148 Safari/604.1"
36.37.213.40 - - [14/Apr/2025:07:20:25 +0300] "GET /login/index.php HTTP/1.1" 500 0 "-" "Mozilla/5.0 (Windows NT 10.0; Win64; x64) AppleWebKit/537.36 (KHTML, like Gecko) Chrome/120.0.6099.71 Safari/537.36"
36.37.213.40 - - [14/Apr/2025:07:20:26 +0300] "POST /login/index.php HTTP/1.1" 303 763 "-" "Mozilla/5.0 (Windows NT 10.0; Win64; x64) AppleWebKit/537.36 (KHTML, like Gecko) Chrome/120.0.6099.71 Safari/537.36"
36.37.213.40 - - [14/Apr/2025:07:20:27 +0300] "GET /login/index.php HTTP/1.1" 500 0 "-" "Mozilla/5.0 (Windows NT 10.0; Win64; x64) AppleWebKit/537.36 (KHTML, like Gecko) Chrome/120.0.6099.71 Safari/537.36"
36.37.213.40 - - [14/Apr/2025:07:20:28 +0300] "POST /login/index.php HTTP/1.1" 303 763 "-" "Mozilla/5.0 (Windows NT 10.0; Win64; x64) AppleWebKit/537.36 (KHTML, like Gecko) Chrome/120.0.6099.71 Safari/537.36"
66.249.66.19 - - [14/Apr/2025:07:20:42 +0300] "GET /site/?pg=%E0%B8%AB%E0%B8%A7%E0%B8%A2%E0%B8%A5%E0%B8%B2%E0%B8%A7%E0%B8%A7%E0%B8%B5%E0%B9%84%E0%B8%AD%E0%B8%9E%E0%B8%B5 HTTP/1.1" 200 73451 "-" "Mozilla/5.0 (Linux; Android 6.0.1; Nexus 5X Build/MMB29P) AppleWebKit/537.36 (KHTML, like Gecko) Chrome/135.0.7049.52 Mobile Safari/537.36 (compatible; Googlebot/2.1; +http://www.google.com/bot.html)"
66.249.66.17 - - [14/Apr/2025:07:23:19 +0300] "GET /site/?pg=betflix8k HTTP/1.1" 200 73487 "-" "Mozilla/5.0 (Linux; Android 6.0.1; Nexus 5X Build/MMB29P) AppleWebKit/537.36 (KHTML, like Gecko) Chrome/135.0.7049.52 Mobile Safari/537.36 (compatible; Googlebot/2.1; +http://www.google.com/bot.html)"
66.249.66.17 - - [14/Apr/2025:07:23:35 +0300] "GET /site/css/index.css HTTP/1.1" 404 796 "https://distance.gluk.ac.ke/site/?pg=betflix8k" "Mozilla/5.0 (Linux; Android 6.0.1; Nexus 5X Build/MMB29P) AppleWebKit/537.36 (KHTML, like Gecko) Chrome/134.0.6998.165 Mobile Safari/537.36 (compatible; Googlebot/2.1; +http://www.google.com/bot.html)"
114.119.135.126 - - [14/Apr/2025:07:24:52 +0300] "GET /course/view.php?id=551 HTTP/1.1" 303 754 "https://distance.gluk.ac.ke/course/index.php?categoryid=286" "Mozilla/5.0 (Linux; Android 7.0;) AppleWebKit/537.36 (KHTML, like Gecko) Mobile Safari/537.36 (compatible; PetalBot;+https://webmaster.petalsearch.com/site/petalbot)"
114.119.150.57 - - [14/Apr/2025:07:20:33 +0300] "GET /theme/switchdevice.php?url=https://distance.gluk.ac.ke/login/index.php&device=default&sesskey=wX8viDwGbN HTTP/1.1" 404 0 "https://distance.gluk.ac.ke/course/view.php?id=328" "Mozilla/5.0 (Linux; Android 7.0;) AppleWebKit/537.36 (KHTML, like Gecko) Mobile Safari/537.36 (compatible; PetalBot;+https://webmaster.petalsearch.com/site/petalbot)"
114.119.154.135 - - [14/Apr/2025:07:22:53 +0300] "GET /theme/switchdevice.php?url=https://distance.gluk.ac.ke/login/index.php&device=default&sesskey=RA9s2J3Lpf HTTP/1.1" 404 0 "https://distance.gluk.ac.ke/course/view.php?id=558" "Mozilla/5.0 (Linux; Android 7.0;) AppleWebKit/537.36 (KHTML, like Gecko) Mobile Safari/537.36 (compatible; PetalBot;+https://webmaster.petalsearch.com/site/petalbot)"
66.249.66.19 - - [14/Apr/2025:07:23:22 +0300] "GET /site/css/index.css HTTP/1.1" 404 796 "https://distance.gluk.ac.ke/site/?pg=betflix8k" "Mozilla/5.0 (Linux; Android 6.0.1; Nexus 5X Build/MMB29P) AppleWebKit/537.36 (KHTML, like Gecko) Chrome/134.0.6998.165 Mobile Safari/537.36 (compatible; Googlebot/2.1; +http://www.google.com/bot.html)"
114.119.135.126 - - [14/Apr/2025:07:24:57 +0300] "GET /login/index.php HTTP/1.1" 500 0 "https://distance.gluk.ac.ke/course/index.php?categoryid=286" "Mozilla/5.0 (Linux; Android 7.0;) AppleWebKit/537.36 (KHTML, like Gecko) Mobile Safari/537.36 (compatible; PetalBot;+https://webmaster.petalsearch.com/site/petalbot)"
36.37.213.40 - - [14/Apr/2025:07:43:50 +0300] "GET /login/index.php HTTP/1.1" 500 0 "-" "Mozilla/5.0 (Windows NT 10.0; Win64; x64) AppleWebKit/537.36 (KHTML, like Gecko) Chrome/120.0.6099.71 Safari/537.36"
36.37.213.40 - - [14/Apr/2025:07:43:51 +0300] "POST /login/index.php HTTP/1.1" 303 763 "-" "Mozilla/5.0 (Windows NT 10.0; Win64; x64) AppleWebKit/537.36 (KHTML, like Gecko) Chrome/120.0.6099.71 Safari/537.36"
185.191.171.2 - - [14/Apr/2025:07:47:42 +0300] "GET /course/view.php?id=518 HTTP/1.1" 303 754 "-" "Mozilla/5.0 (compatible; SemrushBot/7~bl; +http://www.semrush.com/bot.html)"
185.191.171.19 - - [14/Apr/2025:07:48:08 +0300] "GET /course/view.php?id=537 HTTP/1.1" 303 754 "-" "Mozilla/5.0 (compatible; SemrushBot/7~bl; +http://www.semrush.com/bot.html)"
114.119.135.186 - - [14/Apr/2025:07:33:31 +0300] "GET /course/index.php?categoryid=78 HTTP/1.1" 500 0 "https://distance.gluk.ac.ke/course/index.php?categoryid=212" "Mozilla/5.0 (Linux; Android 7.0;) AppleWebKit/537.36 (KHTML, like Gecko) Mobile Safari/537.36 (compatible; PetalBot;+https://webmaster.petalsearch.com/site/petalbot)"
36.37.213.40 - - [14/Apr/2025:07:40:13 +0300] "GET /login/index.php HTTP/1.1" 500 0 "-" "Mozilla/5.0 (Windows NT 10.0; Win64; x64) AppleWebKit/537.36 (KHTML, like Gecko) Chrome/120.0.6099.71 Safari/537.36"
36.37.213.40 - - [14/Apr/2025:07:40:14 +0300] "POST /login/index.php HTTP/1.1" 303 763 "-" "Mozilla/5.0 (Windows NT 10.0; Win64; x64) AppleWebKit/537.36 (KHTML, like Gecko) Chrome/120.0.6099.71 Safari/537.36"
185.191.171.19 - - [14/Apr/2025:07:41:21 +0300] "GET /robots.txt HTTP/1.1" 404 796 "-" "Mozilla/5.0 (compatible; SemrushBot/7~bl; +http://www.semrush.com/bot.html)"
185.191.171.3 - - [14/Apr/2025:07:41:22 +0300] "GET /course/view.php?id=499 HTTP/1.1" 303 754 "-" "Mozilla/5.0 (compatible; SemrushBot/7~bl; +http://www.semrush.com/bot.html)"
185.191.171.7 - - [14/Apr/2025:07:45:13 +0300] "GET /course/view.php?id=505 HTTP/1.1" 303 754 "-" "Mozilla/5.0 (compatible; SemrushBot/7~bl; +http://www.semrush.com/bot.html)"
52.167.144.196 - - [14/Apr/2025:07:55:33 +0300] "GET / HTTP/2" 500 0 "-" "Mozilla/5.0 AppleWebKit/537.36 (KHTML, like Gecko; compatible; bingbot/2.0; +http://www.bing.com/bingbot.htm) Chrome/116.0.1938.76 Safari/537.36"
103.65.237.52 - - [14/Apr/2025:08:17:39 +0300] "GET /login/index.php HTTP/1.1" 500 0 "-" "Mozilla/5.0 (Windows NT 10.0; Win64; x64) AppleWebKit/537.36 (KHTML, like Gecko) Chrome/120.0.6099.71 Safari/537.36"
103.65.237.52 - - [14/Apr/2025:08:17:40 +0300] "POST /login/index.php HTTP/1.1" 303 763 "-" "Mozilla/5.0 (Windows NT 10.0; Win64; x64) AppleWebKit/537.36 (KHTML, like Gecko) Chrome/120.0.6099.71 Safari/537.36"
85.208.96.197 - - [14/Apr/2025:08:31:28 +0300] "GET /course/view.php?id=563 HTTP/1.1" 303 754 "-" "Mozilla/5.0 (compatible; SemrushBot/7~bl; +http://www.semrush.com/bot.html)"
103.65.237.52 - - [14/Apr/2025:08:40:47 +0300] "GET /login/index.php HTTP/1.1" 500 0 "-" "Mozilla/5.0 (Windows NT 10.0; Win64; x64) AppleWebKit/537.36 (KHTML, like Gecko) Chrome/120.0.6099.71 Safari/537.36"
103.65.237.52 - - [14/Apr/2025:08:40:47 +0300] "POST /login/index.php HTTP/1.1" 303 763 "-" "Mozilla/5.0 (Windows NT 10.0; Win64; x64) AppleWebKit/537.36 (KHTML, like Gecko) Chrome/120.0.6099.71 Safari/537.36"
185.191.171.17 - - [14/Apr/2025:08:45:34 +0300] "GET /robots.txt HTTP/1.1" 404 796 "-" "Mozilla/5.0 (compatible; SemrushBot/7~bl; +http://www.semrush.com/bot.html)"
185.191.171.13 - - [14/Apr/2025:07:58:11 +0300] "GET /course/view.php?id=525 HTTP/1.1" 303 754 "-" "Mozilla/5.0 (compatible; SemrushBot/7~bl; +http://www.semrush.com/bot.html)"
139.99.62.223 - - [14/Apr/2025:08:08:10 +0300] "GET / HTTP/2" 500 0 "-" "Mozilla/5.0 (Windows NT 10.0; Win64; x64) AppleWebKit/537.36 (KHTML, like Gecko) Chrome/134.0.0.0 Safari/537.36"
66.249.66.19 - - [14/Apr/2025:08:08:57 +0300] "GET /site/ HTTP/1.1" 200 101 "-" "Mozilla/5.0 (compatible; Googlebot/2.1; +http://www.google.com/bot.html)"
66.249.66.18 - - [14/Apr/2025:08:08:57 +0300] "GET /site/ HTTP/1.1" 200 101 "-" "Mozilla/5.0 (Linux; Android 6.0.1; Nexus 5X Build/MMB29P) AppleWebKit/537.36 (KHTML, like Gecko) Chrome/99.0.4844.84 Mobile Safari/537.36 (compatible; Googlebot/2.1; +http://www.google.com/bot.html)"
36.37.213.40 - - [14/Apr/2025:08:09:11 +0300] "GET /login/index.php HTTP/1.1" 500 0 "-" "Mozilla/5.0 (Windows NT 10.0; Win64; x64) AppleWebKit/537.36 (KHTML, like Gecko) Chrome/120.0.6099.71 Safari/537.36"
36.37.213.40 - - [14/Apr/2025:08:09:12 +0300] "POST /login/index.php HTTP/1.1" 303 763 "-" "Mozilla/5.0 (Windows NT 10.0; Win64; x64) AppleWebKit/537.36 (KHTML, like Gecko) Chrome/120.0.6099.71 Safari/537.36"
36.37.213.40 - - [14/Apr/2025:08:09:13 +0300] "GET /login/index.php HTTP/1.1" 500 0 "-" "Mozilla/5.0 (Windows NT 10.0; Win64; x64) AppleWebKit/537.36 (KHTML, like Gecko) Chrome/120.0.6099.71 Safari/537.36"
36.37.213.40 - - [14/Apr/2025:08:09:14 +0300] "POST /login/index.php HTTP/1.1" 303 763 "-" "Mozilla/5.0 (Windows NT 10.0; Win64; x64) AppleWebKit/537.36 (KHTML, like Gecko) Chrome/120.0.6099.71 Safari/537.36"
129.222.187.124 - - [14/Apr/2025:08:16:11 +0300] "GET /course/search.php HTTP/2" 500 0 "-" "Mozilla/5.0 (Windows NT 10.0; Win64; x64; rv:137.0) Gecko/20100101 Firefox/137.0"
103.65.237.52 - - [14/Apr/2025:08:28:56 +0300] "GET /login/index.php HTTP/1.1" 500 0 "-" "Mozilla/5.0 (Windows NT 10.0; Win64; x64) AppleWebKit/537.36 (KHTML, like Gecko) Chrome/120.0.6099.71 Safari/537.36"
103.65.237.52 - - [14/Apr/2025:08:28:57 +0300] "POST /login/index.php HTTP/1.1" 303 763 "-" "Mozilla/5.0 (Windows NT 10.0; Win64; x64) AppleWebKit/537.36 (KHTML, like Gecko) Chrome/120.0.6099.71 Safari/537.36"
17.241.75.229 - - [14/Apr/2025:08:37:46 +0300] "GET /robots.txt HTTP/1.1" 404 796 "-" "Mozilla/5.0 (Macintosh; Intel Mac OS X 10_15_7) AppleWebKit/605.1.15 (KHTML, like Gecko) Version/17.4 Safari/605.1.15 (Applebot/0.1; +http://www.apple.com/go/applebot)"
17.241.75.229 - - [14/Apr/2025:08:37:48 +0300] "GET /course/index.php?categoryid=15 HTTP/1.1" 500 0 "-" "Mozilla/5.0 (Macintosh; Intel Mac OS X 10_15_7) AppleWebKit/605.1.15 (KHTML, like Gecko) Version/17.4 Safari/605.1.15 (Applebot/0.1; +http://www.apple.com/go/applebot)"
103.65.237.52 - - [14/Apr/2025:08:40:45 +0300] "GET /login/index.php HTTP/1.1" 500 0 "-" "Mozilla/5.0 (Windows NT 10.0; Win64; x64) AppleWebKit/537.36 (KHTML, like Gecko) Chrome/120.0.6099.71 Safari/537.36"
103.65.237.52 - - [14/Apr/2025:08:40:46 +0300] "POST /login/index.php HTTP/1.1" 303 763 "-" "Mozilla/5.0 (Windows NT 10.0; Win64; x64) AppleWebKit/537.36 (KHTML, like Gecko) Chrome/120.0.6099.71 Safari/537.36"
85.208.96.203 - - [14/Apr/2025:08:45:35 +0300] "GET /course/view.php?id=587 HTTP/1.1" 303 754 "-" "Mozilla/5.0 (compatible; SemrushBot/7~bl; +http://www.semrush.com/bot.html)"
161.97.149.199 - - [14/Apr/2025:08:54:21 +0300] "GET / HTTP/1.1" 500 0 "-" "Mozilla/5.0 (Macintosh; Intel Mac OS X 10_15_7) AppleWebKit/537.36 (KHTML, like Gecko) Chrome/127.0.0 Safari/537.36"
103.65.237.52 - - [14/Apr/2025:08:56:54 +0300] "GET /login/index.php HTTP/1.1" 500 0 "-" "Mozilla/5.0 (Windows NT 10.0; Win64; x64) AppleWebKit/537.36 (KHTML, like Gecko) Chrome/120.0.6099.71 Safari/537.36"
103.65.237.52 - - [14/Apr/2025:08:56:56 +0300] "POST /login/index.php HTTP/1.1" 303 763 "-" "Mozilla/5.0 (Windows NT 10.0; Win64; x64) AppleWebKit/537.36 (KHTML, like Gecko) Chrome/120.0.6099.71 Safari/537.36"
75.119.143.203 - - [14/Apr/2025:08:54:17 +0300] "GET / HTTP/1.1" 500 0 "-" "Mozilla/5.0 (Macintosh; Intel Mac OS X 10_15_7) AppleWebKit/537.36 (KHTML, like Gecko) Chrome/127.0.0 Safari/537.36"
75.119.135.232 - - [14/Apr/2025:08:54:20 +0300] "GET / HTTP/1.1" 500 0 "-" "Mozilla/5.0 (Macintosh; Intel Mac OS X 10_15_7) AppleWebKit/537.36 (KHTML, like Gecko) Chrome/127.0.0 Safari/537.36"
185.191.171.1 - - [14/Apr/2025:08:56:11 +0300] "GET /course/view.php?id=529 HTTP/1.1" 303 754 "-" "Mozilla/5.0 (compatible; SemrushBot/7~bl; +http://www.semrush.com/bot.html)"
85.208.96.209 - - [14/Apr/2025:09:01:46 +0300] "GET /course/view.php?id=580 HTTP/1.1" 303 754 "-" "Mozilla/5.0 (compatible; SemrushBot/7~bl; +http://www.semrush.com/bot.html)"
185.191.171.16 - - [14/Apr/2025:09:11:50 +0300] "GET /user/profile.php?id=111 HTTP/1.1" 303 754 "-" "Mozilla/5.0 (compatible; SemrushBot/7~bl; +http://www.semrush.com/bot.html)"
66.249.66.19 - - [14/Apr/2025:09:15:00 +0300] "GET /course/index.php?categoryid=246 HTTP/1.1" 200 0 "-" "Mozilla/5.0 (Linux; Android 6.0.1; Nexus 5X Build/MMB29P) AppleWebKit/537.36 (KHTML, like Gecko) Chrome/135.0.7049.52 Mobile Safari/537.36 (compatible; Googlebot/2.1; +http://www.google.com/bot.html)"
4.151.241.247 - - [14/Apr/2025:09:21:11 +0300] "GET / HTTP/2" 500 0 "-" "Mozilla/5.0 AppleWebKit/537.36 (KHTML, like Gecko); compatible; ChatGPT-User/1.0; +https://openai.com/bot"
4.151.241.251 - - [14/Apr/2025:09:21:12 +0300] "GET / HTTP/2" 200 0 "-" "Mozilla/5.0 AppleWebKit/537.36 (KHTML, like Gecko); compatible; ChatGPT-User/1.0; +https://openai.com/bot"
66.249.66.19 - - [14/Apr/2025:09:21:21 +0300] "GET /site/?pg=%E0%B8%9C%E0%B8%A5%E0%B8%9A%E0%B8%AD%E0%B8%A5%E0%B8%A3%E0%B8%B2%E0%B8%8A%E0%B8%9A%E0%B8%B8%E0%B8%A3%E0%B8%B5 HTTP/1.1" 200 73441 "-" "Mozilla/5.0 (Linux; Android 6.0.1; Nexus 5X Build/MMB29P) AppleWebKit/537.36 (KHTML, like Gecko) Chrome/135.0.7049.52 Mobile Safari/537.36 (compatible; Googlebot/2.1; +http://www.google.com/bot.html)"
103.65.237.52 - - [14/Apr/2025:09:22:24 +0300] "GET /login/index.php HTTP/1.1" 500 0 "-" "Mozilla/5.0 (Windows NT 10.0; Win64; x64) AppleWebKit/537.36 (KHTML, like Gecko) Chrome/120.0.6099.71 Safari/537.36"
103.65.237.52 - - [14/Apr/2025:09:22:25 +0300] "POST /login/index.php HTTP/1.1" 303 763 "-" "Mozilla/5.0 (Windows NT 10.0; Win64; x64) AppleWebKit/537.36 (KHTML, like Gecko) Chrome/120.0.6099.71 Safari/537.36"
103.65.237.52 - - [14/Apr/2025:09:05:15 +0300] "GET /login/index.php HTTP/1.1" 500 0 "-" "Mozilla/5.0 (Windows NT 10.0; Win64; x64) AppleWebKit/537.36 (KHTML, like Gecko) Chrome/120.0.6099.71 Safari/537.36"
103.65.237.52 - - [14/Apr/2025:09:05:16 +0300] "POST /login/index.php HTTP/1.1" 303 763 "-" "Mozilla/5.0 (Windows NT 10.0; Win64; x64) AppleWebKit/537.36 (KHTML, like Gecko) Chrome/120.0.6099.71 Safari/537.36"
85.208.96.210 - - [14/Apr/2025:09:09:22 +0300] "GET /course/view.php?id=541 HTTP/1.1" 303 754 "-" "Mozilla/5.0 (compatible; SemrushBot/7~bl; +http://www.semrush.com/bot.html)"
64.227.139.48 - - [14/Apr/2025:09:13:57 +0300] "GET /login/index.php HTTP/1.1" 500 0 "-" "Mozilla/5.0 (Windows NT 10.0; Win64; x64) AppleWebKit/537.36 (KHTML, like Gecko) Chrome/120.0.6099.71 Safari/537.36"
64.227.139.48 - - [14/Apr/2025:09:13:58 +0300] "POST /login/index.php HTTP/1.1" 303 763 "-" "Mozilla/5.0 (Windows NT 10.0; Win64; x64) AppleWebKit/537.36 (KHTML, like Gecko) Chrome/120.0.6099.71 Safari/537.36"
185.191.171.19 - - [14/Apr/2025:09:16:48 +0300] "GET /course/view.php?id=523 HTTP/1.1" 303 754 "-" "Mozilla/5.0 (compatible; SemrushBot/7~bl; +http://www.semrush.com/bot.html)"
103.65.237.52 - - [14/Apr/2025:09:19:13 +0300] "GET /login/index.php HTTP/1.1" 500 0 "-" "Mozilla/5.0 (Windows NT 10.0; Win64; x64) AppleWebKit/537.36 (KHTML, like Gecko) Chrome/120.0.6099.71 Safari/537.36"
103.65.237.52 - - [14/Apr/2025:09:19:13 +0300] "POST /login/index.php HTTP/1.1" 303 763 "-" "Mozilla/5.0 (Windows NT 10.0; Win64; x64) AppleWebKit/537.36 (KHTML, like Gecko) Chrome/120.0.6099.71 Safari/537.36"
4.151.241.244 - - [14/Apr/2025:09:21:10 +0300] "GET / HTTP/2" 500 0 "-" "Mozilla/5.0 AppleWebKit/537.36 (KHTML, like Gecko); compatible; ChatGPT-User/1.0; +https://openai.com/bot"
167.71.215.252 - - [14/Apr/2025:09:21:21 +0300] "GET / HTTP/1.1" 500 0 "-" "python-requests/2.32.3"
66.249.66.17 - - [14/Apr/2025:09:21:40 +0300] "GET /site/css/index.css HTTP/1.1" 404 796 "https://distance.gluk.ac.ke/site/?pg=%E0%B8%9C%E0%B8%A5%E0%B8%9A%E0%B8%AD%E0%B8%A5%E0%B8%A3%E0%B8%B2%E0%B8%8A%E0%B8%9A%E0%B8%B8%E0%B8%A3%E0%B8%B5" "Mozilla/5.0 (Linux; Android 6.0.1; Nexus 5X Build/MMB29P) AppleWebKit/537.36 (KHTML, like Gecko) Chrome/134.0.6998.165 Mobile Safari/537.36 (compatible; Googlebot/2.1; +http://www.google.com/bot.html)"
185.191.171.2 - - [14/Apr/2025:09:23:11 +0300] "GET /user/profile.php?id=110 HTTP/1.1" 303 754 "-" "Mozilla/5.0 (compatible; SemrushBot/7~bl; +http://www.semrush.com/bot.html)"
66.249.66.18 - - [14/Apr/2025:09:23:21 +0300] "GET /site/?pg=%E0%B8%97%E0%B8%B2%E0%B8%87%E0%B9%80%E0%B8%82%E0%B9%89%E0%B8%B2%E0%B9%80%E0%B8%A5%E0%B9%88%E0%B8%99pg+slot+auto HTTP/1.1" 200 73553 "-" "Mozilla/5.0 (Linux; Android 6.0.1; Nexus 5X Build/MMB29P) AppleWebKit/537.36 (KHTML, like Gecko) Chrome/135.0.7049.52 Mobile Safari/537.36 (compatible; Googlebot/2.1; +http://www.google.com/bot.html)"
66.249.66.17 - - [14/Apr/2025:09:23:23 +0300] "GET /site/css/index.css HTTP/1.1" 404 796 "https://distance.gluk.ac.ke/site/?pg=%E0%B8%97%E0%B8%B2%E0%B8%87%E0%B9%80%E0%B8%82%E0%B9%89%E0%B8%B2%E0%B9%80%E0%B8%A5%E0%B9%88%E0%B8%99pg+slot+auto" "Mozilla/5.0 (Linux; Android 6.0.1; Nexus 5X Build/MMB29P) AppleWebKit/537.36 (KHTML, like Gecko) Chrome/134.0.6998.165 Mobile Safari/537.36 (compatible; Googlebot/2.1; +http://www.google.com/bot.html)"
66.249.66.19 - - [14/Apr/2025:09:24:19 +0300] "GET /site/?pg=%E0%B9%80%E0%B8%A7%E0%B9%87%E0%B8%9A+%E0%B8%8A%E0%B8%B1%E0%B8%94%E0%B9%80%E0%B8%88%E0%B8%99 HTTP/1.1" 200 73506 "-" "Mozilla/5.0 (Linux; Android 6.0.1; Nexus 5X Build/MMB29P) AppleWebKit/537.36 (KHTML, like Gecko) Chrome/135.0.7049.52 Mobile Safari/537.36 (compatible; Googlebot/2.1; +http://www.google.com/bot.html)"
66.249.66.17 - - [14/Apr/2025:09:25:32 +0300] "GET /site/css/index.css HTTP/1.1" 404 796 "https://distance.gluk.ac.ke/site/?pg=%E0%B8%95%E0%B8%A3%E0%B8%A7%E0%B8%88%E0%B8%AB%E0%B8%A7%E0%B8%A216%E0%B8%95%E0%B8%B8%E0%B8%A5%E0%B8%B2%E0%B8%84%E0%B8%A1+%E0%B9%84%E0%B8%97%E0%B8%A2%E0%B8%A3%E0%B8%B1%E0%B8%90" "Mozilla/5.0 (Linux; Android 6.0.1; Nexus 5X Build/MMB29P) AppleWebKit/537.36 (KHTML, like Gecko) Chrome/134.0.6998.165 Mobile Safari/537.36 (compatible; Googlebot/2.1; +http://www.google.com/bot.html)"
66.249.66.17 - - [14/Apr/2025:09:26:51 +0300] "GET /site/?pg=betkubwin HTTP/1.1" 200 73484 "-" "Mozilla/5.0 (Linux; Android 6.0.1; Nexus 5X Build/MMB29P) AppleWebKit/537.36 (KHTML, like Gecko) Chrome/135.0.7049.52 Mobile Safari/537.36 (compatible; Googlebot/2.1; +http://www.google.com/bot.html)"
66.249.66.17 - - [14/Apr/2025:09:28:19 +0300] "GET /site/?pg=Imi189+casino HTTP/1.1" 200 73386 "-" "Mozilla/5.0 (Linux; Android 6.0.1; Nexus 5X Build/MMB29P) AppleWebKit/537.36 (KHTML, like Gecko) Chrome/135.0.7049.52 Mobile Safari/537.36 (compatible; Googlebot/2.1; +http://www.google.com/bot.html)"
66.249.66.17 - - [14/Apr/2025:09:30:31 +0300] "GET /site/css/index.css HTTP/1.1" 404 796 "https://distance.gluk.ac.ke/site/?pg=Imi189+casino" "Mozilla/5.0 (Linux; Android 6.0.1; Nexus 5X Build/MMB29P) AppleWebKit/537.36 (KHTML, like Gecko) Chrome/134.0.6998.165 Mobile Safari/537.36 (compatible; Googlebot/2.1; +http://www.google.com/bot.html)"
85.208.96.199 - - [14/Apr/2025:09:31:08 +0300] "GET /course/view.php?id=536 HTTP/1.1" 303 754 "-" "Mozilla/5.0 (compatible; SemrushBot/7~bl; +http://www.semrush.com/bot.html)"
165.22.254.158 - - [14/Apr/2025:09:35:19 +0300] "GET /login/index.php HTTP/1.1" 500 0 "-" "Mozilla/5.0 (Windows NT 10.0; Win64; x64) AppleWebKit/537.36 (KHTML, like Gecko) Chrome/120.0.6099.71 Safari/537.36"
165.22.254.158 - - [14/Apr/2025:09:35:22 +0300] "POST /login/index.php HTTP/1.1" 303 763 "-" "Mozilla/5.0 (Windows NT 10.0; Win64; x64) AppleWebKit/537.36 (KHTML, like Gecko) Chrome/120.0.6099.71 Safari/537.36"
114.10.41.61 - - [14/Apr/2025:09:48:28 +0300] "GET /login/index.php HTTP/1.1" 500 0 "-" "Mozilla/5.0 (Windows NT 10.0; Win64; x64) AppleWebKit/537.36 (KHTML, like Gecko) Chrome/120.0.6099.71 Safari/537.36"
114.10.41.61 - - [14/Apr/2025:09:48:29 +0300] "POST /login/index.php HTTP/1.1" 303 763 "-" "Mozilla/5.0 (Windows NT 10.0; Win64; x64) AppleWebKit/537.36 (KHTML, like Gecko) Chrome/120.0.6099.71 Safari/537.36"
185.191.171.19 - - [14/Apr/2025:09:49:33 +0300] "GET /robots.txt HTTP/1.1" 404 796 "-" "Mozilla/5.0 (compatible; SemrushBot/7~bl; +http://www.semrush.com/bot.html)"
66.249.66.19 - - [14/Apr/2025:09:49:57 +0300] "GET /course/index.php?categoryid=4 HTTP/1.1" 200 0 "-" "Mozilla/5.0 (Linux; Android 6.0.1; Nexus 5X Build/MMB29P) AppleWebKit/537.36 (KHTML, like Gecko) Chrome/135.0.7049.52 Mobile Safari/537.36 (compatible; Googlebot/2.1; +http://www.google.com/bot.html)"
66.249.66.18 - - [14/Apr/2025:09:25:28 +0300] "GET /site/?pg=%E0%B8%95%E0%B8%A3%E0%B8%A7%E0%B8%88%E0%B8%AB%E0%B8%A7%E0%B8%A216%E0%B8%95%E0%B8%B8%E0%B8%A5%E0%B8%B2%E0%B8%84%E0%B8%A1+%E0%B9%84%E0%B8%97%E0%B8%A2%E0%B8%A3%E0%B8%B1%E0%B8%90 HTTP/1.1" 200 73610 "-" "Mozilla/5.0 (Linux; Android 6.0.1; Nexus 5X Build/MMB29P) AppleWebKit/537.36 (KHTML, like Gecko) Chrome/135.0.7049.52 Mobile Safari/537.36 (compatible; Googlebot/2.1; +http://www.google.com/bot.html)"
114.10.41.61 - - [14/Apr/2025:09:48:26 +0300] "GET /login/index.php HTTP/1.1" 500 0 "-" "Mozilla/5.0 (Windows NT 10.0; Win64; x64) AppleWebKit/537.36 (KHTML, like Gecko) Chrome/120.0.6099.71 Safari/537.36"
114.10.41.61 - - [14/Apr/2025:09:48:27 +0300] "POST /login/index.php HTTP/1.1" 303 763 "-" "Mozilla/5.0 (Windows NT 10.0; Win64; x64) AppleWebKit/537.36 (KHTML, like Gecko) Chrome/120.0.6099.71 Safari/537.36"
114.10.41.61 - - [14/Apr/2025:09:48:30 +0300] "GET /login/index.php HTTP/1.1" 500 0 "-" "Mozilla/5.0 (Windows NT 10.0; Win64; x64) AppleWebKit/537.36 (KHTML, like Gecko) Chrome/120.0.6099.71 Safari/537.36"
114.10.41.61 - - [14/Apr/2025:09:48:31 +0300] "POST /login/index.php HTTP/1.1" 303 763 "-" "Mozilla/5.0 (Windows NT 10.0; Win64; x64) AppleWebKit/537.36 (KHTML, like Gecko) Chrome/120.0.6099.71 Safari/537.36"
85.208.96.197 - - [14/Apr/2025:09:49:34 +0300] "GET /course/view.php?id=535 HTTP/1.1" 303 754 "-" "Mozilla/5.0 (compatible; SemrushBot/7~bl; +http://www.semrush.com/bot.html)"
185.191.171.5 - - [14/Apr/2025:10:00:07 +0300] "GET /user/profile.php?id=113 HTTP/1.1" 303 754 "-" "Mozilla/5.0 (compatible; SemrushBot/7~bl; +http://www.semrush.com/bot.html)"
167.71.215.252 - - [14/Apr/2025:10:01:17 +0300] "GET /y/3.php HTTP/1.1" 404 796 "-" "python-requests/2.32.3"
167.71.215.252 - - [14/Apr/2025:10:01:17 +0300] "GET /x/2.php HTTP/1.1" 404 796 "-" "python-requests/2.32.3"
167.71.215.252 - - [14/Apr/2025:10:01:17 +0300] "GET /y/5.php HTTP/1.1" 404 796 "-" "python-requests/2.32.3"
167.71.215.252 - - [14/Apr/2025:10:01:18 +0300] "GET /e9.php HTTP/1.1" 404 796 "-" "python-requests/2.32.3"
167.71.215.252 - - [14/Apr/2025:10:01:18 +0300] "GET /f9.php HTTP/1.1" 404 796 "-" "python-requests/2.32.3"
167.71.215.252 - - [14/Apr/2025:10:01:18 +0300] "GET /a.php HTTP/1.1" 404 796 "-" "python-requests/2.32.3"
167.71.215.252 - - [14/Apr/2025:10:01:18 +0300] "GET /k.php HTTP/1.1" 404 796 "-" "python-requests/2.32.3"
167.71.215.252 - - [14/Apr/2025:10:01:18 +0300] "GET /m.php HTTP/1.1" 404 796 "-" "python-requests/2.32.3"
167.71.215.252 - - [14/Apr/2025:10:01:18 +0300] "GET /img/h.php HTTP/1.1" 404 796 "-" "python-requests/2.32.3"
167.71.215.252 - - [14/Apr/2025:10:01:18 +0300] "GET /uploads/p.php HTTP/1.1" 404 796 "-" "python-requests/2.32.3"
167.71.215.252 - - [14/Apr/2025:10:01:18 +0300] "GET /img/m.php HTTP/1.1" 404 796 "-" "python-requests/2.32.3"
167.71.215.252 - - [14/Apr/2025:10:01:18 +0300] "GET /p8.php HTTP/1.1" 404 796 "-" "python-requests/2.32.3"
167.71.215.252 - - [14/Apr/2025:10:01:18 +0300] "GET /u/9.php HTTP/1.1" 404 796 "-" "python-requests/2.32.3"
167.71.215.252 - - [14/Apr/2025:10:01:19 +0300] "GET /b8.php HTTP/1.1" 404 796 "-" "python-requests/2.32.3"
167.71.215.252 - - [14/Apr/2025:10:01:19 +0300] "GET /r/7.php HTTP/1.1" 404 796 "-" "python-requests/2.32.3"
167.71.215.252 - - [14/Apr/2025:10:01:19 +0300] "GET /e5.php HTTP/1.1" 404 796 "-" "python-requests/2.32.3"
167.71.215.252 - - [14/Apr/2025:10:01:19 +0300] "GET /img/w.php HTTP/1.1" 404 796 "-" "python-requests/2.32.3"
167.71.215.252 - - [14/Apr/2025:10:01:20 +0300] "GET /o9.php HTTP/1.1" 404 796 "-" "python-requests/2.32.3"
167.71.215.252 - - [14/Apr/2025:10:01:20 +0300] "GET /g/9.php HTTP/1.1" 404 796 "-" "python-requests/2.32.3"
167.71.215.252 - - [14/Apr/2025:10:01:20 +0300] "GET /img/b.php HTTP/1.1" 404 796 "-" "python-requests/2.32.3"
167.71.215.252 - - [14/Apr/2025:10:01:20 +0300] "GET /x9.php HTTP/1.1" 404 796 "-" "python-requests/2.32.3"
167.71.215.252 - - [14/Apr/2025:10:01:20 +0300] "GET /u5.php HTTP/1.1" 404 796 "-" "python-requests/2.32.3"
167.71.215.252 - - [14/Apr/2025:10:01:21 +0300] "GET /w7.php HTTP/1.1" 404 796 "-" "python-requests/2.32.3"
167.71.215.252 - - [14/Apr/2025:10:01:21 +0300] "GET /c4.php HTTP/1.1" 404 796 "-" "python-requests/2.32.3"
167.71.215.252 - - [14/Apr/2025:10:01:21 +0300] "GET /l/4.php HTTP/1.1" 404 796 "-" "python-requests/2.32.3"
167.71.215.252 - - [14/Apr/2025:10:01:21 +0300] "GET /i4.php HTTP/1.1" 404 796 "-" "python-requests/2.32.3"
167.71.215.252 - - [14/Apr/2025:10:01:21 +0300] "GET /w5.php HTTP/1.1" 404 796 "-" "python-requests/2.32.3"
167.71.215.252 - - [14/Apr/2025:10:01:21 +0300] "GET /ff.php HTTP/1.1" 404 796 "-" "python-requests/2.32.3"
167.71.215.252 - - [14/Apr/2025:10:01:22 +0300] "GET /h/5.php HTTP/1.1" 404 796 "-" "python-requests/2.32.3"
167.71.215.252 - - [14/Apr/2025:10:01:22 +0300] "GET /g5.php HTTP/1.1" 404 796 "-" "python-requests/2.32.3"
167.71.215.252 - - [14/Apr/2025:10:01:22 +0300] "GET /uploads/z.php HTTP/1.1" 404 796 "-" "python-requests/2.32.3"
167.71.215.252 - - [14/Apr/2025:10:01:22 +0300] "GET /d/8.php HTTP/1.1" 404 796 "-" "python-requests/2.32.3"
167.71.215.252 - - [14/Apr/2025:10:01:22 +0300] "GET /g3.php HTTP/1.1" 404 796 "-" "python-requests/2.32.3"
167.71.215.252 - - [14/Apr/2025:10:01:22 +0300] "GET /img/x.php HTTP/1.1" 404 796 "-" "python-requests/2.32.3"
167.71.215.252 - - [14/Apr/2025:10:01:22 +0300] "GET /p/2.php HTTP/1.1" 404 796 "-" "python-requests/2.32.3"
167.71.215.252 - - [14/Apr/2025:10:01:10 +0300] "GET / HTTP/1.1" 500 0 "-" "python-requests/2.32.3"
167.71.215.252 - - [14/Apr/2025:10:01:17 +0300] "GET /w4.php HTTP/1.1" 404 796 "-" "python-requests/2.32.3"
167.71.215.252 - - [14/Apr/2025:10:01:17 +0300] "GET /f/6.php HTTP/1.1" 404 796 "-" "python-requests/2.32.3"
167.71.215.252 - - [14/Apr/2025:10:01:17 +0300] "GET /j/0.php HTTP/1.1" 404 796 "-" "python-requests/2.32.3"
167.71.215.252 - - [14/Apr/2025:10:01:17 +0300] "GET /f/8.php HTTP/1.1" 404 796 "-" "python-requests/2.32.3"
167.71.215.252 - - [14/Apr/2025:10:01:17 +0300] "GET /img/i.php HTTP/1.1" 404 796 "-" "python-requests/2.32.3"
167.71.215.252 - - [14/Apr/2025:10:01:17 +0300] "GET /c7.php HTTP/1.1" 404 796 "-" "python-requests/2.32.3"
167.71.215.252 - - [14/Apr/2025:10:01:17 +0300] "GET /g8.php HTTP/1.1" 404 796 "-" "python-requests/2.32.3"
167.71.215.252 - - [14/Apr/2025:10:01:18 +0300] "GET /v.php HTTP/1.1" 404 796 "-" "python-requests/2.32.3"
167.71.215.252 - - [14/Apr/2025:10:01:18 +0300] "GET /x4.php HTTP/1.1" 404 796 "-" "python-requests/2.32.3"
167.71.215.252 - - [14/Apr/2025:10:01:18 +0300] "GET /x/3.php HTTP/1.1" 404 796 "-" "python-requests/2.32.3"
167.71.215.252 - - [14/Apr/2025:10:01:18 +0300] "GET /d/9.php HTTP/1.1" 404 796 "-" "python-requests/2.32.3"
167.71.215.252 - - [14/Apr/2025:10:01:18 +0300] "GET /e7.php HTTP/1.1" 404 796 "-" "python-requests/2.32.3"
167.71.215.252 - - [14/Apr/2025:10:01:18 +0300] "GET /c.php HTTP/1.1" 404 796 "-" "python-requests/2.32.3"
167.71.215.252 - - [14/Apr/2025:10:01:18 +0300] "GET /v5.php HTTP/1.1" 404 796 "-" "python-requests/2.32.3"
167.71.215.252 - - [14/Apr/2025:10:01:19 +0300] "GET /m/2.php HTTP/1.1" 404 796 "-" "python-requests/2.32.3"
167.71.215.252 - - [14/Apr/2025:10:01:19 +0300] "GET /o/9.php HTTP/1.1" 404 796 "-" "python-requests/2.32.3"
167.71.215.252 - - [14/Apr/2025:10:01:19 +0300] "GET /o/8.php HTTP/1.1" 404 796 "-" "python-requests/2.32.3"
167.71.215.252 - - [14/Apr/2025:10:01:19 +0300] "GET /o4.php HTTP/1.1" 404 796 "-" "python-requests/2.32.3"
167.71.215.252 - - [14/Apr/2025:10:01:19 +0300] "GET /l/8.php HTTP/1.1" 404 796 "-" "python-requests/2.32.3"
167.71.215.252 - - [14/Apr/2025:10:01:19 +0300] "GET /uploads/c.php HTTP/1.1" 404 796 "-" "python-requests/2.32.3"
167.71.215.252 - - [14/Apr/2025:10:01:19 +0300] "GET /t/2.php HTTP/1.1" 404 796 "-" "python-requests/2.32.3"
167.71.215.252 - - [14/Apr/2025:10:01:19 +0300] "GET /b5.php HTTP/1.1" 404 796 "-" "python-requests/2.32.3"
167.71.215.252 - - [14/Apr/2025:10:01:19 +0300] "GET /dd.php HTTP/1.1" 404 796 "-" "python-requests/2.32.3"
167.71.215.252 - - [14/Apr/2025:10:01:20 +0300] "GET /uploads/u.php HTTP/1.1" 404 796 "-" "python-requests/2.32.3"
167.71.215.252 - - [14/Apr/2025:10:01:20 +0300] "GET /q3.php HTTP/1.1" 404 796 "-" "python-requests/2.32.3"
167.71.215.252 - - [14/Apr/2025:10:01:20 +0300] "GET /i/8.php HTTP/1.1" 404 796 "-" "python-requests/2.32.3"
167.71.215.252 - - [14/Apr/2025:10:01:20 +0300] "GET /v/1.php HTTP/1.1" 404 796 "-" "python-requests/2.32.3"
167.71.215.252 - - [14/Apr/2025:10:01:20 +0300] "GET /i/9.php HTTP/1.1" 404 796 "-" "python-requests/2.32.3"
167.71.215.252 - - [14/Apr/2025:10:01:21 +0300] "GET /p7.php HTTP/1.1" 404 796 "-" "python-requests/2.32.3"
167.71.215.252 - - [14/Apr/2025:10:01:21 +0300] "GET /img/p.php HTTP/1.1" 404 796 "-" "python-requests/2.32.3"
167.71.215.252 - - [14/Apr/2025:10:01:21 +0300] "GET /ee.php HTTP/1.1" 404 796 "-" "python-requests/2.32.3"
167.71.215.252 - - [14/Apr/2025:10:01:21 +0300] "GET /s8.php HTTP/1.1" 404 796 "-" "python-requests/2.32.3"
167.71.215.252 - - [14/Apr/2025:10:01:22 +0300] "GET /i/1.php HTTP/1.1" 404 796 "-" "python-requests/2.32.3"
167.71.215.252 - - [14/Apr/2025:10:01:22 +0300] "GET /z6.php HTTP/1.1" 404 796 "-" "python-requests/2.32.3"
167.71.215.252 - - [14/Apr/2025:10:01:22 +0300] "GET /k8.php HTTP/1.1" 404 796 "-" "python-requests/2.32.3"
167.71.215.252 - - [14/Apr/2025:10:01:22 +0300] "GET /k9.php HTTP/1.1" 404 796 "-" "python-requests/2.32.3"
167.71.215.252 - - [14/Apr/2025:10:01:22 +0300] "GET /y/9.php HTTP/1.1" 404 796 "-" "python-requests/2.32.3"
167.71.215.252 - - [14/Apr/2025:10:01:22 +0300] "GET /bb.php HTTP/1.1" 404 796 "-" "python-requests/2.32.3"
167.71.215.252 - - [14/Apr/2025:10:01:23 +0300] "GET /m9.php HTTP/1.1" 404 796 "-" "python-requests/2.32.3"
167.71.215.252 - - [14/Apr/2025:10:01:23 +0300] "GET /j0.php HTTP/1.1" 404 796 "-" "python-requests/2.32.3"
167.71.215.252 - - [14/Apr/2025:10:01:23 +0300] "GET /f0.php HTTP/1.1" 404 796 "-" "python-requests/2.32.3"
167.71.215.252 - - [14/Apr/2025:10:01:23 +0300] "GET /img/f.php HTTP/1.1" 404 796 "-" "python-requests/2.32.3"
167.71.215.252 - - [14/Apr/2025:10:01:23 +0300] "GET /j8.php HTTP/1.1" 404 796 "-" "python-requests/2.32.3"
167.71.215.252 - - [14/Apr/2025:10:01:23 +0300] "GET /v/2.php HTTP/1.1" 404 796 "-" "python-requests/2.32.3"
167.71.215.252 - - [14/Apr/2025:10:01:23 +0300] "GET /y8.php HTTP/1.1" 404 796 "-" "python-requests/2.32.3"
167.71.215.252 - - [14/Apr/2025:10:01:23 +0300] "GET /q/0.php HTTP/1.1" 404 796 "-" "python-requests/2.32.3"
167.71.215.252 - - [14/Apr/2025:10:01:24 +0300] "GET /l5.php HTTP/1.1" 404 796 "-" "python-requests/2.32.3"
167.71.215.252 - - [14/Apr/2025:10:01:24 +0300] "GET /o7.php HTTP/1.1" 404 796 "-" "python-requests/2.32.3"
167.71.215.252 - - [14/Apr/2025:10:01:24 +0300] "GET /i8.php HTTP/1.1" 404 796 "-" "python-requests/2.32.3"
167.71.215.252 - - [14/Apr/2025:10:01:24 +0300] "GET /v/6.php HTTP/1.1" 404 796 "-" "python-requests/2.32.3"
167.71.215.252 - - [14/Apr/2025:10:01:24 +0300] "GET /f/4.php HTTP/1.1" 404 796 "-" "python-requests/2.32.3"
167.71.215.252 - - [14/Apr/2025:10:01:24 +0300] "GET /x/9.php HTTP/1.1" 404 796 "-" "python-requests/2.32.3"
167.71.215.252 - - [14/Apr/2025:10:01:25 +0300] "GET /uploads/n.php HTTP/1.1" 404 796 "-" "python-requests/2.32.3"
167.71.215.252 - - [14/Apr/2025:10:01:25 +0300] "GET /o1.php HTTP/1.1" 404 796 "-" "python-requests/2.32.3"
167.71.215.252 - - [14/Apr/2025:10:01:25 +0300] "GET /img/a.php HTTP/1.1" 404 796 "-" "python-requests/2.32.3"
167.71.215.252 - - [14/Apr/2025:10:01:25 +0300] "GET /k/5.php HTTP/1.1" 404 796 "-" "python-requests/2.32.3"
167.71.215.252 - - [14/Apr/2025:10:01:25 +0300] "GET /i9.php HTTP/1.1" 404 796 "-" "python-requests/2.32.3"
167.71.215.252 - - [14/Apr/2025:10:01:25 +0300] "GET /cmd.php HTTP/1.1" 404 796 "-" "python-requests/2.32.3"
167.71.215.252 - - [14/Apr/2025:10:01:26 +0300] "GET /m0.php HTTP/1.1" 404 796 "-" "python-requests/2.32.3"
167.71.215.252 - - [14/Apr/2025:10:01:26 +0300] "GET /i/0.php HTTP/1.1" 404 796 "-" "python-requests/2.32.3"
167.71.215.252 - - [14/Apr/2025:10:01:26 +0300] "GET /s/2.php HTTP/1.1" 404 796 "-" "python-requests/2.32.3"
167.71.215.252 - - [14/Apr/2025:10:01:26 +0300] "GET /x1.php HTTP/1.1" 404 796 "-" "python-requests/2.32.3"
167.71.215.252 - - [14/Apr/2025:10:01:26 +0300] "GET /b9.php HTTP/1.1" 404 796 "-" "python-requests/2.32.3"
167.71.215.252 - - [14/Apr/2025:10:01:26 +0300] "GET /z5.php HTTP/1.1" 404 796 "-" "python-requests/2.32.3"
167.71.215.252 - - [14/Apr/2025:10:01:26 +0300] "GET /ii.php HTTP/1.1" 404 796 "-" "python-requests/2.32.3"
167.71.215.252 - - [14/Apr/2025:10:01:26 +0300] "GET /a4.php HTTP/1.1" 404 796 "-" "python-requests/2.32.3"
167.71.215.252 - - [14/Apr/2025:10:01:26 +0300] "GET /t9.php HTTP/1.1" 404 796 "-" "python-requests/2.32.3"
167.71.215.252 - - [14/Apr/2025:10:01:26 +0300] "GET /k6.php HTTP/1.1" 404 796 "-" "python-requests/2.32.3"
167.71.215.252 - - [14/Apr/2025:10:01:27 +0300] "GET /j/5.php HTTP/1.1" 404 796 "-" "python-requests/2.32.3"
167.71.215.252 - - [14/Apr/2025:10:01:27 +0300] "GET /uploads/q.php HTTP/1.1" 404 796 "-" "python-requests/2.32.3"
167.71.215.252 - - [14/Apr/2025:10:01:27 +0300] "GET /f3.php HTTP/1.1" 404 796 "-" "python-requests/2.32.3"
167.71.215.252 - - [14/Apr/2025:10:01:27 +0300] "GET /a/1.php HTTP/1.1" 404 796 "-" "python-requests/2.32.3"
167.71.215.252 - - [14/Apr/2025:10:01:27 +0300] "GET /e/1.php HTTP/1.1" 404 796 "-" "python-requests/2.32.3"
167.71.215.252 - - [14/Apr/2025:10:01:22 +0300] "GET /j/7.php HTTP/1.1" 404 796 "-" "python-requests/2.32.3"
167.71.215.252 - - [14/Apr/2025:10:01:22 +0300] "GET /u/7.php HTTP/1.1" 404 796 "-" "python-requests/2.32.3"
167.71.215.252 - - [14/Apr/2025:10:01:22 +0300] "GET /k/4.php HTTP/1.1" 404 796 "-" "python-requests/2.32.3"
167.71.215.252 - - [14/Apr/2025:10:01:22 +0300] "GET /qq.php HTTP/1.1" 404 796 "-" "python-requests/2.32.3"
167.71.215.252 - - [14/Apr/2025:10:01:23 +0300] "GET /p/6.php HTTP/1.1" 404 796 "-" "python-requests/2.32.3"
167.71.215.252 - - [14/Apr/2025:10:01:23 +0300] "GET /images/shell.php HTTP/1.1" 404 796 "-" "python-requests/2.32.3"
167.71.215.252 - - [14/Apr/2025:10:01:23 +0300] "GET /uploads/r.php HTTP/1.1" 404 796 "-" "python-requests/2.32.3"
167.71.215.252 - - [14/Apr/2025:10:01:23 +0300] "GET /l/9.php HTTP/1.1" 404 796 "-" "python-requests/2.32.3"
167.71.215.252 - - [14/Apr/2025:10:01:23 +0300] "GET /w0.php HTTP/1.1" 404 796 "-" "python-requests/2.32.3"
167.71.215.252 - - [14/Apr/2025:10:01:24 +0300] "GET /img/q.php HTTP/1.1" 404 796 "-" "python-requests/2.32.3"
167.71.215.252 - - [14/Apr/2025:10:01:24 +0300] "GET /t/7.php HTTP/1.1" 404 796 "-" "python-requests/2.32.3"
167.71.215.252 - - [14/Apr/2025:10:01:24 +0300] "GET /f2.php HTTP/1.1" 404 796 "-" "python-requests/2.32.3"
167.71.215.252 - - [14/Apr/2025:10:01:24 +0300] "GET /s/8.php HTTP/1.1" 404 796 "-" "python-requests/2.32.3"
167.71.215.252 - - [14/Apr/2025:10:01:25 +0300] "GET /g6.php HTTP/1.1" 404 796 "-" "python-requests/2.32.3"
167.71.215.252 - - [14/Apr/2025:10:01:25 +0300] "GET /k0.php HTTP/1.1" 404 796 "-" "python-requests/2.32.3"
167.71.215.252 - - [14/Apr/2025:10:01:25 +0300] "GET /y0.php HTTP/1.1" 404 796 "-" "python-requests/2.32.3"
167.71.215.252 - - [14/Apr/2025:10:01:25 +0300] "GET /n8.php HTTP/1.1" 404 796 "-" "python-requests/2.32.3"
167.71.215.252 - - [14/Apr/2025:10:01:26 +0300] "GET /i6.php HTTP/1.1" 404 796 "-" "python-requests/2.32.3"
167.71.215.252 - - [14/Apr/2025:10:01:26 +0300] "GET /e0.php HTTP/1.1" 404 796 "-" "python-requests/2.32.3"
167.71.215.252 - - [14/Apr/2025:10:01:26 +0300] "GET /r9.php HTTP/1.1" 404 796 "-" "python-requests/2.32.3"
167.71.215.252 - - [14/Apr/2025:10:01:26 +0300] "GET /q/4.php HTTP/1.1" 404 796 "-" "python-requests/2.32.3"
167.71.215.252 - - [14/Apr/2025:10:01:26 +0300] "GET /i3.php HTTP/1.1" 404 796 "-" "python-requests/2.32.3"
167.71.215.252 - - [14/Apr/2025:10:01:26 +0300] "GET /z3.php HTTP/1.1" 404 796 "-" "python-requests/2.32.3"
167.71.215.252 - - [14/Apr/2025:10:01:26 +0300] "GET /z/0.php HTTP/1.1" 404 796 "-" "python-requests/2.32.3"
167.71.215.252 - - [14/Apr/2025:10:01:26 +0300] "GET /i2.php HTTP/1.1" 404 796 "-" "python-requests/2.32.3"
167.71.215.252 - - [14/Apr/2025:10:01:26 +0300] "GET /w/1.php HTTP/1.1" 404 796 "-" "python-requests/2.32.3"
167.71.215.252 - - [14/Apr/2025:10:01:26 +0300] "GET /c0.php HTTP/1.1" 404 796 "-" "python-requests/2.32.3"
167.71.215.252 - - [14/Apr/2025:10:01:27 +0300] "GET /q5.php HTTP/1.1" 404 796 "-" "python-requests/2.32.3"
167.71.215.252 - - [14/Apr/2025:10:01:27 +0300] "GET /g/3.php HTTP/1.1" 404 796 "-" "python-requests/2.32.3"
167.71.215.252 - - [14/Apr/2025:10:01:27 +0300] "GET /v/3.php HTTP/1.1" 404 796 "-" "python-requests/2.32.3"
167.71.215.252 - - [14/Apr/2025:10:01:28 +0300] "GET /v9.php HTTP/1.1" 404 796 "-" "python-requests/2.32.3"
167.71.215.252 - - [14/Apr/2025:10:01:28 +0300] "GET /i/3.php HTTP/1.1" 404 796 "-" "python-requests/2.32.3"
167.71.215.252 - - [14/Apr/2025:10:01:28 +0300] "GET /c/6.php HTTP/1.1" 404 796 "-" "python-requests/2.32.3"
167.71.215.252 - - [14/Apr/2025:10:01:28 +0300] "GET /img/u.php HTTP/1.1" 404 796 "-" "python-requests/2.32.3"
167.71.215.252 - - [14/Apr/2025:10:01:28 +0300] "GET /l6.php HTTP/1.1" 404 796 "-" "python-requests/2.32.3"
167.71.215.252 - - [14/Apr/2025:10:01:28 +0300] "GET /z4.php HTTP/1.1" 404 796 "-" "python-requests/2.32.3"
167.71.215.252 - - [14/Apr/2025:10:01:29 +0300] "GET /z/9.php HTTP/1.1" 404 796 "-" "python-requests/2.32.3"
167.71.215.252 - - [14/Apr/2025:10:01:29 +0300] "GET /x/6.php HTTP/1.1" 404 796 "-" "python-requests/2.32.3"
167.71.215.252 - - [14/Apr/2025:10:01:29 +0300] "GET /c3.php HTTP/1.1" 404 796 "-" "python-requests/2.32.3"
167.71.215.252 - - [14/Apr/2025:10:01:29 +0300] "GET /h/0.php HTTP/1.1" 404 796 "-" "python-requests/2.32.3"
167.71.215.252 - - [14/Apr/2025:10:01:29 +0300] "GET /n/6.php HTTP/1.1" 404 796 "-" "python-requests/2.32.3"
167.71.215.252 - - [14/Apr/2025:10:01:29 +0300] "GET /r.php HTTP/1.1" 404 796 "-" "python-requests/2.32.3"
167.71.215.252 - - [14/Apr/2025:10:01:29 +0300] "GET /b/4.php HTTP/1.1" 404 796 "-" "python-requests/2.32.3"
167.71.215.252 - - [14/Apr/2025:10:01:29 +0300] "GET /g1.php HTTP/1.1" 404 796 "-" "python-requests/2.32.3"
167.71.215.252 - - [14/Apr/2025:10:01:29 +0300] "GET /i/6.php HTTP/1.1" 404 796 "-" "python-requests/2.32.3"
167.71.215.252 - - [14/Apr/2025:10:01:30 +0300] "GET /uploads/o.php HTTP/1.1" 404 796 "-" "python-requests/2.32.3"
167.71.215.252 - - [14/Apr/2025:10:01:30 +0300] "GET /kk.php HTTP/1.1" 404 796 "-" "python-requests/2.32.3"
167.71.215.252 - - [14/Apr/2025:10:01:30 +0300] "GET /z/6.php HTTP/1.1" 404 796 "-" "python-requests/2.32.3"
167.71.215.252 - - [14/Apr/2025:10:01:30 +0300] "GET /q/5.php HTTP/1.1" 404 796 "-" "python-requests/2.32.3"
167.71.215.252 - - [14/Apr/2025:10:01:30 +0300] "GET /p/0.php HTTP/1.1" 404 796 "-" "python-requests/2.32.3"
167.71.215.252 - - [14/Apr/2025:10:01:30 +0300] "GET /img/v.php HTTP/1.1" 404 796 "-" "python-requests/2.32.3"
167.71.215.252 - - [14/Apr/2025:10:01:31 +0300] "GET /w/9.php HTTP/1.1" 404 796 "-" "python-requests/2.32.3"
167.71.215.252 - - [14/Apr/2025:10:01:31 +0300] "GET /img/g.php HTTP/1.1" 404 796 "-" "python-requests/2.32.3"
167.71.215.252 - - [14/Apr/2025:10:01:31 +0300] "GET /b2.php HTTP/1.1" 404 796 "-" "python-requests/2.32.3"
167.71.215.252 - - [14/Apr/2025:10:01:31 +0300] "GET /b7.php HTTP/1.1" 404 796 "-" "python-requests/2.32.3"
167.71.215.252 - - [14/Apr/2025:10:01:32 +0300] "GET /l3.php HTTP/1.1" 404 796 "-" "python-requests/2.32.3"
167.71.215.252 - - [14/Apr/2025:10:01:32 +0300] "GET /c/7.php HTTP/1.1" 404 796 "-" "python-requests/2.32.3"
167.71.215.252 - - [14/Apr/2025:10:01:32 +0300] "GET /y.php HTTP/1.1" 404 796 "-" "python-requests/2.32.3"
167.71.215.252 - - [14/Apr/2025:10:01:32 +0300] "GET /c/0.php HTTP/1.1" 404 796 "-" "python-requests/2.32.3"
167.71.215.252 - - [14/Apr/2025:10:01:32 +0300] "GET /p/1.php HTTP/1.1" 404 796 "-" "python-requests/2.32.3"
167.71.215.252 - - [14/Apr/2025:10:01:32 +0300] "GET /s9.php HTTP/1.1" 404 796 "-" "python-requests/2.32.3"
167.71.215.252 - - [14/Apr/2025:10:01:32 +0300] "GET /a/4.php HTTP/1.1" 404 796 "-" "python-requests/2.32.3"
167.71.215.252 - - [14/Apr/2025:10:01:32 +0300] "GET /i1.php HTTP/1.1" 404 796 "-" "python-requests/2.32.3"
167.71.215.252 - - [14/Apr/2025:10:01:33 +0300] "GET /u9.php HTTP/1.1" 404 796 "-" "python-requests/2.32.3"
167.71.215.252 - - [14/Apr/2025:10:01:33 +0300] "GET /a6.php HTTP/1.1" 404 796 "-" "python-requests/2.32.3"
167.71.215.252 - - [14/Apr/2025:10:01:33 +0300] "GET /k2.php HTTP/1.1" 404 796 "-" "python-requests/2.32.3"
167.71.215.252 - - [14/Apr/2025:10:01:33 +0300] "GET /f/0.php HTTP/1.1" 404 796 "-" "python-requests/2.32.3"
167.71.215.252 - - [14/Apr/2025:10:01:33 +0300] "GET /a/0.php HTTP/1.1" 404 796 "-" "python-requests/2.32.3"
167.71.215.252 - - [14/Apr/2025:10:01:33 +0300] "GET /n4.php HTTP/1.1" 404 796 "-" "python-requests/2.32.3"
167.71.215.252 - - [14/Apr/2025:10:01:33 +0300] "GET /y/4.php HTTP/1.1" 404 796 "-" "python-requests/2.32.3"
167.71.215.252 - - [14/Apr/2025:10:01:33 +0300] "GET /uploads/k.php HTTP/1.1" 404 796 "-" "python-requests/2.32.3"
167.71.215.252 - - [14/Apr/2025:10:01:33 +0300] "GET /l/0.php HTTP/1.1" 404 796 "-" "python-requests/2.32.3"
167.71.215.252 - - [14/Apr/2025:10:01:33 +0300] "GET /img/y.php HTTP/1.1" 404 796 "-" "python-requests/2.32.3"
167.71.215.252 - - [14/Apr/2025:10:01:33 +0300] "GET /h4.php HTTP/1.1" 404 796 "-" "python-requests/2.32.3"
167.71.215.252 - - [14/Apr/2025:10:01:27 +0300] "GET /u7.php HTTP/1.1" 404 796 "-" "python-requests/2.32.3"
167.71.215.252 - - [14/Apr/2025:10:01:27 +0300] "GET /l9.php HTTP/1.1" 404 796 "-" "python-requests/2.32.3"
167.71.215.252 - - [14/Apr/2025:10:01:28 +0300] "GET /pp.php HTTP/1.1" 404 796 "-" "python-requests/2.32.3"
167.71.215.252 - - [14/Apr/2025:10:01:28 +0300] "GET /s0.php HTTP/1.1" 404 796 "-" "python-requests/2.32.3"
167.71.215.252 - - [14/Apr/2025:10:01:28 +0300] "GET /img/e.php HTTP/1.1" 404 796 "-" "python-requests/2.32.3"
167.71.215.252 - - [14/Apr/2025:10:01:28 +0300] "GET /v/0.php HTTP/1.1" 404 796 "-" "python-requests/2.32.3"
167.71.215.252 - - [14/Apr/2025:10:01:29 +0300] "GET /g/2.php HTTP/1.1" 404 796 "-" "python-requests/2.32.3"
167.71.215.252 - - [14/Apr/2025:10:01:29 +0300] "GET /f/9.php HTTP/1.1" 404 796 "-" "python-requests/2.32.3"
167.71.215.252 - - [14/Apr/2025:10:01:29 +0300] "GET /e/6.php HTTP/1.1" 404 796 "-" "python-requests/2.32.3"
167.71.215.252 - - [14/Apr/2025:10:01:29 +0300] "GET /n6.php HTTP/1.1" 404 796 "-" "python-requests/2.32.3"
167.71.215.252 - - [14/Apr/2025:10:01:29 +0300] "GET /p2.php HTTP/1.1" 404 796 "-" "python-requests/2.32.3"
167.71.215.252 - - [14/Apr/2025:10:01:29 +0300] "GET /c1.php HTTP/1.1" 404 796 "-" "python-requests/2.32.3"
167.71.215.252 - - [14/Apr/2025:10:01:29 +0300] "GET /i5.php HTTP/1.1" 404 796 "-" "python-requests/2.32.3"
167.71.215.252 - - [14/Apr/2025:10:01:30 +0300] "GET /y7.php HTTP/1.1" 404 796 "-" "python-requests/2.32.3"
167.71.215.252 - - [14/Apr/2025:10:01:30 +0300] "GET /s1.php HTTP/1.1" 404 796 "-" "python-requests/2.32.3"
167.71.215.252 - - [14/Apr/2025:10:01:30 +0300] "GET /tt.php HTTP/1.1" 404 796 "-" "python-requests/2.32.3"
167.71.215.252 - - [14/Apr/2025:10:01:30 +0300] "GET /yy.php HTTP/1.1" 404 796 "-" "python-requests/2.32.3"
167.71.215.252 - - [14/Apr/2025:10:01:30 +0300] "GET /x.php HTTP/1.1" 404 796 "-" "python-requests/2.32.3"
