165.22.254.158 - - [14/Apr/2025:01:24:12 +0300] "POST /login/index.php HTTP/1.1" 303 763 "-" "Mozilla/5.0 (Windows NT 10.0; Win64; x64) AppleWebKit/537.36 (KHTML, like Gecko) Chrome/120.0.6099.71 Safari/537.36"
66.249.66.18 - - [14/Apr/2025:01:26:57 +0300] "GET /plugins/?gacor=playking88-heylink HTTP/1.1" 404 796 "-" "Mozilla/5.0 (Linux; Android 6.0.1; Nexus 5X Build/MMB29P) AppleWebKit/537.36 (KHTML, like Gecko) Chrome/135.0.7049.52 Mobile Safari/537.36 (compatible; Googlebot/2.1; +http://www.google.com/bot.html)"
66.249.66.17 - - [14/Apr/2025:01:28:06 +0300] "GET /site/?pg=League88+Max+Bet HTTP/1.1" 200 73422 "-" "Mozilla/5.0 (Linux; Android 6.0.1; Nexus 5X Build/MMB29P) AppleWebKit/537.36 (KHTML, like Gecko) Chrome/135.0.7049.52 Mobile Safari/537.36 (compatible; Googlebot/2.1; +http://www.google.com/bot.html)"
185.191.171.17 - - [14/Apr/2025:01:26:09 +0300] "GET /course/view.php?id=559 HTTP/1.1" 303 754 "-" "Mozilla/5.0 (compatible; SemrushBot/7~bl; +http://www.semrush.com/bot.html)"
66.249.66.19 - - [14/Apr/2025:01:27:00 +0300] "GET /site/?pg=I88Slot+Auto HTTP/1.1" 200 73467 "-" "Mozilla/5.0 (Linux; Android 6.0.1; Nexus 5X Build/MMB29P) AppleWebKit/537.36 (KHTML, like Gecko) Chrome/135.0.7049.52 Mobile Safari/537.36 (compatible; Googlebot/2.1; +http://www.google.com/bot.html)"
66.249.66.17 - - [14/Apr/2025:01:27:10 +0300] "GET /site/css/index.css HTTP/1.1" 404 796 "https://distance.gluk.ac.ke/site/?pg=I88Slot+Auto" "Mozilla/5.0 (Linux; Android 6.0.1; Nexus 5X Build/MMB29P) AppleWebKit/537.36 (KHTML, like Gecko) Chrome/134.0.6998.165 Mobile Safari/537.36 (compatible; Googlebot/2.1; +http://www.google.com/bot.html)"
66.249.66.19 - - [14/Apr/2025:01:28:04 +0300] "GET /site/?pg=%E0%B8%97%E0%B8%94%E0%B8%AA%E0%B8%AD%E0%B8%9A%E0%B8%A7%E0%B9%88%E0%B8%B2%E0%B8%84%E0%B8%B8%E0%B8%93%E0%B9%80%E0%B8%9B%E0%B9%87%E0%B8%99%E0%B9%82%E0%B8%A3%E0%B8%84%E0%B8%8B%E0%B8%B6%E0%B8%A1%E0%B9%80%E0%B8%A8%E0%B8%A3%E0%B9%89%E0%B8%B2%E0%B8%AB%E0%B8%A3%E0%B8%B7%E0%B8%AD%E0%B9%84%E0%B8%A1%E0%B9%88 HTTP/1.1" 200 73679 "-" "Mozilla/5.0 (Linux; Android 6.0.1; Nexus 5X Build/MMB29P) AppleWebKit/537.36 (KHTML, like Gecko) Chrome/135.0.7049.52 Mobile Safari/537.36 (compatible; Googlebot/2.1; +http://www.google.com/bot.html)"
66.249.66.17 - - [14/Apr/2025:01:28:20 +0300] "GET /plugins/?gacor=ceria-77-slot HTTP/1.1" 404 796 "-" "Mozilla/5.0 (Linux; Android 6.0.1; Nexus 5X Build/MMB29P) AppleWebKit/537.36 (KHTML, like Gecko) Chrome/135.0.7049.52 Mobile Safari/537.36 (compatible; Googlebot/2.1; +http://www.google.com/bot.html)"
66.249.66.17 - - [14/Apr/2025:01:29:24 +0300] "GET /site/?pg=%E0%B9%81%E0%B8%88%E0%B8%81%E0%B8%8A%E0%B8%B7%E0%B9%88%E0%B8%AD%E0%B9%80%E0%B8%81%E0%B8%A1 HTTP/1.1" 200 73431 "-" "Mozilla/5.0 (Linux; Android 6.0.1; Nexus 5X Build/MMB29P) AppleWebKit/537.36 (KHTML, like Gecko) Chrome/135.0.7049.52 Mobile Safari/537.36 (compatible; Googlebot/2.1; +http://www.google.com/bot.html)"
85.208.96.204 - - [14/Apr/2025:01:29:27 +0300] "GET /course/view.php?id=578 HTTP/1.1" 303 754 "-" "Mozilla/5.0 (compatible; SemrushBot/7~bl; +http://www.semrush.com/bot.html)"
66.249.66.17 - - [14/Apr/2025:01:29:45 +0300] "GET /site/css/index.css HTTP/1.1" 404 796 "https://distance.gluk.ac.ke/site/?pg=%E0%B9%81%E0%B8%88%E0%B8%81%E0%B8%8A%E0%B8%B7%E0%B9%88%E0%B8%AD%E0%B9%80%E0%B8%81%E0%B8%A1" "Mozilla/5.0 (Linux; Android 6.0.1; Nexus 5X Build/MMB29P) AppleWebKit/537.36 (KHTML, like Gecko) Chrome/134.0.6998.165 Mobile Safari/537.36 (compatible; Googlebot/2.1; +http://www.google.com/bot.html)"
66.249.66.17 - - [14/Apr/2025:01:29:50 +0300] "GET /site/?pg=Caesar88+X1000 HTTP/1.1" 200 73437 "-" "Mozilla/5.0 (Linux; Android 6.0.1; Nexus 5X Build/MMB29P) AppleWebKit/537.36 (KHTML, like Gecko) Chrome/135.0.7049.52 Mobile Safari/537.36 (compatible; Googlebot/2.1; +http://www.google.com/bot.html)"
66.249.66.19 - - [14/Apr/2025:01:30:07 +0300] "GET /site/?pg=lava+%E0%B8%AA%E0%B8%A5%E0%B9%87%E0%B8%AD%E0%B8%95 HTTP/1.1" 200 73516 "-" "Mozilla/5.0 (Linux; Android 6.0.1; Nexus 5X Build/MMB29P) AppleWebKit/537.36 (KHTML, like Gecko) Chrome/135.0.7049.52 Mobile Safari/537.36 (compatible; Googlebot/2.1; +http://www.google.com/bot.html)"
165.22.254.158 - - [14/Apr/2025:01:32:58 +0300] "GET /login/index.php HTTP/1.1" 500 0 "-" "Mozilla/5.0 (Windows NT 10.0; Win64; x64) AppleWebKit/537.36 (KHTML, like Gecko) Chrome/120.0.6099.71 Safari/537.36"
165.22.254.158 - - [14/Apr/2025:01:32:59 +0300] "POST /login/index.php HTTP/1.1" 303 763 "-" "Mozilla/5.0 (Windows NT 10.0; Win64; x64) AppleWebKit/537.36 (KHTML, like Gecko) Chrome/120.0.6099.71 Safari/537.36"
66.249.66.17 - - [14/Apr/2025:01:28:41 +0300] "GET /site/?pg=%E0%B8%8B%E0%B8%B5%E0%B9%80%E0%B8%AD%E0%B8%AA+%E0%B8%A2%E0%B8%B9%E0%B8%99%E0%B8%B4%E0%B9%80%E0%B8%A7%E0%B8%AD%E0%B8%A3%E0%B9%8C%E0%B8%8B%E0%B8%B4%E0%B8%95%E0%B8%B2%E0%B9%80%E0%B8%95%E0%B8%B5%E0%B8%A2+%E0%B9%84%E0%B8%84%E0%B8%A3%E0%B9%82%E0%B8%AD%E0%B8%A7%E0%B9%88%E0%B8%B2 HTTP/1.1" 200 73602 "-" "Mozilla/5.0 (Linux; Android 6.0.1; Nexus 5X Build/MMB29P) AppleWebKit/537.36 (KHTML, like Gecko) Chrome/135.0.7049.52 Mobile Safari/537.36 (compatible; Googlebot/2.1; +http://www.google.com/bot.html)"
66.249.66.18 - - [14/Apr/2025:01:31:21 +0300] "GET /plugins/?gacor=ppgames-tournament HTTP/1.1" 404 796 "-" "Mozilla/5.0 (Linux; Android 6.0.1; Nexus 5X Build/MMB29P) AppleWebKit/537.36 (KHTML, like Gecko) Chrome/135.0.7049.52 Mobile Safari/537.36 (compatible; Googlebot/2.1; +http://www.google.com/bot.html)"
66.249.66.17 - - [14/Apr/2025:01:31:24 +0300] "GET /site/?pg=MIYA88 HTTP/1.1" 200 73372 "-" "Mozilla/5.0 (Linux; Android 6.0.1; Nexus 5X Build/MMB29P) AppleWebKit/537.36 (KHTML, like Gecko) Chrome/135.0.7049.52 Mobile Safari/537.36 (compatible; Googlebot/2.1; +http://www.google.com/bot.html)"
66.249.66.17 - - [14/Apr/2025:01:31:27 +0300] "GET /site/css/index.css HTTP/1.1" 404 796 "https://distance.gluk.ac.ke/site/?pg=MIYA88" "Mozilla/5.0 (Linux; Android 6.0.1; Nexus 5X Build/MMB29P) AppleWebKit/537.36 (KHTML, like Gecko) Chrome/134.0.6998.165 Mobile Safari/537.36 (compatible; Googlebot/2.1; +http://www.google.com/bot.html)"
66.249.66.17 - - [14/Apr/2025:01:33:05 +0300] "GET /site/?pg=%E0%B8%AB%E0%B8%A7%E0%B8%A21%E0%B8%9E%E0%B8%8465 HTTP/1.1" 200 73434 "-" "Mozilla/5.0 (Linux; Android 6.0.1; Nexus 5X Build/MMB29P) AppleWebKit/537.36 (KHTML, like Gecko) Chrome/135.0.7049.52 Mobile Safari/537.36 (compatible; Googlebot/2.1; +http://www.google.com/bot.html)"
66.249.66.18 - - [14/Apr/2025:01:33:43 +0300] "GET /site/?pg=%E0%B9%81%E0%B8%81%E0%B9%89%E0%B8%A7%E0%B8%AD%E0%B9%80%E0%B8%A1%E0%B8%8B%E0%B8%AD%E0%B8%99+%E0%B8%82%E0%B8%99%E0%B8%B2%E0%B8%94 HTTP/1.1" 200 73581 "-" "Mozilla/5.0 (Linux; Android 6.0.1; Nexus 5X Build/MMB29P) AppleWebKit/537.36 (KHTML, like Gecko) Chrome/135.0.7049.52 Mobile Safari/537.36 (compatible; Googlebot/2.1; +http://www.google.com/bot.html)"
66.249.66.19 - - [14/Apr/2025:01:34:02 +0300] "GET /site/?pg=%E0%B9%80%E0%B8%94%E0%B8%8A%E0%B8%84%E0%B8%B1%E0%B8%A1%E0%B8%A0%E0%B8%B5%E0%B8%A3%E0%B9%8C%E0%B9%80%E0%B8%97%E0%B8%9E%E0%B8%A4%E0%B8%97%E0%B8%98%E0%B8%B4%E0%B9%8C HTTP/1.1" 200 73568 "-" "Mozilla/5.0 (Linux; Android 6.0.1; Nexus 5X Build/MMB29P) AppleWebKit/537.36 (KHTML, like Gecko) Chrome/135.0.7049.52 Mobile Safari/537.36 (compatible; Googlebot/2.1; +http://www.google.com/bot.html)"
66.249.66.17 - - [14/Apr/2025:01:34:44 +0300] "GET /site/?pg=%E0%B8%AB%E0%B9%88%E0%B8%A7%E0%B8%87%E0%B8%9E%E0%B8%B4%E0%B8%A5%E0%B8%B2%E0%B8%97%E0%B8%B4%E0%B8%AA+%E0%B8%8A%E0%B9%88%E0%B8%A7%E0%B8%A2%E0%B8%AD%E0%B8%B0%E0%B9%84%E0%B8%A3 HTTP/1.1" 200 73601 "-" "Mozilla/5.0 (Linux; Android 6.0.1; Nexus 5X Build/MMB29P) AppleWebKit/537.36 (KHTML, like Gecko) Chrome/135.0.7049.52 Mobile Safari/537.36 (compatible; Googlebot/2.1; +http://www.google.com/bot.html)"
66.249.66.17 - - [14/Apr/2025:01:34:47 +0300] "GET /site/css/index.css HTTP/1.1" 404 796 "https://distance.gluk.ac.ke/site/?pg=%E0%B8%AB%E0%B9%88%E0%B8%A7%E0%B8%87%E0%B8%9E%E0%B8%B4%E0%B8%A5%E0%B8%B2%E0%B8%97%E0%B8%B4%E0%B8%AA+%E0%B8%8A%E0%B9%88%E0%B8%A7%E0%B8%A2%E0%B8%AD%E0%B8%B0%E0%B9%84%E0%B8%A3" "Mozilla/5.0 (Linux; Android 6.0.1; Nexus 5X Build/MMB29P) AppleWebKit/537.36 (KHTML, like Gecko) Chrome/134.0.6998.165 Mobile Safari/537.36 (compatible; Googlebot/2.1; +http://www.google.com/bot.html)"
66.249.66.18 - - [14/Apr/2025:01:34:30 +0300] "GET /site/css/index.css HTTP/1.1" 404 796 "https://distance.gluk.ac.ke/site/?pg=%E0%B9%80%E0%B8%94%E0%B8%8A%E0%B8%84%E0%B8%B1%E0%B8%A1%E0%B8%A0%E0%B8%B5%E0%B8%A3%E0%B9%8C%E0%B9%80%E0%B8%97%E0%B8%9E%E0%B8%A4%E0%B8%97%E0%B8%98%E0%B8%B4%E0%B9%8C" "Mozilla/5.0 (Linux; Android 6.0.1; Nexus 5X Build/MMB29P) AppleWebKit/537.36 (KHTML, like Gecko) Chrome/134.0.6998.165 Mobile Safari/537.36 (compatible; Googlebot/2.1; +http://www.google.com/bot.html)"
66.249.66.18 - - [14/Apr/2025:01:35:35 +0300] "GET /site/?pg=%E0%B8%98%E0%B8%B2%E0%B8%95%E0%B8%B8%E0%B8%AA%E0%B8%B2%E0%B8%A3%E0%B8%9B%E0%B8%A3%E0%B8%B0%E0%B8%81%E0%B8%AD%E0%B8%9A HTTP/1.1" 200 73481 "-" "Mozilla/5.0 (Linux; Android 6.0.1; Nexus 5X Build/MMB29P) AppleWebKit/537.36 (KHTML, like Gecko) Chrome/135.0.7049.52 Mobile Safari/537.36 (compatible; Googlebot/2.1; +http://www.google.com/bot.html)"
66.249.66.19 - - [14/Apr/2025:01:36:00 +0300] "GET /site/?pg=%E0%B9%80%E0%B8%8A%E0%B9%87%E0%B8%84%E0%B8%A3%E0%B8%B2%E0%B8%84%E0%B8%B2%E0%B8%A2%E0%B8%B2%E0%B8%87%E0%B8%A3%E0%B8%96%E0%B8%A2%E0%B8%99%E0%B8%95%E0%B9%8C HTTP/1.1" 200 73547 "-" "Mozilla/5.0 (Linux; Android 6.0.1; Nexus 5X Build/MMB29P) AppleWebKit/537.36 (KHTML, like Gecko) Chrome/135.0.7049.52 Mobile Safari/537.36 (compatible; Googlebot/2.1; +http://www.google.com/bot.html)"
66.249.66.18 - - [14/Apr/2025:01:36:10 +0300] "GET /site/css/index.css HTTP/1.1" 404 796 "https://distance.gluk.ac.ke/site/?pg=%E0%B9%80%E0%B8%8A%E0%B9%87%E0%B8%84%E0%B8%A3%E0%B8%B2%E0%B8%84%E0%B8%B2%E0%B8%A2%E0%B8%B2%E0%B8%87%E0%B8%A3%E0%B8%96%E0%B8%A2%E0%B8%99%E0%B8%95%E0%B9%8C" "Mozilla/5.0 (Linux; Android 6.0.1; Nexus 5X Build/MMB29P) AppleWebKit/537.36 (KHTML, like Gecko) Chrome/134.0.6998.165 Mobile Safari/537.36 (compatible; Googlebot/2.1; +http://www.google.com/bot.html)"
66.249.66.17 - - [14/Apr/2025:01:36:45 +0300] "GET /site/?pg=%E0%B9%80%E0%B8%9B%E0%B8%B4%E0%B8%94%E0%B8%9A%E0%B8%B1%E0%B8%8D%E0%B8%8A%E0%B8%B5%E0%B8%AD%E0%B8%AD%E0%B8%99%E0%B9%84%E0%B8%A5%E0%B8%99%E0%B9%8C+%E0%B8%81%E0%B8%AA%E0%B8%B4%E0%B8%81%E0%B8%A3+%E0%B8%A2%E0%B8%B7%E0%B8%99%E0%B8%A2%E0%B8%B1%E0%B8%99%E0%B8%95%E0%B8%B1%E0%B8%A7%E0%B8%95%E0%B8%99 HTTP/1.1" 200 73668 "-" "Mozilla/5.0 (Linux; Android 6.0.1; Nexus 5X Build/MMB29P) AppleWebKit/537.36 (KHTML, like Gecko) Chrome/135.0.7049.52 Mobile Safari/537.36 (compatible; Googlebot/2.1; +http://www.google.com/bot.html)"
66.249.66.19 - - [14/Apr/2025:01:37:12 +0300] "GET /site/?pg=%E0%B8%94%E0%B8%B2%E0%B8%A7%E0%B8%99%E0%B9%8C%E0%B9%82%E0%B8%AB%E0%B8%A5%E0%B8%94%E0%B9%80%E0%B8%9E%E0%B8%A5%E0%B8%87+mp3+%E0%B8%9F%E0%B8%A3%E0%B8%B5+%E0%B8%A5%E0%B8%87+%E0%B9%82%E0%B8%97%E0%B8%A3%E0%B8%A8%E0%B8%B1%E0%B8%9E%E0%B8%97%E0%B9%8C HTTP/1.1" 200 73588 "-" "Mozilla/5.0 (Linux; Android 6.0.1; Nexus 5X Build/MMB29P) AppleWebKit/537.36 (KHTML, like Gecko) Chrome/135.0.7049.52 Mobile Safari/537.36 (compatible; Googlebot/2.1; +http://www.google.com/bot.html)"
66.249.66.19 - - [14/Apr/2025:01:37:15 +0300] "GET /site/css/index.css HTTP/1.1" 404 796 "https://distance.gluk.ac.ke/site/?pg=%E0%B8%94%E0%B8%B2%E0%B8%A7%E0%B8%99%E0%B9%8C%E0%B9%82%E0%B8%AB%E0%B8%A5%E0%B8%94%E0%B9%80%E0%B8%9E%E0%B8%A5%E0%B8%87+mp3+%E0%B8%9F%E0%B8%A3%E0%B8%B5+%E0%B8%A5%E0%B8%87+%E0%B9%82%E0%B8%97%E0%B8%A3%E0%B8%A8%E0%B8%B1%E0%B8%9E%E0%B8%97%E0%B9%8C" "Mozilla/5.0 (Linux; Android 6.0.1; Nexus 5X Build/MMB29P) AppleWebKit/537.36 (KHTML, like Gecko) Chrome/134.0.6998.165 Mobile Safari/537.36 (compatible; Googlebot/2.1; +http://www.google.com/bot.html)"
66.249.66.18 - - [14/Apr/2025:01:37:17 +0300] "GET /site/css/index.css HTTP/1.1" 404 796 "https://distance.gluk.ac.ke/site/?pg=%E0%B8%94%E0%B8%B2%E0%B8%A7%E0%B8%99%E0%B9%8C%E0%B9%82%E0%B8%AB%E0%B8%A5%E0%B8%94%E0%B9%80%E0%B8%9E%E0%B8%A5%E0%B8%87+mp3+%E0%B8%9F%E0%B8%A3%E0%B8%B5+%E0%B8%A5%E0%B8%87+%E0%B9%82%E0%B8%97%E0%B8%A3%E0%B8%A8%E0%B8%B1%E0%B8%9E%E0%B8%97%E0%B9%8C" "Mozilla/5.0 (Linux; Android 6.0.1; Nexus 5X Build/MMB29P) AppleWebKit/537.36 (KHTML, like Gecko) Chrome/134.0.6998.165 Mobile Safari/537.36 (compatible; Googlebot/2.1; +http://www.google.com/bot.html)"
66.249.66.17 - - [14/Apr/2025:01:37:52 +0300] "GET /site/?pg=%E0%B8%9E%E0%B8%A5%E0%B9%80%E0%B8%AD%E0%B8%81%E0%B8%AA%E0%B8%B8%E0%B8%A3%E0%B8%A2%E0%B8%B8%E0%B8%97%E0%B8%98%E0%B9%8C%E0%B8%88%E0%B8%B8%E0%B8%A5%E0%B8%B2%E0%B8%99%E0%B8%99%E0%B8%97%E0%B9%8C HTTP/1.1" 200 73687 "-" "Mozilla/5.0 (Linux; Android 6.0.1; Nexus 5X Build/MMB29P) AppleWebKit/537.36 (KHTML, like Gecko) Chrome/135.0.7049.52 Mobile Safari/537.36 (compatible; Googlebot/2.1; +http://www.google.com/bot.html)"
66.249.66.19 - - [14/Apr/2025:01:38:56 +0300] "GET /site/?pg=%E0%B9%80%E0%B8%AD%E0%B8%9F%E0%B9%80%E0%B8%84+%E0%B8%84%E0%B8%B9%E0%B9%80%E0%B8%84%E0%B8%8B%E0%B8%B5%E0%B9%88 HTTP/1.1" 200 73548 "-" "Mozilla/5.0 (Linux; Android 6.0.1; Nexus 5X Build/MMB29P) AppleWebKit/537.36 (KHTML, like Gecko) Chrome/135.0.7049.52 Mobile Safari/537.36 (compatible; Googlebot/2.1; +http://www.google.com/bot.html)"
66.249.66.18 - - [14/Apr/2025:01:43:51 +0300] "GET /site/?pg=%E0%B8%84%E0%B8%B2%E0%B8%96%E0%B8%B2%E0%B8%81%E0%B8%B2%E0%B8%A3%E0%B8%9E%E0%B8%99%E0%B8%B1%E0%B8%99 HTTP/1.1" 200 73424 "-" "Mozilla/5.0 (Linux; Android 6.0.1; Nexus 5X Build/MMB29P) AppleWebKit/537.36 (KHTML, like Gecko) Chrome/135.0.7049.52 Mobile Safari/537.36 (compatible; Googlebot/2.1; +http://www.google.com/bot.html)"
66.249.66.17 - - [14/Apr/2025:01:35:18 +0300] "GET /site/?pg=%E0%B8%A7%E0%B8%B4%E0%B8%98%E0%B8%B5%E0%B8%81%E0%B8%B4%E0%B8%99%E0%B8%A2%E0%B8%B2%E0%B8%82%E0%B8%B1%E0%B8%9A%E0%B9%80%E0%B8%A5%E0%B8%B7%E0%B8%AD%E0%B8%94 HTTP/1.1" 200 73542 "-" "Mozilla/5.0 (Linux; Android 6.0.1; Nexus 5X Build/MMB29P) AppleWebKit/537.36 (KHTML, like Gecko) Chrome/135.0.7049.52 Mobile Safari/537.36 (compatible; Googlebot/2.1; +http://www.google.com/bot.html)"
66.249.66.17 - - [14/Apr/2025:01:36:18 +0300] "GET /site/?pg=%E0%B8%8A%E0%B8%AD%E0%B8%9A%E0%B8%AA%E0%B8%B5%E0%B8%A1%E0%B9%88%E0%B8%A7%E0%B8%87 HTTP/1.1" 200 73427 "-" "Mozilla/5.0 (Linux; Android 6.0.1; Nexus 5X Build/MMB29P) AppleWebKit/537.36 (KHTML, like Gecko) Chrome/135.0.7049.52 Mobile Safari/537.36 (compatible; Googlebot/2.1; +http://www.google.com/bot.html)"
66.249.66.17 - - [14/Apr/2025:01:37:25 +0300] "GET /site/?pg=%E0%B8%AB%E0%B9%89%E0%B8%AD%E0%B8%87%E0%B8%82%E0%B8%B1%E0%B8%87+%E0%B8%AA%E0%B8%99 HTTP/1.1" 200 73484 "-" "Mozilla/5.0 (Linux; Android 6.0.1; Nexus 5X Build/MMB29P) AppleWebKit/537.36 (KHTML, like Gecko) Chrome/135.0.7049.52 Mobile Safari/537.36 (compatible; Googlebot/2.1; +http://www.google.com/bot.html)"
66.249.66.17 - - [14/Apr/2025:01:37:41 +0300] "GET /site/?pg=%E0%B8%94%E0%B8%B2%E0%B8%A7%E0%B8%99%E0%B9%8C%E0%B9%82%E0%B8%AB%E0%B8%A5%E0%B8%94+122 HTTP/1.1" 200 73554 "-" "Mozilla/5.0 (Linux; Android 6.0.1; Nexus 5X Build/MMB29P) AppleWebKit/537.36 (KHTML, like Gecko) Chrome/135.0.7049.52 Mobile Safari/537.36 (compatible; Googlebot/2.1; +http://www.google.com/bot.html)"
66.249.66.18 - - [14/Apr/2025:01:50:21 +0300] "GET /site/?pg=%E0%B9%80%E0%B8%81%E0%B8%A1+%E0%B8%84%E0%B9%88%E0%B8%B2%E0%B8%A2+pg HTTP/1.1" 200 73457 "-" "Mozilla/5.0 (Linux; Android 6.0.1; Nexus 5X Build/MMB29P) AppleWebKit/537.36 (KHTML, like Gecko) Chrome/135.0.7049.52 Mobile Safari/537.36 (compatible; Googlebot/2.1; +http://www.google.com/bot.html)"
66.249.66.18 - - [14/Apr/2025:01:50:24 +0300] "GET /site/css/index.css HTTP/1.1" 404 796 "https://distance.gluk.ac.ke/site/?pg=%E0%B9%80%E0%B8%81%E0%B8%A1+%E0%B8%84%E0%B9%88%E0%B8%B2%E0%B8%A2+pg" "Mozilla/5.0 (Linux; Android 6.0.1; Nexus 5X Build/MMB29P) AppleWebKit/537.36 (KHTML, like Gecko) Chrome/134.0.6998.165 Mobile Safari/537.36 (compatible; Googlebot/2.1; +http://www.google.com/bot.html)"
114.119.148.37 - - [14/Apr/2025:01:55:15 +0300] "GET /theme/switchdevice.php?url=https://distance.gluk.ac.ke/login/index.php&device=default&sesskey=fqBImYzFZz HTTP/1.1" 404 0 "https://distance.gluk.ac.ke/course/view.php?id=175" "Mozilla/5.0 (Linux; Android 7.0;) AppleWebKit/537.36 (KHTML, like Gecko) Mobile Safari/537.36 (compatible; PetalBot;+https://webmaster.petalsearch.com/site/petalbot)"
128.199.218.108 - - [14/Apr/2025:01:58:56 +0300] "GET /login/index.php HTTP/1.1" 500 0 "-" "Mozilla/5.0 (Windows NT 10.0; Win64; x64) AppleWebKit/537.36 (KHTML, like Gecko) Chrome/120.0.6099.71 Safari/537.36"
128.199.218.108 - - [14/Apr/2025:01:58:57 +0300] "POST /login/index.php HTTP/1.1" 303 763 "-" "Mozilla/5.0 (Windows NT 10.0; Win64; x64) AppleWebKit/537.36 (KHTML, like Gecko) Chrome/120.0.6099.71 Safari/537.36"
66.249.66.19 - - [14/Apr/2025:01:59:39 +0300] "GET /site/?pg=%E0%B9%80%E0%B8%A7%E0%B9%87%E0%B8%9A%E0%B9%81%E0%B8%97%E0%B8%87%E0%B8%AB%E0%B8%A7%E0%B8%A2%2B%E0%B8%A3%E0%B8%A7%E0%B8%A2 HTTP/1.1" 200 73541 "-" "Mozilla/5.0 (Linux; Android 6.0.1; Nexus 5X Build/MMB29P) AppleWebKit/537.36 (KHTML, like Gecko) Chrome/135.0.7049.52 Mobile Safari/537.36 (compatible; Googlebot/2.1; +http://www.google.com/bot.html)"
128.199.218.108 - - [14/Apr/2025:02:05:23 +0300] "GET /login/index.php HTTP/1.1" 500 0 "-" "Mozilla/5.0 (Windows NT 10.0; Win64; x64) AppleWebKit/537.36 (KHTML, like Gecko) Chrome/120.0.6099.71 Safari/537.36"
128.199.218.108 - - [14/Apr/2025:02:05:24 +0300] "POST /login/index.php HTTP/1.1" 303 763 "-" "Mozilla/5.0 (Windows NT 10.0; Win64; x64) AppleWebKit/537.36 (KHTML, like Gecko) Chrome/120.0.6099.71 Safari/537.36"
27.96.85.14 - - [14/Apr/2025:02:06:31 +0300] "GET /login/index.php HTTP/1.1" 500 0 "-" "Mozilla/5.0 (Windows NT 10.0; Win64; x64) AppleWebKit/537.36 (KHTML, like Gecko) Chrome/120.0.6099.71 Safari/537.36"
27.96.85.14 - - [14/Apr/2025:02:06:32 +0300] "POST /login/index.php HTTP/1.1" 303 763 "-" "Mozilla/5.0 (Windows NT 10.0; Win64; x64) AppleWebKit/537.36 (KHTML, like Gecko) Chrome/120.0.6099.71 Safari/537.36"
185.191.171.10 - - [14/Apr/2025:02:09:58 +0300] "GET /user/profile.php?id=116 HTTP/1.1" 303 754 "-" "Mozilla/5.0 (compatible; SemrushBot/7~bl; +http://www.semrush.com/bot.html)"
151.106.168.134 - - [14/Apr/2025:02:10:21 +0300] "GET /pluginfile.php/1/theme_remui/loaderimage/1720616112/GLUK%20University.jpg HTTP/1.1" 200 6441 "-" "Mozilla/5.0 (X11; Ubuntu; Linux x86_64; rv:72.0) Gecko/20100101 Firefox/72.0"
114.119.158.149 - - [14/Apr/2025:02:12:02 +0300] "GET /login/index.php HTTP/1.1" 500 0 "https://distance.gluk.ac.ke/course/index.php?categoryid=87" "Mozilla/5.0 (Linux; Android 7.0;) AppleWebKit/537.36 (KHTML, like Gecko) Mobile Safari/537.36 (compatible; PetalBot;+https://webmaster.petalsearch.com/site/petalbot)"
165.22.254.158 - - [14/Apr/2025:02:16:58 +0300] "GET /login/index.php HTTP/1.1" 500 0 "-" "Mozilla/5.0 (Windows NT 10.0; Win64; x64) AppleWebKit/537.36 (KHTML, like Gecko) Chrome/120.0.6099.71 Safari/537.36"
165.22.254.158 - - [14/Apr/2025:02:16:59 +0300] "POST /login/index.php HTTP/1.1" 303 763 "-" "Mozilla/5.0 (Windows NT 10.0; Win64; x64) AppleWebKit/537.36 (KHTML, like Gecko) Chrome/120.0.6099.71 Safari/537.36"
51.8.102.210 - - [14/Apr/2025:02:17:03 +0300] "GET /robots.txt HTTP/2" 404 796 "-" "Mozilla/5.0 (Macintosh; Intel Mac OS X 10_15_7) AppleWebKit/537.36 (KHTML, like Gecko) Chrome/131.0.0.0 Safari/537.36; compatible; OAI-SearchBot/1.0; +https://openai.com/searchbot"
185.191.171.5 - - [14/Apr/2025:02:25:13 +0300] "GET /course/view.php?id=543 HTTP/1.1" 303 754 "-" "Mozilla/5.0 (compatible; SemrushBot/7~bl; +http://www.semrush.com/bot.html)"
185.191.171.12 - - [14/Apr/2025:02:25:15 +0300] "GET /course/view.php?id=555 HTTP/1.1" 303 754 "-" "Mozilla/5.0 (compatible; SemrushBot/7~bl; +http://www.semrush.com/bot.html)"
185.191.171.9 - - [14/Apr/2025:02:27:15 +0300] "GET /robots.txt HTTP/1.1" 404 796 "-" "Mozilla/5.0 (compatible; SemrushBot/7~bl; +http://www.semrush.com/bot.html)"
185.191.171.18 - - [14/Apr/2025:02:27:15 +0300] "GET /course/view.php?id=527 HTTP/1.1" 303 754 "-" "Mozilla/5.0 (compatible; SemrushBot/7~bl; +http://www.semrush.com/bot.html)"
52.167.144.196 - - [14/Apr/2025:02:44:34 +0300] "GET /course/view.php?id=419 HTTP/2" 303 637 "-" "Mozilla/5.0 AppleWebKit/537.36 (KHTML, like Gecko; compatible; bingbot/2.0; +http://www.bing.com/bingbot.htm) Chrome/116.0.1938.76 Safari/537.36"
52.167.144.196 - - [14/Apr/2025:02:44:35 +0300] "GET /login/index.php HTTP/2" 500 0 "-" "Mozilla/5.0 AppleWebKit/537.36 (KHTML, like Gecko; compatible; bingbot/2.0; +http://www.bing.com/bingbot.htm) Chrome/116.0.1938.76 Safari/537.36"
165.22.254.158 - - [14/Apr/2025:02:49:56 +0300] "GET /login/index.php HTTP/1.1" 500 0 "-" "Mozilla/5.0 (Windows NT 10.0; Win64; x64) AppleWebKit/537.36 (KHTML, like Gecko) Chrome/120.0.6099.71 Safari/537.36"
165.22.254.158 - - [14/Apr/2025:02:49:57 +0300] "POST /login/index.php HTTP/1.1" 303 763 "-" "Mozilla/5.0 (Windows NT 10.0; Win64; x64) AppleWebKit/537.36 (KHTML, like Gecko) Chrome/120.0.6099.71 Safari/537.36"
66.249.66.17 - - [14/Apr/2025:01:54:45 +0300] "GET /site/?pg=jinda55+app HTTP/1.1" 200 73390 "-" "Mozilla/5.0 (Linux; Android 6.0.1; Nexus 5X Build/MMB29P) AppleWebKit/537.36 (KHTML, like Gecko) Chrome/135.0.7049.52 Mobile Safari/537.36 (compatible; Googlebot/2.1; +http://www.google.com/bot.html)"
114.119.131.248 - - [14/Apr/2025:02:00:02 +0300] "GET /course/index.php?categoryid=231 HTTP/1.1" 500 0 "https://distance.gluk.ac.ke/course/index.php?categoryid=16" "Mozilla/5.0 (Linux; Android 7.0;) AppleWebKit/537.36 (KHTML, like Gecko) Mobile Safari/537.36 (compatible; PetalBot;+https://webmaster.petalsearch.com/site/petalbot)"
85.208.96.193 - - [14/Apr/2025:02:07:11 +0300] "GET /course/view.php?id=569 HTTP/1.1" 303 754 "-" "Mozilla/5.0 (compatible; SemrushBot/7~bl; +http://www.semrush.com/bot.html)"
114.119.158.149 - - [14/Apr/2025:02:12:01 +0300] "GET /course/view.php?id=184 HTTP/1.1" 303 754 "https://distance.gluk.ac.ke/course/index.php?categoryid=87" "Mozilla/5.0 (Linux; Android 7.0;) AppleWebKit/537.36 (KHTML, like Gecko) Mobile Safari/537.36 (compatible; PetalBot;+https://webmaster.petalsearch.com/site/petalbot)"
66.249.66.17 - - [14/Apr/2025:02:18:02 +0300] "GET /course/index.php?categoryid=182 HTTP/1.1" 200 0 "-" "Mozilla/5.0 (Linux; Android 6.0.1; Nexus 5X Build/MMB29P) AppleWebKit/537.36 (KHTML, like Gecko) Chrome/135.0.7049.52 Mobile Safari/537.36 (compatible; Googlebot/2.1; +http://www.google.com/bot.html)"
185.191.171.4 - - [14/Apr/2025:02:22:19 +0300] "GET /course/view.php?id=576 HTTP/1.1" 303 754 "-" "Mozilla/5.0 (compatible; SemrushBot/7~bl; +http://www.semrush.com/bot.html)"
185.191.171.11 - - [14/Apr/2025:02:39:46 +0300] "GET /course/view.php?id=550 HTTP/1.1" 303 754 "-" "Mozilla/5.0 (compatible; SemrushBot/7~bl; +http://www.semrush.com/bot.html)"
52.167.144.196 - - [14/Apr/2025:02:43:14 +0300] "GET /course/view.php?id=387 HTTP/2" 303 637 "-" "Mozilla/5.0 AppleWebKit/537.36 (KHTML, like Gecko; compatible; bingbot/2.0; +http://www.bing.com/bingbot.htm) Chrome/116.0.1938.76 Safari/537.36"
52.167.144.196 - - [14/Apr/2025:02:43:16 +0300] "GET /login/index.php HTTP/2" 500 0 "-" "Mozilla/5.0 AppleWebKit/537.36 (KHTML, like Gecko; compatible; bingbot/2.0; +http://www.bing.com/bingbot.htm) Chrome/116.0.1938.76 Safari/537.36"
185.191.171.4 - - [14/Apr/2025:03:00:16 +0300] "GET /course/view.php?id=591 HTTP/1.1" 303 754 "-" "Mozilla/5.0 (compatible; SemrushBot/7~bl; +http://www.semrush.com/bot.html)"
85.208.96.210 - - [14/Apr/2025:03:09:32 +0300] "GET /course/view.php?id=530 HTTP/1.1" 303 754 "-" "Mozilla/5.0 (compatible; SemrushBot/7~bl; +http://www.semrush.com/bot.html)"
85.208.96.212 - - [14/Apr/2025:03:11:10 +0300] "GET /user/profile.php?id=3 HTTP/1.1" 303 754 "-" "Mozilla/5.0 (compatible; SemrushBot/7~bl; +http://www.semrush.com/bot.html)"
66.249.66.17 - - [14/Apr/2025:03:19:00 +0300] "GET /site/?pg=%E0%B8%97%E0%B8%B2%E0%B8%87%E0%B9%80%E0%B8%82%E0%B9%89%E0%B8%B2+ufabet+%E0%B8%A5%E0%B9%88%E0%B8%B2%E0%B8%AA%E0%B8%B8%E0%B8%94 HTTP/1.1" 200 73592 "-" "Mozilla/5.0 (Linux; Android 6.0.1; Nexus 5X Build/MMB29P) AppleWebKit/537.36 (KHTML, like Gecko) Chrome/135.0.7049.52 Mobile Safari/537.36 (compatible; Googlebot/2.1; +http://www.google.com/bot.html)"
66.249.66.17 - - [14/Apr/2025:03:19:04 +0300] "GET /site/?pg=gool+%E0%B8%9C%E0%B8%A5%E0%B8%9A%E0%B8%AD%E0%B8%A5%E0%B8%AA%E0%B8%94 HTTP/1.1" 200 73448 "-" "Mozilla/5.0 (Linux; Android 6.0.1; Nexus 5X Build/MMB29P) AppleWebKit/537.36 (KHTML, like Gecko) Chrome/135.0.7049.52 Mobile Safari/537.36 (compatible; Googlebot/2.1; +http://www.google.com/bot.html)"
185.191.171.12 - - [14/Apr/2025:03:08:55 +0300] "GET /course/view.php?id=514 HTTP/1.1" 303 754 "-" "Mozilla/5.0 (compatible; SemrushBot/7~bl; +http://www.semrush.com/bot.html)"
66.249.92.18 - - [14/Apr/2025:03:18:50 +0300] "GET /.well-known/assetlinks.json HTTP/1.1" 404 796 "-" "Mozilla/5.0 (Windows NT 10.0; Win64; x64)AppleWebKit/537.36 (KHTML, like Gecko) Chrome/91.0.4472.101 Safari/537.36"
66.249.66.17 - - [14/Apr/2025:03:20:05 +0300] "GET /site/?pg=lava+slot HTTP/1.1" 200 73484 "-" "Mozilla/5.0 (Linux; Android 6.0.1; Nexus 5X Build/MMB29P) AppleWebKit/537.36 (KHTML, like Gecko) Chrome/135.0.7049.52 Mobile Safari/537.36 (compatible; Googlebot/2.1; +http://www.google.com/bot.html)"
66.249.66.18 - - [14/Apr/2025:03:20:08 +0300] "GET /site/css/index.css HTTP/1.1" 404 796 "https://distance.gluk.ac.ke/site/?pg=lava+slot" "Mozilla/5.0 (Linux; Android 6.0.1; Nexus 5X Build/MMB29P) AppleWebKit/537.36 (KHTML, like Gecko) Chrome/134.0.6998.165 Mobile Safari/537.36 (compatible; Googlebot/2.1; +http://www.google.com/bot.html)"
165.22.254.158 - - [14/Apr/2025:03:24:24 +0300] "GET /login/index.php HTTP/1.1" 500 0 "-" "Mozilla/5.0 (Windows NT 10.0; Win64; x64) AppleWebKit/537.36 (KHTML, like Gecko) Chrome/120.0.6099.71 Safari/537.36"
165.22.254.158 - - [14/Apr/2025:03:24:28 +0300] "POST /login/index.php HTTP/1.1" 303 763 "-" "Mozilla/5.0 (Windows NT 10.0; Win64; x64) AppleWebKit/537.36 (KHTML, like Gecko) Chrome/120.0.6099.71 Safari/537.36"
85.208.96.201 - - [14/Apr/2025:03:27:08 +0300] "GET /course/view.php?id=583 HTTP/1.1" 303 754 "-" "Mozilla/5.0 (compatible; SemrushBot/7~bl; +http://www.semrush.com/bot.html)"
185.191.171.19 - - [14/Apr/2025:03:29:36 +0300] "GET /course/view.php?id=538 HTTP/1.1" 303 754 "-" "Mozilla/5.0 (compatible; SemrushBot/7~bl; +http://www.semrush.com/bot.html)"
66.249.66.18 - - [14/Apr/2025:03:29:43 +0300] "GET /site/?pg=%E0%B8%9A%E0%B9%89%E0%B8%B2%E0%B8%99%E0%B8%9C%E0%B8%A5%E0%B8%9A%E0%B8%AD%E0%B8%A5%2Bgoal HTTP/1.1" 200 73475 "-" "Mozilla/5.0 (Linux; Android 6.0.1; Nexus 5X Build/MMB29P) AppleWebKit/537.36 (KHTML, like Gecko) Chrome/135.0.7049.52 Mobile Safari/537.36 (compatible; Googlebot/2.1; +http://www.google.com/bot.html)"
66.249.66.18 - - [14/Apr/2025:03:35:16 +0300] "GET /site/?pg=%E0%B9%80%E0%B8%A7%E0%B9%87%E0%B8%9A%E0%B8%AA%E0%B8%A5%E0%B9%87%E0%B8%AD%E0%B8%95%E0%B8%A3%E0%B8%B1%E0%B8%9A%E0%B8%A7%E0%B8%AD%E0%B9%80%E0%B8%A5%E0%B9%87%E0%B8%97 HTTP/1.1" 200 73502 "-" "Mozilla/5.0 (Linux; Android 6.0.1; Nexus 5X Build/MMB29P) AppleWebKit/537.36 (KHTML, like Gecko) Chrome/135.0.7049.52 Mobile Safari/537.36 (compatible; Googlebot/2.1; +http://www.google.com/bot.html)"
85.208.96.211 - - [14/Apr/2025:03:42:23 +0300] "GET /course/view.php?id=496 HTTP/1.1" 303 754 "-" "Mozilla/5.0 (compatible; SemrushBot/7~bl; +http://www.semrush.com/bot.html)"
66.249.66.17 - - [14/Apr/2025:03:20:42 +0300] "GET /site/?pg=%E0%B9%80%E0%B8%81%E0%B8%A1+%E0%B8%AA%E0%B8%A5%E0%B9%87%E0%B8%AD%E0%B8%95+365 HTTP/1.1" 200 73424 "-" "Mozilla/5.0 (Linux; Android 6.0.1; Nexus 5X Build/MMB29P) AppleWebKit/537.36 (KHTML, like Gecko) Chrome/135.0.7049.52 Mobile Safari/537.36 (compatible; Googlebot/2.1; +http://www.google.com/bot.html)"
23.81.232.88 - - [14/Apr/2025:03:28:36 +0300] "GET / HTTP/1.1" 500 0 "https://www.gluk.ac.ke/" "Mozilla/5.0 (Windows NT 10.0; Win64; x64) AppleWebKit/537.36 (KHTML, like Gecko) Chrome/114.0.0.0 Safari/537.36 OPR/89.0.4447.51"
85.208.96.203 - - [14/Apr/2025:03:28:40 +0300] "GET /robots.txt HTTP/1.1" 404 796 "-" "Mozilla/5.0 (compatible; SemrushBot/7~bl; +http://www.semrush.com/bot.html)"
85.208.96.206 - - [14/Apr/2025:03:28:42 +0300] "GET /course/view.php?id=558 HTTP/1.1" 303 754 "-" "Mozilla/5.0 (compatible; SemrushBot/7~bl; +http://www.semrush.com/bot.html)"
66.249.66.19 - - [14/Apr/2025:03:32:20 +0300] "GET /site/?pg=%E0%B8%AA%E0%B8%A5%E0%B9%87%E0%B8%AD%E0%B8%95%E0%B9%80%E0%B8%A7%E0%B9%87%E0%B8%9A%E0%B8%95%E0%B8%A3%E0%B8%87%E0%B9%80%E0%B8%A5%E0%B9%88%E0%B8%99%E0%B8%9F%E0%B8%A3%E0%B8%B5 HTTP/1.1" 200 73522 "-" "Mozilla/5.0 (Linux; Android 6.0.1; Nexus 5X Build/MMB29P) AppleWebKit/537.36 (KHTML, like Gecko) Chrome/135.0.7049.52 Mobile Safari/537.36 (compatible; Googlebot/2.1; +http://www.google.com/bot.html)"
66.249.66.18 - - [14/Apr/2025:03:32:41 +0300] "GET /site/css/index.css HTTP/1.1" 404 796 "https://distance.gluk.ac.ke/site/?pg=%E0%B8%AA%E0%B8%A5%E0%B9%87%E0%B8%AD%E0%B8%95%E0%B9%80%E0%B8%A7%E0%B9%87%E0%B8%9A%E0%B8%95%E0%B8%A3%E0%B8%87%E0%B9%80%E0%B8%A5%E0%B9%88%E0%B8%99%E0%B8%9F%E0%B8%A3%E0%B8%B5" "Mozilla/5.0 (Linux; Android 6.0.1; Nexus 5X Build/MMB29P) AppleWebKit/537.36 (KHTML, like Gecko) Chrome/134.0.6998.165 Mobile Safari/537.36 (compatible; Googlebot/2.1; +http://www.google.com/bot.html)"
185.191.171.6 - - [14/Apr/2025:03:33:21 +0300] "GET /course/view.php?id=516 HTTP/1.1" 303 754 "-" "Mozilla/5.0 (compatible; SemrushBot/7~bl; +http://www.semrush.com/bot.html)"
185.191.171.7 - - [14/Apr/2025:03:44:13 +0300] "GET /course/view.php?id=545 HTTP/1.1" 303 754 "-" "Mozilla/5.0 (compatible; SemrushBot/7~bl; +http://www.semrush.com/bot.html)"
185.191.171.11 - - [14/Apr/2025:03:46:26 +0300] "GET /course/view.php?id=553 HTTP/1.1" 303 754 "-" "Mozilla/5.0 (compatible; SemrushBot/7~bl; +http://www.semrush.com/bot.html)"
35.180.172.158 - - [14/Apr/2025:03:55:14 +0300] "GET / HTTP/1.1" 500 0 "www.google.com" "Mozilla/5.0 (Linux; Android 7.0; SM-G892A Build/NRD90M; wv) AppleWebKit/537.36 (KHTML, like Gecko) Version/4.0 Chrome/60.0.3112.107 Mobile Safari/537.36"
35.180.172.158 - - [14/Apr/2025:03:55:57 +0300] "GET / HTTP/1.1" 500 0 "www.google.com" "Mozilla/5.0 (Linux; Android 7.0; SM-G892A Build/NRD90M; wv) AppleWebKit/537.36 (KHTML, like Gecko) Version/4.0 Chrome/60.0.3112.107 Mobile Safari/537.36"
185.191.171.15 - - [14/Apr/2025:04:03:39 +0300] "GET /course/view.php?id=554 HTTP/1.1" 303 754 "-" "Mozilla/5.0 (compatible; SemrushBot/7~bl; +http://www.semrush.com/bot.html)"
85.208.96.204 - - [14/Apr/2025:03:56:42 +0300] "GET /course/view.php?id=564 HTTP/1.1" 303 754 "-" "Mozilla/5.0 (compatible; SemrushBot/7~bl; +http://www.semrush.com/bot.html)"
185.191.171.8 - - [14/Apr/2025:04:06:47 +0300] "GET / HTTP/1.1" 500 0 "-" "Mozilla/5.0 (compatible; SemrushBot/7~bl; +http://www.semrush.com/bot.html)"
185.191.171.14 - - [14/Apr/2025:04:17:19 +0300] "GET /user/profile.php?id=36 HTTP/1.1" 303 754 "-" "Mozilla/5.0 (compatible; SemrushBot/7~bl; +http://www.semrush.com/bot.html)"
20.42.10.179 - - [14/Apr/2025:04:40:51 +0300] "GET /robots.txt HTTP/2" 404 796 "-" "Mozilla/5.0 (Macintosh; Intel Mac OS X 10_15_7) AppleWebKit/537.36 (KHTML, like Gecko) Chrome/131.0.0.0 Safari/537.36; compatible; OAI-SearchBot/1.0; +https://openai.com/searchbot"
103.65.237.52 - - [14/Apr/2025:04:36:43 +0300] "GET /login/index.php HTTP/1.1" 500 0 "-" "Mozilla/5.0 (Windows NT 10.0; Win64; x64) AppleWebKit/537.36 (KHTML, like Gecko) Chrome/120.0.6099.71 Safari/537.36"
103.65.237.52 - - [14/Apr/2025:04:36:47 +0300] "POST /login/index.php HTTP/1.1" 303 763 "-" "Mozilla/5.0 (Windows NT 10.0; Win64; x64) AppleWebKit/537.36 (KHTML, like Gecko) Chrome/120.0.6099.71 Safari/537.36"
87.124.9.46 - - [14/Apr/2025:04:47:20 +0300] "GET /login/index.php HTTP/1.1" 500 0 "-" "Mozilla/5.0 (Windows NT 10.0; Win64; x64; sec-ch-ua-platform=Windows 11) AppleWebKit/537.36 (KHTML, like Gecko) Chrome/126.0.0.0 Safari/537.36 Edg/104.0.5112.44 Firefox/104.0"
87.124.9.46 - - [14/Apr/2025:04:47:21 +0300] "POST /login/index.php HTTP/1.1" 303 763 "-" "Mozilla/5.0 (Windows NT 10.0; Win64; x64; sec-ch-ua-platform=Windows 11) AppleWebKit/537.36 (KHTML, like Gecko) Chrome/126.0.0.0 Safari/537.36 Edg/104.0.5112.44 Firefox/104.0"
165.22.254.158 - - [14/Apr/2025:04:59:19 +0300] "GET /login/index.php HTTP/1.1" 500 0 "-" "Mozilla/5.0 (Windows NT 10.0; Win64; x64) AppleWebKit/537.36 (KHTML, like Gecko) Chrome/120.0.6099.71 Safari/537.36"
165.22.254.158 - - [14/Apr/2025:04:59:22 +0300] "POST /login/index.php HTTP/1.1" 303 763 "-" "Mozilla/5.0 (Windows NT 10.0; Win64; x64) AppleWebKit/537.36 (KHTML, like Gecko) Chrome/120.0.6099.71 Safari/537.36"
165.22.254.158 - - [14/Apr/2025:04:59:23 +0300] "GET /login/index.php HTTP/1.1" 500 0 "-" "Mozilla/5.0 (Windows NT 10.0; Win64; x64) AppleWebKit/537.36 (KHTML, like Gecko) Chrome/120.0.6099.71 Safari/537.36"
165.22.254.158 - - [14/Apr/2025:04:59:24 +0300] "POST /login/index.php HTTP/1.1" 303 763 "-" "Mozilla/5.0 (Windows NT 10.0; Win64; x64) AppleWebKit/537.36 (KHTML, like Gecko) Chrome/120.0.6099.71 Safari/537.36"
165.22.254.158 - - [14/Apr/2025:04:59:38 +0300] "GET /login/index.php HTTP/1.1" 500 0 "-" "Mozilla/5.0 (Windows NT 10.0; Win64; x64) AppleWebKit/537.36 (KHTML, like Gecko) Chrome/120.0.6099.71 Safari/537.36"
165.22.254.158 - - [14/Apr/2025:04:59:39 +0300] "POST /login/index.php HTTP/1.1" 303 763 "-" "Mozilla/5.0 (Windows NT 10.0; Win64; x64) AppleWebKit/537.36 (KHTML, like Gecko) Chrome/120.0.6099.71 Safari/537.36"
165.22.254.158 - - [14/Apr/2025:04:59:33 +0300] "GET /login/index.php HTTP/1.1" 500 0 "-" "Mozilla/5.0 (Windows NT 10.0; Win64; x64) AppleWebKit/537.36 (KHTML, like Gecko) Chrome/120.0.6099.71 Safari/537.36"
165.22.254.158 - - [14/Apr/2025:04:59:34 +0300] "POST /login/index.php HTTP/1.1" 303 763 "-" "Mozilla/5.0 (Windows NT 10.0; Win64; x64) AppleWebKit/537.36 (KHTML, like Gecko) Chrome/120.0.6099.71 Safari/537.36"
165.22.254.158 - - [14/Apr/2025:04:59:35 +0300] "GET /login/index.php HTTP/1.1" 500 0 "-" "Mozilla/5.0 (Windows NT 10.0; Win64; x64) AppleWebKit/537.36 (KHTML, like Gecko) Chrome/120.0.6099.71 Safari/537.36"
165.22.254.158 - - [14/Apr/2025:04:59:35 +0300] "POST /login/index.php HTTP/1.1" 303 763 "-" "Mozilla/5.0 (Windows NT 10.0; Win64; x64) AppleWebKit/537.36 (KHTML, like Gecko) Chrome/120.0.6099.71 Safari/537.36"
165.22.254.158 - - [14/Apr/2025:04:59:40 +0300] "GET /login/index.php HTTP/1.1" 500 0 "-" "Mozilla/5.0 (Windows NT 10.0; Win64; x64) AppleWebKit/537.36 (KHTML, like Gecko) Chrome/120.0.6099.71 Safari/537.36"
165.22.254.158 - - [14/Apr/2025:04:59:40 +0300] "POST /login/index.php HTTP/1.1" 303 763 "-" "Mozilla/5.0 (Windows NT 10.0; Win64; x64) AppleWebKit/537.36 (KHTML, like Gecko) Chrome/120.0.6099.71 Safari/537.36"
165.22.254.158 - - [14/Apr/2025:04:59:51 +0300] "GET /login/index.php HTTP/1.1" 500 0 "-" "Mozilla/5.0 (Windows NT 10.0; Win64; x64) AppleWebKit/537.36 (KHTML, like Gecko) Chrome/120.0.6099.71 Safari/537.36"
165.22.254.158 - - [14/Apr/2025:04:59:52 +0300] "POST /login/index.php HTTP/1.1" 303 763 "-" "Mozilla/5.0 (Windows NT 10.0; Win64; x64) AppleWebKit/537.36 (KHTML, like Gecko) Chrome/120.0.6099.71 Safari/537.36"
165.22.254.158 - - [14/Apr/2025:04:59:56 +0300] "GET /login/index.php HTTP/1.1" 500 0 "-" "Mozilla/5.0 (Windows NT 10.0; Win64; x64) AppleWebKit/537.36 (KHTML, like Gecko) Chrome/120.0.6099.71 Safari/537.36"
165.22.254.158 - - [14/Apr/2025:04:59:57 +0300] "POST /login/index.php HTTP/1.1" 303 763 "-" "Mozilla/5.0 (Windows NT 10.0; Win64; x64) AppleWebKit/537.36 (KHTML, like Gecko) Chrome/120.0.6099.71 Safari/537.36"
165.22.254.158 - - [14/Apr/2025:05:00:05 +0300] "GET /login/index.php HTTP/1.1" 500 0 "-" "Mozilla/5.0 (Windows NT 10.0; Win64; x64) AppleWebKit/537.36 (KHTML, like Gecko) Chrome/120.0.6099.71 Safari/537.36"
165.22.254.158 - - [14/Apr/2025:05:00:06 +0300] "POST /login/index.php HTTP/1.1" 303 763 "-" "Mozilla/5.0 (Windows NT 10.0; Win64; x64) AppleWebKit/537.36 (KHTML, like Gecko) Chrome/120.0.6099.71 Safari/537.36"
185.191.171.11 - - [14/Apr/2025:05:00:22 +0300] "GET /robots.txt HTTP/1.1" 404 796 "-" "Mozilla/5.0 (compatible; SemrushBot/7~bl; +http://www.semrush.com/bot.html)"
185.191.171.15 - - [14/Apr/2025:05:00:23 +0300] "GET /course/view.php?id=463 HTTP/1.1" 303 754 "-" "Mozilla/5.0 (compatible; SemrushBot/7~bl; +http://www.semrush.com/bot.html)"
85.208.96.200 - - [14/Apr/2025:05:08:45 +0300] "GET /course/view.php?id=566 HTTP/1.1" 303 754 "-" "Mozilla/5.0 (compatible; SemrushBot/7~bl; +http://www.semrush.com/bot.html)"
52.167.144.208 - - [14/Apr/2025:05:16:49 +0300] "GET /course/view.php?id=320 HTTP/2" 303 637 "-" "Mozilla/5.0 AppleWebKit/537.36 (KHTML, like Gecko; compatible; bingbot/2.0; +http://www.bing.com/bingbot.htm) Chrome/116.0.1938.76 Safari/537.36"
52.167.144.208 - - [14/Apr/2025:05:16:50 +0300] "GET /login/index.php HTTP/2" 500 0 "-" "Mozilla/5.0 AppleWebKit/537.36 (KHTML, like Gecko; compatible; bingbot/2.0; +http://www.bing.com/bingbot.htm) Chrome/116.0.1938.76 Safari/537.36"
52.167.144.159 - - [14/Apr/2025:05:17:47 +0300] "GET / HTTP/2" 500 0 "-" "Mozilla/5.0 AppleWebKit/537.36 (KHTML, like Gecko; compatible; bingbot/2.0; +http://www.bing.com/bingbot.htm) Chrome/116.0.1938.76 Safari/537.36"
66.249.66.18 - - [14/Apr/2025:05:19:23 +0300] "GET /site/?pg=vvip69+slot+%E0%B9%80%E0%B8%82%E0%B9%89%E0%B8%B2%E0%B8%AA%E0%B8%B9%E0%B9%88%E0%B8%A3%E0%B8%B0%E0%B8%9A%E0%B8%9A HTTP/1.1" 200 73603 "-" "Mozilla/5.0 (Linux; Android 6.0.1; Nexus 5X Build/MMB29P) AppleWebKit/537.36 (KHTML, like Gecko) Chrome/135.0.7049.52 Mobile Safari/537.36 (compatible; Googlebot/2.1; +http://www.google.com/bot.html)"
66.249.66.18 - - [14/Apr/2025:05:19:28 +0300] "GET /site/css/index.css HTTP/1.1" 404 796 "https://distance.gluk.ac.ke/site/?pg=vvip69+slot+%E0%B9%80%E0%B8%82%E0%B9%89%E0%B8%B2%E0%B8%AA%E0%B8%B9%E0%B9%88%E0%B8%A3%E0%B8%B0%E0%B8%9A%E0%B8%9A" "Mozilla/5.0 (Linux; Android 6.0.1; Nexus 5X Build/MMB29P) AppleWebKit/537.36 (KHTML, like Gecko) Chrome/134.0.6998.165 Mobile Safari/537.36 (compatible; Googlebot/2.1; +http://www.google.com/bot.html)"
66.249.66.17 - - [14/Apr/2025:05:20:33 +0300] "GET /ads.txt HTTP/1.1" 404 796 "-" "Mozilla/5.0 (compatible; Googlebot/2.1; +http://www.google.com/bot.html)"
66.249.66.17 - - [14/Apr/2025:05:21:27 +0300] "GET /site/?pg=%E0%B8%AA%E0%B8%A1%E0%B8%B1%E0%B8%84%E0%B8%A3%E0%B8%AA%E0%B8%A5%E0%B9%87%E0%B8%AD%E0%B8%95pg%E0%B9%80%E0%B8%A7%E0%B9%87%E0%B8%9A%E0%B8%95%E0%B8%A3%E0%B8%87 HTTP/1.1" 200 73565 "-" "Mozilla/5.0 (Linux; Android 6.0.1; Nexus 5X Build/MMB29P) AppleWebKit/537.36 (KHTML, like Gecko) Chrome/135.0.7049.52 Mobile Safari/537.36 (compatible; Googlebot/2.1; +http://www.google.com/bot.html)"
66.249.66.18 - - [14/Apr/2025:05:21:29 +0300] "GET /site/?pg=Pgxbet888 HTTP/1.1" 200 73487 "-" "Mozilla/5.0 (Linux; Android 6.0.1; Nexus 5X Build/MMB29P) AppleWebKit/537.36 (KHTML, like Gecko) Chrome/135.0.7049.52 Mobile Safari/537.36 (compatible; Googlebot/2.1; +http://www.google.com/bot.html)"
165.22.254.158 - - [14/Apr/2025:05:16:39 +0300] "GET /login/index.php HTTP/1.1" 500 0 "-" "Mozilla/5.0 (Windows NT 10.0; Win64; x64) AppleWebKit/537.36 (KHTML, like Gecko) Chrome/120.0.6099.71 Safari/537.36"
165.22.254.158 - - [14/Apr/2025:05:16:42 +0300] "POST /login/index.php HTTP/1.1" 303 763 "-" "Mozilla/5.0 (Windows NT 10.0; Win64; x64) AppleWebKit/537.36 (KHTML, like Gecko) Chrome/120.0.6099.71 Safari/537.36"
66.249.66.17 - - [14/Apr/2025:05:18:11 +0300] "GET /robots.txt HTTP/1.1" 404 796 "-" "Mozilla/5.0 (compatible; Googlebot/2.1; +http://www.google.com/bot.html)"
66.249.66.17 - - [14/Apr/2025:05:19:30 +0300] "GET /site/css/index.css HTTP/1.1" 404 796 "https://distance.gluk.ac.ke/site/?pg=vvip69+slot+%E0%B9%80%E0%B8%82%E0%B9%89%E0%B8%B2%E0%B8%AA%E0%B8%B9%E0%B9%88%E0%B8%A3%E0%B8%B0%E0%B8%9A%E0%B8%9A" "Mozilla/5.0 (Linux; Android 6.0.1; Nexus 5X Build/MMB29P) AppleWebKit/537.36 (KHTML, like Gecko) Chrome/134.0.6998.165 Mobile Safari/537.36 (compatible; Googlebot/2.1; +http://www.google.com/bot.html)"
66.249.66.17 - - [14/Apr/2025:05:22:54 +0300] "GET /site/?pg=168lambo+auto HTTP/1.1" 200 73411 "-" "Mozilla/5.0 (Linux; Android 6.0.1; Nexus 5X Build/MMB29P) AppleWebKit/537.36 (KHTML, like Gecko) Chrome/135.0.7049.52 Mobile Safari/537.36 (compatible; Googlebot/2.1; +http://www.google.com/bot.html)"
157.66.55.114 - - [14/Apr/2025:05:25:57 +0300] "GET /login/index.php HTTP/1.1" 500 0 "-" "Mozilla/5.0 (Windows NT 10.0; Win64; x64) AppleWebKit/537.36 (KHTML, like Gecko) Chrome/120.0.6099.71 Safari/537.36"
157.66.55.114 - - [14/Apr/2025:05:25:58 +0300] "POST /login/index.php HTTP/1.1" 303 763 "-" "Mozilla/5.0 (Windows NT 10.0; Win64; x64) AppleWebKit/537.36 (KHTML, like Gecko) Chrome/120.0.6099.71 Safari/537.36"
66.249.92.19 - - [14/Apr/2025:05:27:20 +0300] "GET /plugins/google12e9d8c1e53c3a43.html HTTP/1.1" 404 796 "-" "Mozilla/5.0 (compatible; Google-Site-Verification/1.0)"
66.249.92.17 - - [14/Apr/2025:05:27:30 +0300] "GET /plugins/google3e4ec9452de3a41e.html HTTP/1.1" 404 796 "-" "Mozilla/5.0 (compatible; Google-Site-Verification/1.0)"
185.191.171.18 - - [14/Apr/2025:05:30:50 +0300] "GET /course/view.php?id=462 HTTP/1.1" 303 754 "-" "Mozilla/5.0 (compatible; SemrushBot/7~bl; +http://www.semrush.com/bot.html)"
47.128.55.145 - - [14/Apr/2025:05:39:12 +0300] "GET / HTTP/2" 500 0 "-" "Mozilla/5.0 (Linux; Android 5.0) AppleWebKit/537.36 (KHTML, like Gecko) Mobile Safari/537.36 (compatible; Bytespider; spider-feedback@bytedance.com)"
66.249.66.19 - - [14/Apr/2025:05:22:06 +0300] "GET /site/?pg=slot+king77 HTTP/1.1" 200 73415 "-" "Mozilla/5.0 (Linux; Android 6.0.1; Nexus 5X Build/MMB29P) AppleWebKit/537.36 (KHTML, like Gecko) Chrome/135.0.7049.52 Mobile Safari/537.36 (compatible; Googlebot/2.1; +http://www.google.com/bot.html)"
66.249.66.18 - - [14/Apr/2025:05:22:18 +0300] "GET /site/?pg=ep123bet+Auto HTTP/1.1" 200 73411 "-" "Mozilla/5.0 (Linux; Android 6.0.1; Nexus 5X Build/MMB29P) AppleWebKit/537.36 (KHTML, like Gecko) Chrome/135.0.7049.52 Mobile Safari/537.36 (compatible; Googlebot/2.1; +http://www.google.com/bot.html)"
103.65.237.52 - - [14/Apr/2025:05:24:00 +0300] "GET /login/index.php HTTP/1.1" 500 0 "-" "Mozilla/5.0 (Windows NT 10.0; Win64; x64) AppleWebKit/537.36 (KHTML, like Gecko) Chrome/120.0.6099.71 Safari/537.36"
103.65.237.52 - - [14/Apr/2025:05:24:01 +0300] "POST /login/index.php HTTP/1.1" 303 763 "-" "Mozilla/5.0 (Windows NT 10.0; Win64; x64) AppleWebKit/537.36 (KHTML, like Gecko) Chrome/120.0.6099.71 Safari/537.36"
185.191.171.7 - - [14/Apr/2025:05:29:03 +0300] "GET /course/view.php?id=531 HTTP/1.1" 303 754 "-" "Mozilla/5.0 (compatible; SemrushBot/7~bl; +http://www.semrush.com/bot.html)"
103.65.237.52 - - [14/Apr/2025:05:39:29 +0300] "GET /login/index.php HTTP/1.1" 500 0 "-" "Mozilla/5.0 (Windows NT 10.0; Win64; x64) AppleWebKit/537.36 (KHTML, like Gecko) Chrome/120.0.6099.71 Safari/537.36"
103.65.237.52 - - [14/Apr/2025:05:39:30 +0300] "POST /login/index.php HTTP/1.1" 303 763 "-" "Mozilla/5.0 (Windows NT 10.0; Win64; x64) AppleWebKit/537.36 (KHTML, like Gecko) Chrome/120.0.6099.71 Safari/537.36"
103.65.237.52 - - [14/Apr/2025:05:39:30 +0300] "GET /login/index.php HTTP/1.1" 500 0 "-" "Mozilla/5.0 (Windows NT 10.0; Win64; x64) AppleWebKit/537.36 (KHTML, like Gecko) Chrome/120.0.6099.71 Safari/537.36"
103.65.237.52 - - [14/Apr/2025:05:39:31 +0300] "POST /login/index.php HTTP/1.1" 303 763 "-" "Mozilla/5.0 (Windows NT 10.0; Win64; x64) AppleWebKit/537.36 (KHTML, like Gecko) Chrome/120.0.6099.71 Safari/537.36"
66.249.66.17 - - [14/Apr/2025:05:52:08 +0300] "GET /site/?pg=%E0%B8%AA%E0%B8%A1%E0%B8%B1%E0%B8%84%E0%B8%A3+%E0%B8%A2%E0%B8%B9%E0%B8%9F%E0%B9%88%E0%B8%B2%E0%B9%80%E0%B8%9A%E0%B8%97 HTTP/1.1" 200 73622 "-" "Mozilla/5.0 (Linux; Android 6.0.1; Nexus 5X Build/MMB29P) AppleWebKit/537.36 (KHTML, like Gecko) Chrome/135.0.7049.52 Mobile Safari/537.36 (compatible; Googlebot/2.1; +http://www.google.com/bot.html)"
40.77.167.42 - - [14/Apr/2025:05:42:30 +0300] "GET /course/index.php?categoryid=52 HTTP/2" 500 0 "-" "Mozilla/5.0 AppleWebKit/537.36 (KHTML, like Gecko; compatible; bingbot/2.0; +http://www.bing.com/bingbot.htm) Chrome/116.0.1938.76 Safari/537.36"
85.208.96.209 - - [14/Apr/2025:05:43:45 +0300] "GET /course/view.php?id=567 HTTP/1.1" 303 754 "-" "Mozilla/5.0 (compatible; SemrushBot/7~bl; +http://www.semrush.com/bot.html)"
185.191.171.15 - - [14/Apr/2025:05:45:40 +0300] "GET /course/view.php?id=502 HTTP/1.1" 303 754 "-" "Mozilla/5.0 (compatible; SemrushBot/7~bl; +http://www.semrush.com/bot.html)"
85.208.96.207 - - [14/Apr/2025:05:48:37 +0300] "GET /course/view.php?id=540 HTTP/1.1" 303 754 "-" "Mozilla/5.0 (compatible; SemrushBot/7~bl; +http://www.semrush.com/bot.html)"
66.249.66.18 - - [14/Apr/2025:05:50:22 +0300] "GET /site/?pg=%E0%B8%AB%E0%B8%A7%E0%B8%A2%E0%B8%AB%E0%B8%B8%E0%B9%89%E0%B8%9933 HTTP/1.1" 200 73508 "-" "Mozilla/5.0 (Linux; Android 6.0.1; Nexus 5X Build/MMB29P) AppleWebKit/537.36 (KHTML, like Gecko) Chrome/135.0.7049.52 Mobile Safari/537.36 (compatible; Googlebot/2.1; +http://www.google.com/bot.html)"
66.249.66.18 - - [14/Apr/2025:05:50:24 +0300] "GET /site/css/index.css HTTP/1.1" 404 796 "https://distance.gluk.ac.ke/site/?pg=%E0%B8%AB%E0%B8%A7%E0%B8%A2%E0%B8%AB%E0%B8%B8%E0%B9%89%E0%B8%9933" "Mozilla/5.0 (Linux; Android 6.0.1; Nexus 5X Build/MMB29P) AppleWebKit/537.36 (KHTML, like Gecko) Chrome/134.0.6998.165 Mobile Safari/537.36 (compatible; Googlebot/2.1; +http://www.google.com/bot.html)"
66.249.66.17 - - [14/Apr/2025:05:51:33 +0300] "GET /site/?pg=Godzilla168 HTTP/1.1" 200 73419 "-" "Mozilla/5.0 (Linux; Android 6.0.1; Nexus 5X Build/MMB29P) AppleWebKit/537.36 (KHTML, like Gecko) Chrome/135.0.7049.52 Mobile Safari/537.36 (compatible; Googlebot/2.1; +http://www.google.com/bot.html)"
66.249.66.17 - - [14/Apr/2025:05:51:35 +0300] "GET /site/css/index.css HTTP/1.1" 404 796 "https://distance.gluk.ac.ke/site/?pg=Godzilla168" "Mozilla/5.0 (Linux; Android 6.0.1; Nexus 5X Build/MMB29P) AppleWebKit/537.36 (KHTML, like Gecko) Chrome/134.0.6998.165 Mobile Safari/537.36 (compatible; Googlebot/2.1; +http://www.google.com/bot.html)"
66.249.66.18 - - [14/Apr/2025:05:57:17 +0300] "GET /site/?pg=%E0%B8%AA%E0%B8%A5%E0%B9%87%E0%B8%AD%E0%B8%95+%E0%B9%80%E0%B8%A7%E0%B9%87%E0%B8%9A+%E0%B8%95%E0%B8%A3%E0%B8%87+%E0%B9%81%E0%B8%95%E0%B8%81+%E0%B8%87%E0%B9%88%E0%B8%B2%E0%B8%A2+168 HTTP/1.1" 200 73585 "-" "Mozilla/5.0 (Linux; Android 6.0.1; Nexus 5X Build/MMB29P) AppleWebKit/537.36 (KHTML, like Gecko) Chrome/135.0.7049.52 Mobile Safari/537.36 (compatible; Googlebot/2.1; +http://www.google.com/bot.html)"
66.249.66.18 - - [14/Apr/2025:05:58:27 +0300] "GET /site/css/index.css HTTP/1.1" 404 796 "https://distance.gluk.ac.ke/site/?pg=reddragon888" "Mozilla/5.0 (Linux; Android 6.0.1; Nexus 5X Build/MMB29P) AppleWebKit/537.36 (KHTML, like Gecko) Chrome/134.0.6998.165 Mobile Safari/537.36 (compatible; Googlebot/2.1; +http://www.google.com/bot.html)"
47.128.25.233 - - [14/Apr/2025:06:03:12 +0300] "GET /course/index.php?categoryid=230 HTTP/2" 500 0 "-" "Mozilla/5.0 (compatible; Bytespider; spider-feedback@bytedance.com) AppleWebKit/537.36 (KHTML, like Gecko) Chrome/70.0.0.0 Safari/537.36"
185.240.76.114 - - [14/Apr/2025:06:03:42 +0300] "GET / HTTP/1.1" 500 0 "-" "Mozilla/5.0 (Windows NT 10.0; WOW64) AppleWebKit/537.36 (KHTML, like Gecko) Chrome/106.0.5249.60 Safari/537.36"
185.240.76.114 - - [14/Apr/2025:06:03:47 +0300] "GET / HTTP/1.1" 500 0 "-" "Mozilla/5.0 (Windows NT 10.0) AppleWebKit/537.36 (KHTML, like Gecko) Chrome/102.0.5005.61 Safari/537.36"
185.240.76.114 - - [14/Apr/2025:06:03:50 +0300] "GET / HTTP/1.1" 500 0 "-" "Mozilla/5.0 (Windows NT 10.0; WOW64) AppleWebKit/537.36 (KHTML, like Gecko) Chrome/106.0.5249.62 Safari/537.36"
185.240.76.114 - - [14/Apr/2025:06:03:52 +0300] "GET / HTTP/1.1" 500 0 "-" "Mozilla/5.0 (Windows NT 10.0) AppleWebKit/537.36 (KHTML, like Gecko) Chrome/106.0.5249.61 Safari/537.36"
165.22.254.158 - - [14/Apr/2025:06:09:51 +0300] "GET /login/index.php HTTP/1.1" 500 0 "-" "Mozilla/5.0 (Windows NT 10.0; Win64; x64) AppleWebKit/537.36 (KHTML, like Gecko) Chrome/120.0.6099.71 Safari/537.36"
165.22.254.158 - - [14/Apr/2025:06:09:52 +0300] "POST /login/index.php HTTP/1.1" 303 763 "-" "Mozilla/5.0 (Windows NT 10.0; Win64; x64) AppleWebKit/537.36 (KHTML, like Gecko) Chrome/120.0.6099.71 Safari/537.36"
47.128.113.56 - - [14/Apr/2025:06:11:13 +0300] "GET /robots.txt HTTP/1.1" 404 796 "-" "Mozilla/5.0 (Linux; Android 5.0) AppleWebKit/537.36 (KHTML, like Gecko) Mobile Safari/537.36 (compatible; Bytespider; spider-feedback@bytedance.com)"
47.128.58.51 - - [14/Apr/2025:06:19:14 +0300] "GET /robots.txt HTTP/1.1" 404 796 "-" "Mozilla/5.0 (Linux; Android 5.0) AppleWebKit/537.36 (KHTML, like Gecko) Mobile Safari/537.36 (compatible; Bytespider; spider-feedback@bytedance.com)"
27.96.85.14 - - [14/Apr/2025:06:22:56 +0300] "GET /login/index.php HTTP/1.1" 500 0 "-" "Mozilla/5.0 (Windows NT 10.0; Win64; x64) AppleWebKit/537.36 (KHTML, like Gecko) Chrome/120.0.6099.71 Safari/537.36"
27.96.85.14 - - [14/Apr/2025:06:22:59 +0300] "POST /login/index.php HTTP/1.1" 303 763 "-" "Mozilla/5.0 (Windows NT 10.0; Win64; x64) AppleWebKit/537.36 (KHTML, like Gecko) Chrome/120.0.6099.71 Safari/537.36"
85.208.96.212 - - [14/Apr/2025:06:27:02 +0300] "GET /course/view.php?id=592 HTTP/1.1" 303 754 "-" "Mozilla/5.0 (compatible; SemrushBot/7~bl; +http://www.semrush.com/bot.html)"
185.191.171.5 - - [14/Apr/2025:06:31:57 +0300] "GET /course/view.php?id=544 HTTP/1.1" 303 754 "-" "Mozilla/5.0 (compatible; SemrushBot/7~bl; +http://www.semrush.com/bot.html)"
85.208.96.201 - - [14/Apr/2025:06:37:44 +0300] "GET /course/view.php?id=602 HTTP/1.1" 303 754 "-" "Mozilla/5.0 (compatible; SemrushBot/7~bl; +http://www.semrush.com/bot.html)"
27.96.85.14 - - [14/Apr/2025:06:38:25 +0300] "GET /login/index.php HTTP/1.1" 500 0 "-" "Mozilla/5.0 (Windows NT 10.0; Win64; x64) AppleWebKit/537.36 (KHTML, like Gecko) Chrome/120.0.6099.71 Safari/537.36"
27.96.85.14 - - [14/Apr/2025:06:38:26 +0300] "POST /login/index.php HTTP/1.1" 303 763 "-" "Mozilla/5.0 (Windows NT 10.0; Win64; x64) AppleWebKit/537.36 (KHTML, like Gecko) Chrome/120.0.6099.71 Safari/537.36"
