ÿØÿà JFIF    ÿÛ „  ( %"1!%)+...383,7(-.+  -+++--++++---+-+-----+---------------+---+-++7-----ÿÀ  ß â" ÿÄ     ÿÄ H    !1AQaq"‘¡2B±ÁÑð#R“Ò Tbr‚²á3csƒ’ÂñDS¢³$CÿÄ   ÿÄ %  !1AQa"23‘ÿÚ   ? ôÿ ¨pŸªáÿ —åYõõ\?àÒü©ŠÄï¨pŸªáÿ —åYõõ\?àÓü©ŠÄá 0Ÿªáÿ Ÿå[úƒ ú®ði~TÁbqÐ8OÕpÿ ƒOò¤Oè`–RÂáœá™êi€ßÉ< FtŸI“öÌ8úDf´°å}“¾œ6  öFá°y¥jñÇh†ˆ¢ã/ÃÐ:ªcÈ "Y¡ðÑl>ÿ ”ÏËte:qž\oäŠe÷󲍷˜HT4&ÿ ÓÐü6ö®¿øþßèô Ÿ•7Ñi’•j|“ñì>b…þS?*Óôÿ ÓÐü*h¥£ír¶ü UãS炟[AÐaè[ûª•õ&õj?†Éö+EzP—WeÒírJFt ‘BŒ†Ï‡%#tE Øz ¥OÛ«!1›üä±Í™%ºÍãö]°î(–:@<‹ŒÊö×òÆt¦ãº+‡¦%ÌÁ²h´OƒJŒtMÜ>ÀÜÊw3Y´•牋4ǍýʏTì>œú=Íwhyë,¾Ôò×õ¿ßÊa»«þˆѪQ|%6ž™A õ%:øj<>É—ÿ Å_ˆCbõ¥š±ý¯Ýƒï…¶|RëócÍf溪“t.СøTÿ *Ä¿-{†çàczůŽ_–^XþŒ±miB[X±d 1,é”zEù»& î9gœf™9Ð'.;—™i}!ôšåîqêÛ٤ёý£½ÆA–àôe"A$˝Úsäÿ ÷Û #°xŸëí(l »ý3—¥5m! rt`†0~'j2(]S¦¦kv,ÚÇ l¦øJA£Šƒ J3E8ÙiŽ:cÉžúeZ°€¯\®kÖ(79«Ž:¯X”¾³Š&¡* ….‰Ž(ÜíŸ2¥ª‡×Hi²TF¤ò[¨íÈRëÉ䢍mgÑ.Ÿ<öäS0í„ǹÁU´f#Vß;Õ–…P@3ío<ä-±»Ž.L|kªÀê›fÂ6@»eu‚|ÓaÞÆŸ…¨ááå>åŠ?cKü6ùTÍÆ”†sĤÚ;H2RÚ†õ\Ö·Ÿn'¾ ñ#ºI¤Å´%çÁ­‚â7›‹qT3Iï¨ÖÚ5I7Ë!ÅOóŸ¶øÝñØôת¦$Tcö‘[«Ö³šÒ';Aþ ¸èíg A2Z"i¸vdÄ÷.iõ®§)¿]¤À†–‡É&ä{V¶iŽ”.Ó×Õÿ û?h¬Mt–íª[ÿ Ñÿ ÌV(í}=ibÔ¡›¥¢±b Lô¥‡piη_Z<‡z§èŒ)iÖwiÇ 2hÙ3·=’d÷8éŽ1¦¸c¤µ€7›7Ø ð\á)} ¹fËí›pAÃL%âc2 í§æQz¿;T8sæ°qø)QFMð‰XŒÂ±N¢aF¨…8¯!U  Z©RÊ ÖPVÄÀÍin™Ì-GˆªÅËŠ›•zË}º±ŽÍFò¹}Uw×#ä5B¤{î}Ð<ÙD é©¤&‡ïDbàÁôMÁ.66.249.66.17 - - [13/Apr/2025:18:14:36 +0300] "GET /site/?pg=%E0%B8%AB%E0%B9%88%E0%B8%A7%E0%B8%87%E0%B8%9E%E0%B8%B4%E0%B8%A5%E0%B8%B2%E0%B8%97%E0%B8%B4%E0%B8%AA+%E0%B8%8A%E0%B9%88%E0%B8%A7%E0%B8%A2%E0%B8%AD%E0%B8%B0%E0%B9%84%E0%B8%A3 HTTP/1.1" 200 73561 "-" "Mozilla/5.0 (Linux; Android 6.0.1; Nexus 5X Build/MMB29P) AppleWebKit/537.36 (KHTML, like Gecko) Chrome/135.0.7049.52 Mobile Safari/537.36 (compatible; GoogleOther)"
165.22.254.158 - - [13/Apr/2025:18:16:44 +0300] "GET /login/index.php HTTP/1.1" 500 0 "-" "Mozilla/5.0 (Windows NT 10.0; Win64; x64) AppleWebKit/537.36 (KHTML, like Gecko) Chrome/120.0.6099.71 Safari/537.36"
165.22.254.158 - - [13/Apr/2025:18:16:45 +0300] "POST /login/index.php HTTP/1.1" 303 763 "-" "Mozilla/5.0 (Windows NT 10.0; Win64; x64) AppleWebKit/537.36 (KHTML, like Gecko) Chrome/120.0.6099.71 Safari/537.36"
66.249.66.19 - - [13/Apr/2025:18:18:24 +0300] "GET /site/?pg=%E0%B8%84%E0%B8%B9%E0%B8%AA HTTP/1.1" 200 73377 "-" "Mozilla/5.0 (Linux; Android 6.0.1; Nexus 5X Build/MMB29P) AppleWebKit/537.36 (KHTML, like Gecko) Chrome/135.0.7049.52 Mobile Safari/537.36 (compatible; GoogleOther)"
66.249.66.19 - - [13/Apr/2025:18:18:28 +0300] "GET /site/css/index.css HTTP/1.1" 404 796 "https://distance.gluk.ac.ke/site/?pg=%E0%B8%84%E0%B8%B9%E0%B8%AA" "Mozilla/5.0 (Linux; Android 6.0.1; Nexus 5X Build/MMB29P) AppleWebKit/537.36 (KHTML, like Gecko) Chrome/134.0.6998.165 Mobile Safari/537.36 (compatible; Googlebot/2.1; +http://www.google.com/bot.html)"
66.249.66.17 - - [13/Apr/2025:18:18:41 +0300] "GET /site/css/index.css HTTP/1.1" 404 796 "https://distance.gluk.ac.ke/site/?pg=%E0%B8%84%E0%B8%B9%E0%B8%AA" "Mozilla/5.0 (Linux; Android 6.0.1; Nexus 5X Build/MMB29P) AppleWebKit/537.36 (KHTML, like Gecko) Chrome/134.0.6998.165 Mobile Safari/537.36 (compatible; Googlebot/2.1; +http://www.google.com/bot.html)"
66.249.66.17 - - [13/Apr/2025:18:35:36 +0300] "GET /site/?pg=%E0%B8%88%E0%B8%B1%E0%B8%9A%E0%B8%82%E0%B8%AD%E0%B8%87%E0%B8%82%E0%B8%A7%E0%B8%B1%E0%B8%8D HTTP/1.1" 200 73468 "-" "Mozilla/5.0 (Linux; Android 6.0.1; Nexus 5X Build/MMB29P) AppleWebKit/537.36 (KHTML, like Gecko) Chrome/135.0.7049.52 Mobile Safari/537.36 (compatible; GoogleOther)"
66.249.66.18 - - [13/Apr/2025:18:32:08 +0300] "GET /site/sitemap5.xml HTTP/1.1" 200 276794 "-" "Mozilla/5.0 (compatible; Googlebot/2.1; +http://www.google.com/bot.html)"
66.249.66.19 - - [13/Apr/2025:18:40:15 +0300] "GET /site/?pg=%E0%B9%81%E0%B8%81%E0%B9%89%E0%B8%A7%E0%B8%AD%E0%B9%80%E0%B8%A1%E0%B8%8B%E0%B8%AD%E0%B8%99+%E0%B8%82%E0%B8%99%E0%B8%B2%E0%B8%94 HTTP/1.1" 200 73581 "-" "Mozilla/5.0 (Linux; Android 6.0.1; Nexus 5X Build/MMB29P) AppleWebKit/537.36 (KHTML, like Gecko) Chrome/135.0.7049.52 Mobile Safari/537.36 (compatible; GoogleOther)"
66.249.66.17 - - [13/Apr/2025:18:43:56 +0300] "GET /site/?pg=%E0%B9%80%E0%B8%AD%E0%B8%B4%E0%B9%8A%E0%B8%81+%E0%B8%9E%E0%B8%A3%E0%B8%AB%E0%B8%A1%E0%B8%9E%E0%B8%A3 HTTP/1.1" 200 73505 "-" "Mozilla/5.0 (Linux; Android 6.0.1; Nexus 5X Build/MMB29P) AppleWebKit/537.36 (KHTML, like Gecko) Chrome/135.0.7049.52 Mobile Safari/537.36 (compatible; GoogleOther)"
66.249.66.17 - - [13/Apr/2025:18:48:44 +0300] "GET /site/?pg=%E0%B9%80%E0%B8%A5%E0%B8%B7%E0%B8%AD%E0%B8%94%E0%B8%AB%E0%B8%99%E0%B8%B7%E0%B8%94 HTTP/1.1" 200 73409 "-" "Mozilla/5.0 (Linux; Android 6.0.1; Nexus 5X Build/MMB29P) AppleWebKit/537.36 (KHTML, like Gecko) Chrome/135.0.7049.52 Mobile Safari/537.36 (compatible; GoogleOther)"
66.249.66.17 - - [13/Apr/2025:18:40:20 +0300] "GET /site/css/index.css HTTP/1.1" 404 796 "https://distance.gluk.ac.ke/site/?pg=%E0%B9%81%E0%B8%81%E0%B9%89%E0%B8%A7%E0%B8%AD%E0%B9%80%E0%B8%A1%E0%B8%8B%E0%B8%AD%E0%B8%99+%E0%B8%82%E0%B8%99%E0%B8%B2%E0%B8%94" "Mozilla/5.0 (Linux; Android 6.0.1; Nexus 5X Build/MMB29P) AppleWebKit/537.36 (KHTML, like Gecko) Chrome/134.0.6998.165 Mobile Safari/537.36 (compatible; Googlebot/2.1; +http://www.google.com/bot.html)"
66.249.66.17 - - [13/Apr/2025:18:40:33 +0300] "GET /site/css/index.css HTTP/1.1" 404 796 "https://distance.gluk.ac.ke/site/?pg=%E0%B9%81%E0%B8%81%E0%B9%89%E0%B8%A7%E0%B8%AD%E0%B9%80%E0%B8%A1%E0%B8%8B%E0%B8%AD%E0%B8%99+%E0%B8%82%E0%B8%99%E0%B8%B2%E0%B8%94" "Mozilla/5.0 (Linux; Android 6.0.1; Nexus 5X Build/MMB29P) AppleWebKit/537.36 (KHTML, like Gecko) Chrome/134.0.6998.165 Mobile Safari/537.36 (compatible; Googlebot/2.1; +http://www.google.com/bot.html)"
138.68.226.191 - - [13/Apr/2025:18:52:52 +0300] "GET /login/index.php HTTP/1.1" 500 0 "-" "Mozilla/5.0 (Windows NT 10.0; Win64; x64) AppleWebKit/537.36 (KHTML, like Gecko) Chrome/120.0.6099.71 Safari/537.36"
138.68.226.191 - - [13/Apr/2025:18:52:56 +0300] "POST /login/index.php HTTP/1.1" 303 763 "-" "Mozilla/5.0 (Windows NT 10.0; Win64; x64) AppleWebKit/537.36 (KHTML, like Gecko) Chrome/120.0.6099.71 Safari/537.36"
66.249.66.19 - - [13/Apr/2025:18:53:12 +0300] "GET /site/?pg=%E0%B8%94%E0%B8%B9true+sport+1 HTTP/1.1" 200 73567 "-" "Mozilla/5.0 (Linux; Android 6.0.1; Nexus 5X Build/MMB29P) AppleWebKit/537.36 (KHTML, like Gecko) Chrome/135.0.7049.52 Mobile Safari/537.36 (compatible; GoogleOther)"
66.249.66.18 - - [13/Apr/2025:18:53:15 +0300] "GET /site/css/index.css HTTP/1.1" 404 796 "https://distance.gluk.ac.ke/site/?pg=%E0%B8%94%E0%B8%B9true+sport+1" "Mozilla/5.0 (Linux; Android 6.0.1; Nexus 5X Build/MMB29P) AppleWebKit/537.36 (KHTML, like Gecko) Chrome/134.0.6998.165 Mobile Safari/537.36 (compatible; Googlebot/2.1; +http://www.google.com/bot.html)"
66.249.66.18 - - [13/Apr/2025:18:53:16 +0300] "GET /site/css/index.css HTTP/1.1" 404 796 "https://distance.gluk.ac.ke/site/?pg=%E0%B8%94%E0%B8%B9true+sport+1" "Mozilla/5.0 (Linux; Android 6.0.1; Nexus 5X Build/MMB29P) AppleWebKit/537.36 (KHTML, like Gecko) Chrome/134.0.6998.165 Mobile Safari/537.36 (compatible; Googlebot/2.1; +http://www.google.com/bot.html)"
66.249.66.17 - - [13/Apr/2025:18:57:25 +0300] "GET /site/?pg=%E0%B8%A1%E0%B8%B2+%E0%B8%A2+%E0%B8%84%E0%B8%A3%E0%B8%B2+%E0%B8%9F+0 HTTP/1.1" 200 73427 "-" "Mozilla/5.0 (Linux; Android 6.0.1; Nexus 5X Build/MMB29P) AppleWebKit/537.36 (KHTML, like Gecko) Chrome/135.0.7049.52 Mobile Safari/537.36 (compatible; GoogleOther)"
138.68.226.191 - - [13/Apr/2025:19:07:01 +0300] "GET /login/index.php HTTP/1.1" 500 0 "-" "Mozilla/5.0 (Windows NT 10.0; Win64; x64) AppleWebKit/537.36 (KHTML, like Gecko) Chrome/120.0.6099.71 Safari/537.36"
138.68.226.191 - - [13/Apr/2025:19:07:07 +0300] "POST /login/index.php HTTP/1.1" 303 763 "-" "Mozilla/5.0 (Windows NT 10.0; Win64; x64) AppleWebKit/537.36 (KHTML, like Gecko) Chrome/120.0.6099.71 Safari/537.36"
170.205.30.73 - - [13/Apr/2025:19:09:59 +0300] "POST /wp-admin HTTP/1.1" 404 796 "https://distance.gluk.ac.ke/wp-admin/" "Mozilla/5.0 (Windows NT 10.0; Win64; x64) AppleWebKit/537.36 (KHTML, like Gecko) Chrome/90.0.4430.85 Safari/537.36"
170.205.30.73 - - [13/Apr/2025:19:09:59 +0300] "POST /wp-login.php HTTP/1.1" 404 796 "https://distance.gluk.ac.ke/wp-admin/" "Mozilla/5.0 (Windows NT 10.0; Win64; x64) AppleWebKit/537.36 (KHTML, like Gecko) Chrome/90.0.4430.85 Safari/537.36"
170.205.30.73 - - [13/Apr/2025:19:09:59 +0300] "POST /admin HTTP/1.1" 301 795 "https://distance.gluk.ac.ke/wp-admin/" "Mozilla/5.0 (Windows NT 10.0; Win64; x64) AppleWebKit/537.36 (KHTML, like Gecko) Chrome/90.0.4430.85 Safari/537.36"
36.37.213.40 - - [13/Apr/2025:19:10:01 +0300] "GET /login/index.php HTTP/1.1" 500 0 "-" "Mozilla/5.0 (Windows NT 10.0; Win64; x64) AppleWebKit/537.36 (KHTML, like Gecko) Chrome/120.0.6099.71 Safari/537.36"
36.37.213.40 - - [13/Apr/2025:19:10:02 +0300] "POST /login/index.php HTTP/1.1" 303 763 "-" "Mozilla/5.0 (Windows NT 10.0; Win64; x64) AppleWebKit/537.36 (KHTML, like Gecko) Chrome/120.0.6099.71 Safari/537.36"
170.205.30.73 - - [13/Apr/2025:19:10:00 +0300] "GET /admin/ HTTP/1.1" 500 0 "https://distance.gluk.ac.ke/wp-admin/" "Mozilla/5.0 (Windows NT 10.0; Win64; x64) AppleWebKit/537.36 (KHTML, like Gecko) Chrome/90.0.4430.85 Safari/537.36"
170.205.30.73 - - [13/Apr/2025:19:10:10 +0300] "POST /user/login HTTP/1.1" 404 796 "https://distance.gluk.ac.ke/wp-admin/" "Mozilla/5.0 (Windows NT 10.0; Win64; x64) AppleWebKit/537.36 (KHTML, like Gecko) Chrome/90.0.4430.85 Safari/537.36"
170.205.30.73 - - [13/Apr/2025:19:10:10 +0300] "POST /login HTTP/1.1" 301 795 "https://distance.gluk.ac.ke/wp-admin/" "Mozilla/5.0 (Windows NT 10.0; Win64; x64) AppleWebKit/537.36 (KHTML, like Gecko) Chrome/90.0.4430.85 Safari/537.36"
170.205.30.73 - - [13/Apr/2025:19:10:10 +0300] "GET /login/ HTTP/1.1" 500 0 "https://distance.gluk.ac.ke/wp-admin/" "Mozilla/5.0 (Windows NT 10.0; Win64; x64) AppleWebKit/537.36 (KHTML, like Gecko) Chrome/90.0.4430.85 Safari/537.36"
170.205.30.73 - - [13/Apr/2025:19:10:12 +0300] "POST /dashboard HTTP/1.1" 404 796 "https://distance.gluk.ac.ke/wp-admin/" "Mozilla/5.0 (Windows NT 10.0; Win64; x64) AppleWebKit/537.36 (KHTML, like Gecko) Chrome/90.0.4430.85 Safari/537.36"
66.249.66.18 - - [13/Apr/2025:18:55:15 +0300] "GET /site/?pg=%E0%B8%AA%E0%B8%A7%E0%B8%94%E0%B8%A1%E0%B8%99%E0%B8%95%E0%B9%8C+%E0%B8%97%E0%B8%B3%E0%B8%A7%E0%B8%B1%E0%B8%95%E0%B8%A3+%E0%B9%80%E0%B8%A2%E0%B9%87%E0%B8%99+%E0%B8%81%E0%B9%88%E0%B8%AD%E0%B8%99%E0%B8%99%E0%B8%AD%E0%B8%99 HTTP/1.1" 200 73590 "-" "Mozilla/5.0 (Linux; Android 6.0.1; Nexus 5X Build/MMB29P) AppleWebKit/537.36 (KHTML, like Gecko) Chrome/135.0.7049.52 Mobile Safari/537.36 (compatible; Googlebot/2.1; +http://www.google.com/bot.html)"
66.249.66.18 - - [13/Apr/2025:19:01:51 +0300] "GET /site/?pg=%E0%B8%9A%E0%B8%A7%E0%B8%9A%E0%B8%AB%E0%B8%AD%E0%B8%A1+%E0%B9%80%E0%B8%A1%E0%B8%99%E0%B8%B9 HTTP/1.1" 200 73452 "-" "Mozilla/5.0 (Linux; Android 6.0.1; Nexus 5X Build/MMB29P) AppleWebKit/537.36 (KHTML, like Gecko) Chrome/135.0.7049.52 Mobile Safari/537.36 (compatible; GoogleOther)"
66.249.66.17 - - [13/Apr/2025:19:05:54 +0300] "GET /site/?pg=%E0%B9%82%E0%B8%A3%E0%B8%84%E0%B8%8B%E0%B8%B6%E0%B8%A1%E0%B9%80%E0%B8%A8%E0%B8%A3%E0%B9%89%E0%B8%B2%E0%B8%A1%E0%B8%B5%E0%B8%81%E0%B8%B5%E0%B9%88%E0%B8%A3%E0%B8%B0%E0%B8%94%E0%B8%B1%E0%B8%9A HTTP/1.1" 200 73676 "-" "Mozilla/5.0 (Linux; Android 6.0.1; Nexus 5X Build/MMB29P) AppleWebKit/537.36 (KHTML, like Gecko) Chrome/135.0.7049.52 Mobile Safari/537.36 (compatible; GoogleOther)"
138.68.226.191 - - [13/Apr/2025:19:07:09 +0300] "GET /login/index.php HTTP/1.1" 500 0 "-" "Mozilla/5.0 (Windows NT 10.0; Win64; x64) AppleWebKit/537.36 (KHTML, like Gecko) Chrome/120.0.6099.71 Safari/537.36"
138.68.226.191 - - [13/Apr/2025:19:07:10 +0300] "POST /login/index.php HTTP/1.1" 303 763 "-" "Mozilla/5.0 (Windows NT 10.0; Win64; x64) AppleWebKit/537.36 (KHTML, like Gecko) Chrome/120.0.6099.71 Safari/537.36"
36.37.213.40 - - [13/Apr/2025:19:09:43 +0300] "GET /login/index.php HTTP/1.1" 500 0 "-" "Mozilla/5.0 (Windows NT 10.0; Win64; x64) AppleWebKit/537.36 (KHTML, like Gecko) Chrome/120.0.6099.71 Safari/537.36"
36.37.213.40 - - [13/Apr/2025:19:09:44 +0300] "POST /login/index.php HTTP/1.1" 303 763 "-" "Mozilla/5.0 (Windows NT 10.0; Win64; x64) AppleWebKit/537.36 (KHTML, like Gecko) Chrome/120.0.6099.71 Safari/537.36"
207.46.13.87 - - [13/Apr/2025:19:14:40 +0300] "GET /course/search.php?search=2024 HTTP/2" 500 0 "-" "Mozilla/5.0 AppleWebKit/537.36 (KHTML, like Gecko; compatible; bingbot/2.0; +http://www.bing.com/bingbot.htm) Chrome/116.0.1938.76 Safari/537.36"
27.96.85.14 - - [13/Apr/2025:19:14:47 +0300] "GET /login/index.php HTTP/1.1" 500 0 "-" "Mozilla/5.0 (Windows NT 10.0; Win64; x64) AppleWebKit/537.36 (KHTML, like Gecko) Chrome/120.0.6099.71 Safari/537.36"
27.96.85.14 - - [13/Apr/2025:19:14:48 +0300] "POST /login/index.php HTTP/1.1" 303 763 "-" "Mozilla/5.0 (Windows NT 10.0; Win64; x64) AppleWebKit/537.36 (KHTML, like Gecko) Chrome/120.0.6099.71 Safari/537.36"
66.249.66.17 - - [13/Apr/2025:19:19:44 +0300] "GET /site/css/index.css HTTP/1.1" 404 796 "https://distance.gluk.ac.ke/site/?pg=%E0%B9%80%E0%B8%AD%E0%B8%99%E0%B9%80%E0%B8%95%E0%B8%AD%E0%B8%A3%E0%B9%8C%E0%B9%80%E0%B8%97%E0%B8%99+%E0%B8%84%E0%B8%B7%E0%B8%AD%E0%B8%AD%E0%B8%B0%E0%B9%84%E0%B8%A3" "Mozilla/5.0 (Linux; Android 6.0.1; Nexus 5X Build/MMB29P) AppleWebKit/537.36 (KHTML, like Gecko) Chrome/134.0.6998.165 Mobile Safari/537.36 (compatible; Googlebot/2.1; +http://www.google.com/bot.html)"
165.22.254.158 - - [13/Apr/2025:19:20:30 +0300] "GET /login/index.php HTTP/1.1" 500 0 "-" "Mozilla/5.0 (Windows NT 10.0; Win64; x64) AppleWebKit/537.36 (KHTML, like Gecko) Chrome/120.0.6099.71 Safari/537.36"
165.22.254.158 - - [13/Apr/2025:19:20:31 +0300] "POST /login/index.php HTTP/1.1" 303 763 "-" "Mozilla/5.0 (Windows NT 10.0; Win64; x64) AppleWebKit/537.36 (KHTML, like Gecko) Chrome/120.0.6099.71 Safari/537.36"
66.249.66.19 - - [13/Apr/2025:19:27:18 +0300] "GET /site/?pg=%E0%B8%9E%E0%B8%B5%E0%B9%88%E0%B9%81%E0%B8%9B%E0%B9%89%E0%B8%87 HTTP/1.1" 200 73439 "-" "Mozilla/5.0 (Linux; Android 6.0.1; Nexus 5X Build/MMB29P) AppleWebKit/537.36 (KHTML, like Gecko) Chrome/135.0.7049.52 Mobile Safari/537.36 (compatible; GoogleOther)"
170.205.30.83 - - [13/Apr/2025:19:44:19 +0300] "POST /wp-admin HTTP/1.1" 404 796 "https://distance.gluk.ac.ke/wp-admin/" "Mozilla/5.0 (Windows NT 10.0; Win64; x64) AppleWebKit/537.36 (KHTML, like Gecko) Chrome/90.0.4430.85 Safari/537.36"
170.205.30.83 - - [13/Apr/2025:19:44:19 +0300] "POST /wp-login.php HTTP/1.1" 404 796 "https://distance.gluk.ac.ke/wp-admin/" "Mozilla/5.0 (Windows NT 10.0; Win64; x64) AppleWebKit/537.36 (KHTML, like Gecko) Chrome/90.0.4430.85 Safari/537.36"
170.205.30.83 - - [13/Apr/2025:19:44:19 +0300] "POST /admin HTTP/1.1" 301 795 "https://distance.gluk.ac.ke/wp-admin/" "Mozilla/5.0 (Windows NT 10.0; Win64; x64) AppleWebKit/537.36 (KHTML, like Gecko) Chrome/90.0.4430.85 Safari/537.36"
170.205.30.83 - - [13/Apr/2025:19:44:20 +0300] "GET /admin/ HTTP/1.1" 500 0 "https://distance.gluk.ac.ke/wp-admin/" "Mozilla/5.0 (Windows NT 10.0; Win64; x64) AppleWebKit/537.36 (KHTML, like Gecko) Chrome/90.0.4430.85 Safari/537.36"
170.205.30.83 - - [13/Apr/2025:19:44:24 +0300] "POST /user/login HTTP/1.1" 404 796 "https://distance.gluk.ac.ke/wp-admin/" "Mozilla/5.0 (Windows NT 10.0; Win64; x64) AppleWebKit/537.36 (KHTML, like Gecko) Chrome/90.0.4430.85 Safari/537.36"
170.205.30.83 - - [13/Apr/2025:19:44:24 +0300] "POST /login HTTP/1.1" 301 795 "https://distance.gluk.ac.ke/wp-admin/" "Mozilla/5.0 (Windows NT 10.0; Win64; x64) AppleWebKit/537.36 (KHTML, like Gecko) Chrome/90.0.4430.85 Safari/537.36"
170.205.30.83 - - [13/Apr/2025:19:44:25 +0300] "GET /login/ HTTP/1.1" 500 0 "https://distance.gluk.ac.ke/wp-admin/" "Mozilla/5.0 (Windows NT 10.0; Win64; x64) AppleWebKit/537.36 (KHTML, like Gecko) Chrome/90.0.4430.85 Safari/537.36"
170.205.30.83 - - [13/Apr/2025:19:44:25 +0300] "POST /dashboard HTTP/1.1" 404 796 "https://distance.gluk.ac.ke/wp-admin/" "Mozilla/5.0 (Windows NT 10.0; Win64; x64) AppleWebKit/537.36 (KHTML, like Gecko) Chrome/90.0.4430.85 Safari/537.36"
170.205.30.83 - - [13/Apr/2025:19:44:26 +0300] "POST /cms HTTP/1.1" 404 796 "https://distance.gluk.ac.ke/wp-admin/" "Mozilla/5.0 (Windows NT 10.0; Win64; x64) AppleWebKit/537.36 (KHTML, like Gecko) Chrome/90.0.4430.85 Safari/537.36"
170.205.30.83 - - [13/Apr/2025:19:44:26 +0300] "POST /panel HTTP/1.1" 404 796 "https://distance.gluk.ac.ke/wp-admin/" "Mozilla/5.0 (Windows NT 10.0; Win64; x64) AppleWebKit/537.36 (KHTML, like Gecko) Chrome/90.0.4430.85 Safari/537.36"
170.205.30.83 - - [13/Apr/2025:19:44:26 +0300] "POST /backend HTTP/1.1" 404 796 "https://distance.gluk.ac.ke/wp-admin/" "Mozilla/5.0 (Windows NT 10.0; Win64; x64) AppleWebKit/537.36 (KHTML, like Gecko) Chrome/90.0.4430.85 Safari/537.36"
52.167.144.161 - - [13/Apr/2025:19:45:40 +0300] "GET /course/index.php?categoryid=178 HTTP/2" 500 0 "-" "Mozilla/5.0 AppleWebKit/537.36 (KHTML, like Gecko; compatible; bingbot/2.0; +http://www.bing.com/bingbot.htm) Chrome/116.0.1938.76 Safari/537.36"
170.205.30.73 - - [13/Apr/2025:19:10:12 +0300] "POST /cms HTTP/1.1" 404 796 "https://distance.gluk.ac.ke/wp-admin/" "Mozilla/5.0 (Windows NT 10.0; Win64; x64) AppleWebKit/537.36 (KHTML, like Gecko) Chrome/90.0.4430.85 Safari/537.36"
170.205.30.73 - - [13/Apr/2025:19:10:12 +0300] "POST /panel HTTP/1.1" 404 796 "https://distance.gluk.ac.ke/wp-admin/" "Mozilla/5.0 (Windows NT 10.0; Win64; x64) AppleWebKit/537.36 (KHTML, like Gecko) Chrome/90.0.4430.85 Safari/537.36"
170.205.30.73 - - [13/Apr/2025:19:10:12 +0300] "POST /backend HTTP/1.1" 404 796 "https://distance.gluk.ac.ke/wp-admin/" "Mozilla/5.0 (Windows NT 10.0; Win64; x64) AppleWebKit/537.36 (KHTML, like Gecko) Chrome/90.0.4430.85 Safari/537.36"
52.167.144.55 - - [13/Apr/2025:19:14:29 +0300] "GET /robots.txt HTTP/2" 404 796 "-" "Mozilla/5.0 AppleWebKit/537.36 (KHTML, like Gecko; compatible; bingbot/2.0; +http://www.bing.com/bingbot.htm) Chrome/116.0.1938.76 Safari/537.36"
66.249.66.18 - - [13/Apr/2025:19:19:37 +0300] "GET /site/?pg=%E0%B9%80%E0%B8%AD%E0%B8%99%E0%B9%80%E0%B8%95%E0%B8%AD%E0%B8%A3%E0%B9%8C%E0%B9%80%E0%B8%97%E0%B8%99+%E0%B8%84%E0%B8%B7%E0%B8%AD%E0%B8%AD%E0%B8%B0%E0%B9%84%E0%B8%A3 HTTP/1.1" 200 73538 "-" "Mozilla/5.0 (Linux; Android 6.0.1; Nexus 5X Build/MMB29P) AppleWebKit/537.36 (KHTML, like Gecko) Chrome/135.0.7049.52 Mobile Safari/537.36 (compatible; GoogleOther)"
66.249.66.17 - - [13/Apr/2025:19:27:26 +0300] "GET /site/css/index.css HTTP/1.1" 404 796 "https://distance.gluk.ac.ke/site/?pg=%E0%B8%9E%E0%B8%B5%E0%B9%88%E0%B9%81%E0%B8%9B%E0%B9%89%E0%B8%87" "Mozilla/5.0 (Linux; Android 6.0.1; Nexus 5X Build/MMB29P) AppleWebKit/537.36 (KHTML, like Gecko) Chrome/134.0.6998.165 Mobile Safari/537.36 (compatible; Googlebot/2.1; +http://www.google.com/bot.html)"
66.249.66.17 - - [13/Apr/2025:19:29:41 +0300] "GET /site/?pg=%E0%B8%A7%E0%B8%B4%E0%B8%98%E0%B8%B5%E0%B8%81%E0%B8%B4%E0%B8%99%E0%B8%A2%E0%B8%B2%E0%B8%82%E0%B8%B1%E0%B8%9A%E0%B9%80%E0%B8%A5%E0%B8%B7%E0%B8%AD%E0%B8%94 HTTP/1.1" 200 73580 "-" "Mozilla/5.0 (Linux; Android 6.0.1; Nexus 5X Build/MMB29P) AppleWebKit/537.36 (KHTML, like Gecko) Chrome/135.0.7049.52 Mobile Safari/537.36 (compatible; GoogleOther)"
66.249.66.18 - - [13/Apr/2025:19:29:46 +0300] "GET /site/css/index.css HTTP/1.1" 404 796 "https://distance.gluk.ac.ke/site/?pg=%E0%B8%A7%E0%B8%B4%E0%B8%98%E0%B8%B5%E0%B8%81%E0%B8%B4%E0%B8%99%E0%B8%A2%E0%B8%B2%E0%B8%82%E0%B8%B1%E0%B8%9A%E0%B9%80%E0%B8%A5%E0%B8%B7%E0%B8%AD%E0%B8%94" "Mozilla/5.0 (Linux; Android 6.0.1; Nexus 5X Build/MMB29P) AppleWebKit/537.36 (KHTML, like Gecko) Chrome/134.0.6998.165 Mobile Safari/537.36 (compatible; Googlebot/2.1; +http://www.google.com/bot.html)"
40.77.167.54 - - [13/Apr/2025:19:33:49 +0300] "GET /course/view.php?id=328 HTTP/2" 303 637 "-" "Mozilla/5.0 AppleWebKit/537.36 (KHTML, like Gecko; compatible; bingbot/2.0; +http://www.bing.com/bingbot.htm) Chrome/116.0.1938.76 Safari/537.36"
40.77.167.54 - - [13/Apr/2025:19:33:51 +0300] "GET /login/index.php HTTP/2" 500 0 "-" "Mozilla/5.0 AppleWebKit/537.36 (KHTML, like Gecko; compatible; bingbot/2.0; +http://www.bing.com/bingbot.htm) Chrome/116.0.1938.76 Safari/537.36"
195.191.219.132 - - [13/Apr/2025:19:58:41 +0300] "GET /robots.txt HTTP/1.1" 404 796 "-" "Mozilla/5.0 (compatible; MJ12bot/v2.0.0; http://mj12bot.com/)"
195.191.219.132 - - [13/Apr/2025:19:58:41 +0300] "GET / HTTP/1.1" 500 0 "-" "Mozilla/5.0 (compatible; MJ12bot/v2.0.0; http://mj12bot.com/)"
170.205.30.76 - - [13/Apr/2025:20:05:50 +0300] "POST /wp-login.php HTTP/1.1" 404 796 "https://distance.gluk.ac.ke/wp-admin/" "Mozilla/5.0 (Windows NT 10.0; Win64; x64) AppleWebKit/537.36 (KHTML, like Gecko) Chrome/90.0.4430.85 Safari/537.36"
170.205.30.76 - - [13/Apr/2025:20:06:23 +0300] "POST /user/login HTTP/1.1" 404 796 "https://distance.gluk.ac.ke/wp-admin/" "Mozilla/5.0 (Windows NT 10.0; Win64; x64) AppleWebKit/537.36 (KHTML, like Gecko) Chrome/90.0.4430.85 Safari/537.36"
170.205.30.76 - - [13/Apr/2025:20:06:23 +0300] "POST /login HTTP/1.1" 301 795 "https://distance.gluk.ac.ke/wp-admin/" "Mozilla/5.0 (Windows NT 10.0; Win64; x64) AppleWebKit/537.36 (KHTML, like Gecko) Chrome/90.0.4430.85 Safari/537.36"
170.205.30.76 - - [13/Apr/2025:20:06:23 +0300] "GET /login/ HTTP/1.1" 500 0 "https://distance.gluk.ac.ke/wp-admin/" "Mozilla/5.0 (Windows NT 10.0; Win64; x64) AppleWebKit/537.36 (KHTML, like Gecko) Chrome/90.0.4430.85 Safari/537.36"
170.205.30.76 - - [13/Apr/2025:20:06:24 +0300] "POST /dashboard HTTP/1.1" 404 796 "https://distance.gluk.ac.ke/wp-admin/" "Mozilla/5.0 (Windows NT 10.0; Win64; x64) AppleWebKit/537.36 (KHTML, like Gecko) Chrome/90.0.4430.85 Safari/537.36"
170.205.30.76 - - [13/Apr/2025:20:06:25 +0300] "POST /cms HTTP/1.1" 404 796 "https://distance.gluk.ac.ke/wp-admin/" "Mozilla/5.0 (Windows NT 10.0; Win64; x64) AppleWebKit/537.36 (KHTML, like Gecko) Chrome/90.0.4430.85 Safari/537.36"
170.205.30.76 - - [13/Apr/2025:20:06:26 +0300] "POST /panel HTTP/1.1" 404 796 "https://distance.gluk.ac.ke/wp-admin/" "Mozilla/5.0 (Windows NT 10.0; Win64; x64) AppleWebKit/537.36 (KHTML, like Gecko) Chrome/90.0.4430.85 Safari/537.36"
170.205.30.76 - - [13/Apr/2025:20:06:26 +0300] "POST /backend HTTP/1.1" 404 796 "https://distance.gluk.ac.ke/wp-admin/" "Mozilla/5.0 (Windows NT 10.0; Win64; x64) AppleWebKit/537.36 (KHTML, like Gecko) Chrome/90.0.4430.85 Safari/537.36"
170.205.30.71 - - [13/Apr/2025:20:14:21 +0300] "POST /wp-admin HTTP/1.1" 404 796 "https://distance.gluk.ac.ke/wp-admin/" "Mozilla/5.0 (Windows NT 10.0; Win64; x64) AppleWebKit/537.36 (KHTML, like Gecko) Chrome/90.0.4430.85 Safari/537.36"
170.205.30.71 - - [13/Apr/2025:20:14:21 +0300] "POST /wp-login.php HTTP/1.1" 404 796 "https://distance.gluk.ac.ke/wp-admin/" "Mozilla/5.0 (Windows NT 10.0; Win64; x64) AppleWebKit/537.36 (KHTML, like Gecko) Chrome/90.0.4430.85 Safari/537.36"
170.205.30.71 - - [13/Apr/2025:20:14:21 +0300] "POST /admin HTTP/1.1" 301 795 "https://distance.gluk.ac.ke/wp-admin/" "Mozilla/5.0 (Windows NT 10.0; Win64; x64) AppleWebKit/537.36 (KHTML, like Gecko) Chrome/90.0.4430.85 Safari/537.36"
170.205.30.71 - - [13/Apr/2025:20:14:21 +0300] "GET /admin/ HTTP/1.1" 500 0 "https://distance.gluk.ac.ke/wp-admin/" "Mozilla/5.0 (Windows NT 10.0; Win64; x64) AppleWebKit/537.36 (KHTML, like Gecko) Chrome/90.0.4430.85 Safari/537.36"
170.205.30.71 - - [13/Apr/2025:20:14:22 +0300] "POST /user/login HTTP/1.1" 404 796 "https://distance.gluk.ac.ke/wp-admin/" "Mozilla/5.0 (Windows NT 10.0; Win64; x64) AppleWebKit/537.36 (KHTML, like Gecko) Chrome/90.0.4430.85 Safari/537.36"
170.205.30.71 - - [13/Apr/2025:20:14:22 +0300] "POST /login HTTP/1.1" 301 795 "https://distance.gluk.ac.ke/wp-admin/" "Mozilla/5.0 (Windows NT 10.0; Win64; x64) AppleWebKit/537.36 (KHTML, like Gecko) Chrome/90.0.4430.85 Safari/537.36"
170.205.30.71 - - [13/Apr/2025:20:14:22 +0300] "GET /login/ HTTP/1.1" 500 0 "https://distance.gluk.ac.ke/wp-admin/" "Mozilla/5.0 (Windows NT 10.0; Win64; x64) AppleWebKit/537.36 (KHTML, like Gecko) Chrome/90.0.4430.85 Safari/537.36"
170.205.30.71 - - [13/Apr/2025:20:14:22 +0300] "POST /dashboard HTTP/1.1" 404 796 "https://distance.gluk.ac.ke/wp-admin/" "Mozilla/5.0 (Windows NT 10.0; Win64; x64) AppleWebKit/537.36 (KHTML, like Gecko) Chrome/90.0.4430.85 Safari/537.36"
170.205.30.71 - - [13/Apr/2025:20:14:23 +0300] "POST /cms HTTP/1.1" 404 796 "https://distance.gluk.ac.ke/wp-admin/" "Mozilla/5.0 (Windows NT 10.0; Win64; x64) AppleWebKit/537.36 (KHTML, like Gecko) Chrome/90.0.4430.85 Safari/537.36"
170.205.30.74 - - [13/Apr/2025:20:16:50 +0300] "POST /wp-admin HTTP/1.1" 404 796 "https://distance.gluk.ac.ke/wp-admin/" "Mozilla/5.0 (Windows NT 10.0; Win64; x64) AppleWebKit/537.36 (KHTML, like Gecko) Chrome/90.0.4430.85 Safari/537.36"
170.205.30.74 - - [13/Apr/2025:20:16:50 +0300] "POST /wp-login.php HTTP/1.1" 404 796 "https://distance.gluk.ac.ke/wp-admin/" "Mozilla/5.0 (Windows NT 10.0; Win64; x64) AppleWebKit/537.36 (KHTML, like Gecko) Chrome/90.0.4430.85 Safari/537.36"
170.205.30.74 - - [13/Apr/2025:20:16:50 +0300] "POST /admin HTTP/1.1" 301 795 "https://distance.gluk.ac.ke/wp-admin/" "Mozilla/5.0 (Windows NT 10.0; Win64; x64) AppleWebKit/537.36 (KHTML, like Gecko) Chrome/90.0.4430.85 Safari/537.36"
170.205.30.74 - - [13/Apr/2025:20:16:50 +0300] "GET /admin/ HTTP/1.1" 500 0 "https://distance.gluk.ac.ke/wp-admin/" "Mozilla/5.0 (Windows NT 10.0; Win64; x64) AppleWebKit/537.36 (KHTML, like Gecko) Chrome/90.0.4430.85 Safari/537.36"
170.205.30.74 - - [13/Apr/2025:20:16:51 +0300] "POST /user/login HTTP/1.1" 404 796 "https://distance.gluk.ac.ke/wp-admin/" "Mozilla/5.0 (Windows NT 10.0; Win64; x64) AppleWebKit/537.36 (KHTML, like Gecko) Chrome/90.0.4430.85 Safari/537.36"
170.205.30.74 - - [13/Apr/2025:20:16:51 +0300] "POST /login HTTP/1.1" 301 795 "https://distance.gluk.ac.ke/wp-admin/" "Mozilla/5.0 (Windows NT 10.0; Win64; x64) AppleWebKit/537.36 (KHTML, like Gecko) Chrome/90.0.4430.85 Safari/537.36"
170.205.30.74 - - [13/Apr/2025:20:16:51 +0300] "GET /login/ HTTP/1.1" 500 0 "https://distance.gluk.ac.ke/wp-admin/" "Mozilla/5.0 (Windows NT 10.0; Win64; x64) AppleWebKit/537.36 (KHTML, like Gecko) Chrome/90.0.4430.85 Safari/537.36"
170.205.30.74 - - [13/Apr/2025:20:16:52 +0300] "POST /dashboard HTTP/1.1" 404 796 "https://distance.gluk.ac.ke/wp-admin/" "Mozilla/5.0 (Windows NT 10.0; Win64; x64) AppleWebKit/537.36 (KHTML, like Gecko) Chrome/90.0.4430.85 Safari/537.36"
170.205.30.74 - - [13/Apr/2025:20:16:52 +0300] "POST /cms HTTP/1.1" 404 796 "https://distance.gluk.ac.ke/wp-admin/" "Mozilla/5.0 (Windows NT 10.0; Win64; x64) AppleWebKit/537.36 (KHTML, like Gecko) Chrome/90.0.4430.85 Safari/537.36"
170.205.30.74 - - [13/Apr/2025:20:16:53 +0300] "POST /panel HTTP/1.1" 404 796 "https://distance.gluk.ac.ke/wp-admin/" "Mozilla/5.0 (Windows NT 10.0; Win64; x64) AppleWebKit/537.36 (KHTML, like Gecko) Chrome/90.0.4430.85 Safari/537.36"
170.205.30.74 - - [13/Apr/2025:20:16:53 +0300] "POST /backend HTTP/1.1" 404 796 "https://distance.gluk.ac.ke/wp-admin/" "Mozilla/5.0 (Windows NT 10.0; Win64; x64) AppleWebKit/537.36 (KHTML, like Gecko) Chrome/90.0.4430.85 Safari/537.36"
170.205.30.73 - - [13/Apr/2025:20:20:41 +0300] "POST /wp-admin HTTP/1.1" 404 796 "https://distance.gluk.ac.ke/wp-admin/" "Mozilla/5.0 (Windows NT 10.0; Win64; x64) AppleWebKit/537.36 (KHTML, like Gecko) Chrome/90.0.4430.85 Safari/537.36"
170.205.30.73 - - [13/Apr/2025:20:20:41 +0300] "POST /wp-login.php HTTP/1.1" 404 796 "https://distance.gluk.ac.ke/wp-admin/" "Mozilla/5.0 (Windows NT 10.0; Win64; x64) AppleWebKit/537.36 (KHTML, like Gecko) Chrome/90.0.4430.85 Safari/537.36"
170.205.30.73 - - [13/Apr/2025:20:20:41 +0300] "POST /admin HTTP/1.1" 301 795 "https://distance.gluk.ac.ke/wp-admin/" "Mozilla/5.0 (Windows NT 10.0; Win64; x64) AppleWebKit/537.36 (KHTML, like Gecko) Chrome/90.0.4430.85 Safari/537.36"
170.205.30.73 - - [13/Apr/2025:20:20:41 +0300] "GET /admin/ HTTP/1.1" 500 0 "https://distance.gluk.ac.ke/wp-admin/" "Mozilla/5.0 (Windows NT 10.0; Win64; x64) AppleWebKit/537.36 (KHTML, like Gecko) Chrome/90.0.4430.85 Safari/537.36"
170.205.30.73 - - [13/Apr/2025:20:20:42 +0300] "POST /user/login HTTP/1.1" 404 796 "https://distance.gluk.ac.ke/wp-admin/" "Mozilla/5.0 (Windows NT 10.0; Win64; x64) AppleWebKit/537.36 (KHTML, like Gecko) Chrome/90.0.4430.85 Safari/537.36"
170.205.30.73 - - [13/Apr/2025:20:20:42 +0300] "POST /login HTTP/1.1" 301 795 "https://distance.gluk.ac.ke/wp-admin/" "Mozilla/5.0 (Windows NT 10.0; Win64; x64) AppleWebKit/537.36 (KHTML, like Gecko) Chrome/90.0.4430.85 Safari/537.36"
170.205.30.73 - - [13/Apr/2025:20:20:42 +0300] "GET /login/ HTTP/1.1" 500 0 "https://distance.gluk.ac.ke/wp-admin/" "Mozilla/5.0 (Windows NT 10.0; Win64; x64) AppleWebKit/537.36 (KHTML, like Gecko) Chrome/90.0.4430.85 Safari/537.36"
170.205.30.73 - - [13/Apr/2025:20:20:43 +0300] "POST /dashboard HTTP/1.1" 404 796 "https://distance.gluk.ac.ke/wp-admin/" "Mozilla/5.0 (Windows NT 10.0; Win64; x64) AppleWebKit/537.36 (KHTML, like Gecko) Chrome/90.0.4430.85 Safari/537.36"
170.205.30.73 - - [13/Apr/2025:20:20:43 +0300] "POST /cms HTTP/1.1" 404 796 "https://distance.gluk.ac.ke/wp-admin/" "Mozilla/5.0 (Windows NT 10.0; Win64; x64) AppleWebKit/537.36 (KHTML, like Gecko) Chrome/90.0.4430.85 Safari/537.36"
170.205.30.73 - - [13/Apr/2025:20:20:44 +0300] "POST /panel HTTP/1.1" 404 796 "https://distance.gluk.ac.ke/wp-admin/" "Mozilla/5.0 (Windows NT 10.0; Win64; x64) AppleWebKit/537.36 (KHTML, like Gecko) Chrome/90.0.4430.85 Safari/537.36"
170.205.30.73 - - [13/Apr/2025:20:20:44 +0300] "POST /backend HTTP/1.1" 404 796 "https://distance.gluk.ac.ke/wp-admin/" "Mozilla/5.0 (Windows NT 10.0; Win64; x64) AppleWebKit/537.36 (KHTML, like Gecko) Chrome/90.0.4430.85 Safari/537.36"
170.205.30.74 - - [13/Apr/2025:20:27:37 +0300] "POST /wp-admin HTTP/1.1" 404 796 "https://distance.gluk.ac.ke/wp-admin/" "Mozilla/5.0 (Windows NT 10.0; Win64; x64) AppleWebKit/537.36 (KHTML, like Gecko) Chrome/90.0.4430.85 Safari/537.36"
170.205.30.74 - - [13/Apr/2025:20:27:37 +0300] "POST /wp-login.php HTTP/1.1" 404 796 "https://distance.gluk.ac.ke/wp-admin/" "Mozilla/5.0 (Windows NT 10.0; Win64; x64) AppleWebKit/537.36 (KHTML, like Gecko) Chrome/90.0.4430.85 Safari/537.36"
170.205.30.74 - - [13/Apr/2025:20:27:37 +0300] "POST /admin HTTP/1.1" 301 795 "https://distance.gluk.ac.ke/wp-admin/" "Mozilla/5.0 (Windows NT 10.0; Win64; x64) AppleWebKit/537.36 (KHTML, like Gecko) Chrome/90.0.4430.85 Safari/537.36"
170.205.30.74 - - [13/Apr/2025:20:27:38 +0300] "GET /admin/ HTTP/1.1" 500 0 "https://distance.gluk.ac.ke/wp-admin/" "Mozilla/5.0 (Windows NT 10.0; Win64; x64) AppleWebKit/537.36 (KHTML, like Gecko) Chrome/90.0.4430.85 Safari/537.36"
170.205.30.74 - - [13/Apr/2025:20:27:38 +0300] "POST /user/login HTTP/1.1" 404 796 "https://distance.gluk.ac.ke/wp-admin/" "Mozilla/5.0 (Windows NT 10.0; Win64; x64) AppleWebKit/537.36 (KHTML, like Gecko) Chrome/90.0.4430.85 Safari/537.36"
170.205.30.74 - - [13/Apr/2025:20:27:38 +0300] "POST /login HTTP/1.1" 301 795 "https://distance.gluk.ac.ke/wp-admin/" "Mozilla/5.0 (Windows NT 10.0; Win64; x64) AppleWebKit/537.36 (KHTML, like Gecko) Chrome/90.0.4430.85 Safari/537.36"
170.205.30.74 - - [13/Apr/2025:20:27:38 +0300] "GET /login/ HTTP/1.1" 500 0 "https://distance.gluk.ac.ke/wp-admin/" "Mozilla/5.0 (Windows NT 10.0; Win64; x64) AppleWebKit/537.36 (KHTML, like Gecko) Chrome/90.0.4430.85 Safari/537.36"
170.205.30.74 - - [13/Apr/2025:20:27:39 +0300] "POST /dashboard HTTP/1.1" 404 796 "https://distance.gluk.ac.ke/wp-admin/" "Mozilla/5.0 (Windows NT 10.0; Win64; x64) AppleWebKit/537.36 (KHTML, like Gecko) Chrome/90.0.4430.85 Safari/537.36"
170.205.30.74 - - [13/Apr/2025:20:27:39 +0300] "POST /cms HTTP/1.1" 404 796 "https://distance.gluk.ac.ke/wp-admin/" "Mozilla/5.0 (Windows NT 10.0; Win64; x64) AppleWebKit/537.36 (KHTML, like Gecko) Chrome/90.0.4430.85 Safari/537.36"
170.205.30.74 - - [13/Apr/2025:20:27:39 +0300] "POST /panel HTTP/1.1" 404 796 "https://distance.gluk.ac.ke/wp-admin/" "Mozilla/5.0 (Windows NT 10.0; Win64; x64) AppleWebKit/537.36 (KHTML, like Gecko) Chrome/90.0.4430.85 Safari/537.36"
170.205.30.74 - - [13/Apr/2025:20:27:39 +0300] "POST /backend HTTP/1.1" 404 796 "https://distance.gluk.ac.ke/wp-admin/" "Mozilla/5.0 (Windows NT 10.0; Win64; x64) AppleWebKit/537.36 (KHTML, like Gecko) Chrome/90.0.4430.85 Safari/537.36"
207.46.13.168 - - [13/Apr/2025:19:58:48 +0300] "GET /lib/yuilib/3.18.1/datasource-cache/datasource-cache.js HTTP/2" 200 1190 "-" "Mozilla/5.0 AppleWebKit/537.36 (KHTML, like Gecko; compatible; bingbot/2.0; +http://www.bing.com/bingbot.htm) Chrome/116.0.1938.76 Safari/537.36"
170.205.30.74 - - [13/Apr/2025:20:02:05 +0300] "POST /wp-admin HTTP/1.1" 404 796 "https://distance.gluk.ac.ke/wp-admin/" "Mozilla/5.0 (Windows NT 10.0; Win64; x64) AppleWebKit/537.36 (KHTML, like Gecko) Chrome/90.0.4430.85 Safari/537.36"
170.205.30.74 - - [13/Apr/2025:20:02:05 +0300] "POST /wp-login.php HTTP/1.1" 404 796 "https://distance.gluk.ac.ke/wp-admin/" "Mozilla/5.0 (Windows NT 10.0; Win64; x64) AppleWebKit/537.36 (KHTML, like Gecko) Chrome/90.0.4430.85 Safari/537.36"
170.205.30.74 - - [13/Apr/2025:20:02:05 +0300] "POST /admin HTTP/1.1" 301 795 "https://distance.gluk.ac.ke/wp-admin/" "Mozilla/5.0 (Windows NT 10.0; Win64; x64) AppleWebKit/537.36 (KHTML, like Gecko) Chrome/90.0.4430.85 Safari/537.36"
170.205.30.74 - - [13/Apr/2025:20:02:05 +0300] "GET /admin/ HTTP/1.1" 500 0 "https://distance.gluk.ac.ke/wp-admin/" "Mozilla/5.0 (Windows NT 10.0; Win64; x64) AppleWebKit/537.36 (KHTML, like Gecko) Chrome/90.0.4430.85 Safari/537.36"
170.205.30.74 - - [13/Apr/2025:20:02:06 +0300] "POST /user/login HTTP/1.1" 404 796 "https://distance.gluk.ac.ke/wp-admin/" "Mozilla/5.0 (Windows NT 10.0; Win64; x64) AppleWebKit/537.36 (KHTML, like Gecko) Chrome/90.0.4430.85 Safari/537.36"
170.205.30.74 - - [13/Apr/2025:20:02:06 +0300] "POST /login HTTP/1.1" 301 795 "https://distance.gluk.ac.ke/wp-admin/" "Mozilla/5.0 (Windows NT 10.0; Win64; x64) AppleWebKit/537.36 (KHTML, like Gecko) Chrome/90.0.4430.85 Safari/537.36"
170.205.30.74 - - [13/Apr/2025:20:02:06 +0300] "GET /login/ HTTP/1.1" 500 0 "https://distance.gluk.ac.ke/wp-admin/" "Mozilla/5.0 (Windows NT 10.0; Win64; x64) AppleWebKit/537.36 (KHTML, like Gecko) Chrome/90.0.4430.85 Safari/537.36"
170.205.30.74 - - [13/Apr/2025:20:02:07 +0300] "POST /dashboard HTTP/1.1" 404 796 "https://distance.gluk.ac.ke/wp-admin/" "Mozilla/5.0 (Windows NT 10.0; Win64; x64) AppleWebKit/537.36 (KHTML, like Gecko) Chrome/90.0.4430.85 Safari/537.36"
170.205.30.74 - - [13/Apr/2025:20:02:07 +0300] "POST /cms HTTP/1.1" 404 796 "https://distance.gluk.ac.ke/wp-admin/" "Mozilla/5.0 (Windows NT 10.0; Win64; x64) AppleWebKit/537.36 (KHTML, like Gecko) Chrome/90.0.4430.85 Safari/537.36"
170.205.30.74 - - [13/Apr/2025:20:02:07 +0300] "POST /panel HTTP/1.1" 404 796 "https://distance.gluk.ac.ke/wp-admin/" "Mozilla/5.0 (Windows NT 10.0; Win64; x64) AppleWebKit/537.36 (KHTML, like Gecko) Chrome/90.0.4430.85 Safari/537.36"
170.205.30.74 - - [13/Apr/2025:20:02:07 +0300] "POST /backend HTTP/1.1" 404 796 "https://distance.gluk.ac.ke/wp-admin/" "Mozilla/5.0 (Windows NT 10.0; Win64; x64) AppleWebKit/537.36 (KHTML, like Gecko) Chrome/90.0.4430.85 Safari/537.36"
170.205.30.76 - - [13/Apr/2025:20:05:29 +0300] "POST /wp-admin HTTP/1.1" 404 796 "https://distance.gluk.ac.ke/wp-admin/" "Mozilla/5.0 (Windows NT 10.0; Win64; x64) AppleWebKit/537.36 (KHTML, like Gecko) Chrome/90.0.4430.85 Safari/537.36"
170.205.30.71 - - [13/Apr/2025:20:14:24 +0300] "POST /panel HTTP/1.1" 404 796 "https://distance.gluk.ac.ke/wp-admin/" "Mozilla/5.0 (Windows NT 10.0; Win64; x64) AppleWebKit/537.36 (KHTML, like Gecko) Chrome/90.0.4430.85 Safari/537.36"
170.205.30.71 - - [13/Apr/2025:20:14:24 +0300] "POST /backend HTTP/1.1" 404 796 "https://distance.gluk.ac.ke/wp-admin/" "Mozilla/5.0 (Windows NT 10.0; Win64; x64) AppleWebKit/537.36 (KHTML, like Gecko) Chrome/90.0.4430.85 Safari/537.36"
114.119.134.165 - - [13/Apr/2025:20:29:56 +0300] "GET /hostilizefead/edabad1497279.shtml HTTP/1.1" 404 796 "-" "Mozilla/5.0 (Linux; Android 7.0;) AppleWebKit/537.36 (KHTML, like Gecko) Mobile Safari/537.36 (compatible; PetalBot;+https://webmaster.petalsearch.com/site/petalbot)"
113.99.176.182 - - [13/Apr/2025:20:38:51 +0300] "GET / HTTP/1.1" 500 0 "-" "Mozilla/5.0 (Windows NT 10.0; Win64; x64) AppleWebKit/537.36 (KHTML, like Gecko) Chrome/78.0.3904.97 Safari/537.36"
95.108.213.198 - - [13/Apr/2025:20:46:08 +0300] "GET / HTTP/1.1" 500 0 "-" "Mozilla/5.0 (compatible; YandexFavicons/1.0; +http://yandex.com/bots)"
129.151.180.193 - - [13/Apr/2025:20:46:59 +0300] "GET / HTTP/1.1" 500 0 "-" "Mozilla/5.0 (Windows NT 10.0; Win64; x64) AppleWebKit/537.36 (KHTML, like Gecko) Chrome/107.0.5304.54 Safari/537.36"
129.151.180.193 - - [13/Apr/2025:20:47:05 +0300] "GET / HTTP/1.1" 500 0 "-" "Mozilla/5.0 (Windows NT 10.0; Win64; x64) AppleWebKit/537.36 (KHTML, like Gecko) Chrome/103.0.5060.114 Safari/537.36"
129.151.180.193 - - [13/Apr/2025:20:47:07 +0300] "GET / HTTP/1.1" 500 0 "-" "Mozilla/5.0 (Windows NT 10.0) AppleWebKit/537.36 (KHTML, like Gecko) Chrome/107.0.5304.54 Safari/537.36"
87.250.224.2 - - [13/Apr/2025:20:46:07 +0300] "GET /robots.txt HTTP/1.1" 404 796 "-" "Mozilla/5.0 (compatible; YandexBot/3.0; +http://yandex.com/bots)"
87.250.224.74 - - [13/Apr/2025:20:46:19 +0300] "GET / HTTP/1.1" 500 0 "-" "Mozilla/5.0 (compatible; YandexImages/3.0; +http://yandex.com/bots)"
129.151.180.193 - - [13/Apr/2025:20:47:01 +0300] "GET / HTTP/1.1" 500 0 "-" "Mozilla/5.0 (Windows NT 10.0) AppleWebKit/537.36 (KHTML, like Gecko) Chrome/107.0.5304.91 Safari/537.36"
129.151.180.193 - - [13/Apr/2025:20:47:03 +0300] "GET / HTTP/1.1" 500 0 "-" "Mozilla/5.0 (Windows NT 6.1; Win64; x64) AppleWebKit/537.36 (KHTML, like Gecko) Chrome/107.0.5304.91 Safari/537.36"
66.249.66.17 - - [13/Apr/2025:21:15:32 +0300] "GET /.well-known/assetlinks.json HTTP/1.1" 404 796 "-" "Mozilla/5.0 (compatible; Googlebot/2.1; +http://www.google.com/bot.html)"
66.249.66.18 - - [13/Apr/2025:21:20:10 +0300] "GET /site/?pg=%E0%B8%AB%E0%B9%89%E0%B8%AD%E0%B8%87%E0%B8%82%E0%B8%B1%E0%B8%87+%E0%B8%AA%E0%B8%99 HTTP/1.1" 200 73579 "-" "Mozilla/5.0 (Linux; Android 6.0.1; Nexus 5X Build/MMB29P) AppleWebKit/537.36 (KHTML, like Gecko) Chrome/135.0.7049.52 Mobile Safari/537.36 (compatible; GoogleOther)"
66.249.66.19 - - [13/Apr/2025:21:22:35 +0300] "GET /site/?pg=%E0%B8%A3%E0%B8%AD%E0%B8%87%E0%B9%80%E0%B8%97%E0%B9%89%E0%B8%B2%E0%B9%81%E0%B8%AD%E0%B8%A3%E0%B9%8C%E0%B8%9F%E0%B8%AD%E0%B8%AA%E0%B8%A7%E0%B8%B1%E0%B8%99 HTTP/1.1" 200 73588 "-" "Mozilla/5.0 (Linux; Android 6.0.1; Nexus 5X Build/MMB29P) AppleWebKit/537.36 (KHTML, like Gecko) Chrome/135.0.7049.52 Mobile Safari/537.36 (compatible; GoogleOther)"
165.22.62.41 - - [13/Apr/2025:21:17:42 +0300] "GET /pluginfile.php/1/theme_academi/slide1image/1729569950/gluk1.jpg HTTP/1.1" 200 2269598 "-" "Mozilla/5.0 (Windows NT 10.0; Win64; x64) AppleWebKit/537.36 (KHTML, like Gecko) Chrome/122.0.0.0 Safari/537.36"
66.249.66.19 - - [13/Apr/2025:21:17:45 +0300] "GET /site/?pg=%E0%B9%80%E0%B8%94%E0%B8%8A%E0%B8%84%E0%B8%B1%E0%B8%A1%E0%B8%A0%E0%B8%B5%E0%B8%A3%E0%B9%8C%E0%B9%80%E0%B8%97%E0%B8%9E%E0%B8%A4%E0%B8%97%E0%B8%98%E0%B8%B4%E0%B9%8C HTTP/1.1" 200 73535 "-" "Mozilla/5.0 (Linux; Android 6.0.1; Nexus 5X Build/MMB29P) AppleWebKit/537.36 (KHTML, like Gecko) Chrome/135.0.7049.52 Mobile Safari/537.36 (compatible; GoogleOther)"
66.249.66.19 - - [13/Apr/2025:21:17:48 +0300] "GET /site/css/index.css HTTP/1.1" 404 796 "https://distance.gluk.ac.ke/site/?pg=%E0%B9%80%E0%B8%94%E0%B8%8A%E0%B8%84%E0%B8%B1%E0%B8%A1%E0%B8%A0%E0%B8%B5%E0%B8%A3%E0%B9%8C%E0%B9%80%E0%B8%97%E0%B8%9E%E0%B8%A4%E0%B8%97%E0%B8%98%E0%B8%B4%E0%B9%8C" "Mozilla/5.0 (Linux; Android 6.0.1; Nexus 5X Build/MMB29P) AppleWebKit/537.36 (KHTML, like Gecko) Chrome/134.0.6998.165 Mobile Safari/537.36 (compatible; Googlebot/2.1; +http://www.google.com/bot.html)"
66.249.66.18 - - [13/Apr/2025:21:20:16 +0300] "GET /site/css/index.css HTTP/1.1" 404 796 "https://distance.gluk.ac.ke/site/?pg=%E0%B8%AB%E0%B9%89%E0%B8%AD%E0%B8%87%E0%B8%82%E0%B8%B1%E0%B8%87+%E0%B8%AA%E0%B8%99" "Mozilla/5.0 (Linux; Android 6.0.1; Nexus 5X Build/MMB29P) AppleWebKit/537.36 (KHTML, like Gecko) Chrome/134.0.6998.165 Mobile Safari/537.36 (compatible; Googlebot/2.1; +http://www.google.com/bot.html)"
66.249.66.18 - - [13/Apr/2025:21:22:38 +0300] "GET /site/css/index.css HTTP/1.1" 404 796 "https://distance.gluk.ac.ke/site/?pg=%E0%B8%A3%E0%B8%AD%E0%B8%87%E0%B9%80%E0%B8%97%E0%B9%89%E0%B8%B2%E0%B9%81%E0%B8%AD%E0%B8%A3%E0%B9%8C%E0%B8%9F%E0%B8%AD%E0%B8%AA%E0%B8%A7%E0%B8%B1%E0%B8%99" "Mozilla/5.0 (Linux; Android 6.0.1; Nexus 5X Build/MMB29P) AppleWebKit/537.36 (KHTML, like Gecko) Chrome/134.0.6998.165 Mobile Safari/537.36 (compatible; Googlebot/2.1; +http://www.google.com/bot.html)"
170.205.30.83 - - [13/Apr/2025:21:23:20 +0300] "POST /wp-admin HTTP/1.1" 404 796 "https://distance.gluk.ac.ke/wp-admin/" "Mozilla/5.0 (Windows NT 10.0; Win64; x64) AppleWebKit/537.36 (KHTML, like Gecko) Chrome/90.0.4430.85 Safari/537.36"
170.205.30.83 - - [13/Apr/2025:21:23:20 +0300] "POST /wp-login.php HTTP/1.1" 404 796 "https://distance.gluk.ac.ke/wp-admin/" "Mozilla/5.0 (Windows NT 10.0; Win64; x64) AppleWebKit/537.36 (KHTML, like Gecko) Chrome/90.0.4430.85 Safari/537.36"
170.205.30.83 - - [13/Apr/2025:21:23:21 +0300] "POST /admin HTTP/1.1" 301 795 "https://distance.gluk.ac.ke/wp-admin/" "Mozilla/5.0 (Windows NT 10.0; Win64; x64) AppleWebKit/537.36 (KHTML, like Gecko) Chrome/90.0.4430.85 Safari/537.36"
170.205.30.83 - - [13/Apr/2025:21:23:21 +0300] "GET /admin/ HTTP/1.1" 500 0 "https://distance.gluk.ac.ke/wp-admin/" "Mozilla/5.0 (Windows NT 10.0; Win64; x64) AppleWebKit/537.36 (KHTML, like Gecko) Chrome/90.0.4430.85 Safari/537.36"
170.205.30.83 - - [13/Apr/2025:21:23:27 +0300] "POST /user/login HTTP/1.1" 404 796 "https://distance.gluk.ac.ke/wp-admin/" "Mozilla/5.0 (Windows NT 10.0; Win64; x64) AppleWebKit/537.36 (KHTML, like Gecko) Chrome/90.0.4430.85 Safari/537.36"
170.205.30.83 - - [13/Apr/2025:21:23:27 +0300] "POST /login HTTP/1.1" 301 795 "https://distance.gluk.ac.ke/wp-admin/" "Mozilla/5.0 (Windows NT 10.0; Win64; x64) AppleWebKit/537.36 (KHTML, like Gecko) Chrome/90.0.4430.85 Safari/537.36"
170.205.30.83 - - [13/Apr/2025:21:23:27 +0300] "GET /login/ HTTP/1.1" 500 0 "https://distance.gluk.ac.ke/wp-admin/" "Mozilla/5.0 (Windows NT 10.0; Win64; x64) AppleWebKit/537.36 (KHTML, like Gecko) Chrome/90.0.4430.85 Safari/537.36"
170.205.30.83 - - [13/Apr/2025:21:23:29 +0300] "POST /dashboard HTTP/1.1" 404 796 "https://distance.gluk.ac.ke/wp-admin/" "Mozilla/5.0 (Windows NT 10.0; Win64; x64) AppleWebKit/537.36 (KHTML, like Gecko) Chrome/90.0.4430.85 Safari/537.36"
170.205.30.83 - - [13/Apr/2025:21:23:29 +0300] "POST /cms HTTP/1.1" 404 796 "https://distance.gluk.ac.ke/wp-admin/" "Mozilla/5.0 (Windows NT 10.0; Win64; x64) AppleWebKit/537.36 (KHTML, like Gecko) Chrome/90.0.4430.85 Safari/537.36"
170.205.30.83 - - [13/Apr/2025:21:23:29 +0300] "POST /panel HTTP/1.1" 404 796 "https://distance.gluk.ac.ke/wp-admin/" "Mozilla/5.0 (Windows NT 10.0; Win64; x64) AppleWebKit/537.36 (KHTML, like Gecko) Chrome/90.0.4430.85 Safari/537.36"
170.205.30.83 - - [13/Apr/2025:21:23:29 +0300] "POST /backend HTTP/1.1" 404 796 "https://distance.gluk.ac.ke/wp-admin/" "Mozilla/5.0 (Windows NT 10.0; Win64; x64) AppleWebKit/537.36 (KHTML, like Gecko) Chrome/90.0.4430.85 Safari/537.36"
66.249.66.17 - - [13/Apr/2025:21:26:22 +0300] "GET /site/?pg=%E0%B8%94%E0%B8%B2%E0%B8%A7%E0%B8%99%E0%B9%8C%E0%B9%82%E0%B8%AB%E0%B8%A5%E0%B8%94+122 HTTP/1.1" 200 73554 "-" "Mozilla/5.0 (Linux; Android 6.0.1; Nexus 5X Build/MMB29P) AppleWebKit/537.36 (KHTML, like Gecko) Chrome/135.0.7049.52 Mobile Safari/537.36 (compatible; GoogleOther)"
74.125.210.142 - - [13/Apr/2025:21:27:49 +0300] "GET /course/index.php?categoryid=250 HTTP/1.1" 500 0 "-" "Mozilla/5.0 (Linux; Android 7.0; SM-G930V Build/NRD90M) AppleWebKit/537.36 (KHTML, like Gecko) Chrome/59.0.3071.125 Mobile Safari/537.36 (compatible; Google-Read-Aloud; +https://support.google.com/webmasters/answer/1061943)"
66.249.66.17 - - [13/Apr/2025:21:29:03 +0300] "GET /site/css/index.css HTTP/1.1" 404 796 "https://distance.gluk.ac.ke/site/?pg=%E0%B8%A3%E0%B8%AD%E0%B8%87%E0%B9%80%E0%B8%97%E0%B9%89%E0%B8%B2%E0%B9%81%E0%B8%AD%E0%B8%A3%E0%B9%8C%E0%B8%9F%E0%B8%AD%E0%B8%AA%E0%B8%A7%E0%B8%B1%E0%B8%99" "Mozilla/5.0 (Linux; Android 6.0.1; Nexus 5X Build/MMB29P) AppleWebKit/537.36 (KHTML, like Gecko) Chrome/134.0.6998.165 Mobile Safari/537.36 (compatible; Googlebot/2.1; +http://www.google.com/bot.html)"
157.245.106.4 - - [13/Apr/2025:21:34:47 +0300] "GET / HTTP/2" 500 0 "-" "amp-wp, v2.5.5, https://newsblaze.co.ke"
170.205.30.71 - - [13/Apr/2025:21:35:03 +0300] "POST /wp-admin HTTP/1.1" 404 796 "https://distance.gluk.ac.ke/wp-admin/" "Mozilla/5.0 (Windows NT 10.0; Win64; x64) AppleWebKit/537.36 (KHTML, like Gecko) Chrome/90.0.4430.85 Safari/537.36"
170.205.30.71 - - [13/Apr/2025:21:35:03 +0300] "POST /wp-login.php HTTP/1.1" 404 796 "https://distance.gluk.ac.ke/wp-admin/" "Mozilla/5.0 (Windows NT 10.0; Win64; x64) AppleWebKit/537.36 (KHTML, like Gecko) Chrome/90.0.4430.85 Safari/537.36"
170.205.30.71 - - [13/Apr/2025:21:35:03 +0300] "POST /admin HTTP/1.1" 301 795 "https://distance.gluk.ac.ke/wp-admin/" "Mozilla/5.0 (Windows NT 10.0; Win64; x64) AppleWebKit/537.36 (KHTML, like Gecko) Chrome/90.0.4430.85 Safari/537.36"
170.205.30.71 - - [13/Apr/2025:21:35:03 +0300] "GET /admin/ HTTP/1.1" 500 0 "https://distance.gluk.ac.ke/wp-admin/" "Mozilla/5.0 (Windows NT 10.0; Win64; x64) AppleWebKit/537.36 (KHTML, like Gecko) Chrome/90.0.4430.85 Safari/537.36"
170.205.30.71 - - [13/Apr/2025:21:35:04 +0300] "POST /user/login HTTP/1.1" 404 796 "https://distance.gluk.ac.ke/wp-admin/" "Mozilla/5.0 (Windows NT 10.0; Win64; x64) AppleWebKit/537.36 (KHTML, like Gecko) Chrome/90.0.4430.85 Safari/537.36"
170.205.30.71 - - [13/Apr/2025:21:35:05 +0300] "POST /login HTTP/1.1" 301 795 "https://distance.gluk.ac.ke/wp-admin/" "Mozilla/5.0 (Windows NT 10.0; Win64; x64) AppleWebKit/537.36 (KHTML, like Gecko) Chrome/90.0.4430.85 Safari/537.36"
170.205.30.71 - - [13/Apr/2025:21:35:05 +0300] "GET /login/ HTTP/1.1" 500 0 "https://distance.gluk.ac.ke/wp-admin/" "Mozilla/5.0 (Windows NT 10.0; Win64; x64) AppleWebKit/537.36 (KHTML, like Gecko) Chrome/90.0.4430.85 Safari/537.36"
170.205.30.71 - - [13/Apr/2025:21:35:06 +0300] "POST /dashboard HTTP/1.1" 404 796 "https://distance.gluk.ac.ke/wp-admin/" "Mozilla/5.0 (Windows NT 10.0; Win64; x64) AppleWebKit/537.36 (KHTML, like Gecko) Chrome/90.0.4430.85 Safari/537.36"
170.205.30.71 - - [13/Apr/2025:21:35:06 +0300] "POST /cms HTTP/1.1" 404 796 "https://distance.gluk.ac.ke/wp-admin/" "Mozilla/5.0 (Windows NT 10.0; Win64; x64) AppleWebKit/537.36 (KHTML, like Gecko) Chrome/90.0.4430.85 Safari/537.36"
170.205.30.71 - - [13/Apr/2025:21:35:06 +0300] "POST /panel HTTP/1.1" 404 796 "https://distance.gluk.ac.ke/wp-admin/" "Mozilla/5.0 (Windows NT 10.0; Win64; x64) AppleWebKit/537.36 (KHTML, like Gecko) Chrome/90.0.4430.85 Safari/537.36"
170.205.30.71 - - [13/Apr/2025:21:35:06 +0300] "POST /backend HTTP/1.1" 404 796 "https://distance.gluk.ac.ke/wp-admin/" "Mozilla/5.0 (Windows NT 10.0; Win64; x64) AppleWebKit/537.36 (KHTML, like Gecko) Chrome/90.0.4430.85 Safari/537.36"
66.249.66.19 - - [13/Apr/2025:21:35:39 +0300] "GET /site/?pg=%E0%B8%98%E0%B8%B2%E0%B8%95%E0%B8%B8%E0%B8%AA%E0%B8%B2%E0%B8%A3%E0%B8%9B%E0%B8%A3%E0%B8%B0%E0%B8%81%E0%B8%AD%E0%B8%9A HTTP/1.1" 200 73481 "-" "Mozilla/5.0 (Linux; Android 6.0.1; Nexus 5X Build/MMB29P) AppleWebKit/537.36 (KHTML, like Gecko) Chrome/135.0.7049.52 Mobile Safari/537.36 (compatible; GoogleOther)"
66.249.66.19 - - [13/Apr/2025:21:35:43 +0300] "GET /site/css/index.css HTTP/1.1" 404 796 "https://distance.gluk.ac.ke/site/?pg=%E0%B8%98%E0%B8%B2%E0%B8%95%E0%B8%B8%E0%B8%AA%E0%B8%B2%E0%B8%A3%E0%B8%9B%E0%B8%A3%E0%B8%B0%E0%B8%81%E0%B8%AD%E0%B8%9A" "Mozilla/5.0 (Linux; Android 6.0.1; Nexus 5X Build/MMB29P) AppleWebKit/537.36 (KHTML, like Gecko) Chrome/134.0.6998.165 Mobile Safari/537.36 (compatible; Googlebot/2.1; +http://www.google.com/bot.html)"
66.249.66.17 - - [13/Apr/2025:21:35:46 +0300] "GET /site/css/index.css HTTP/1.1" 404 796 "https://distance.gluk.ac.ke/site/?pg=%E0%B8%98%E0%B8%B2%E0%B8%95%E0%B8%B8%E0%B8%AA%E0%B8%B2%E0%B8%A3%E0%B8%9B%E0%B8%A3%E0%B8%B0%E0%B8%81%E0%B8%AD%E0%B8%9A" "Mozilla/5.0 (Linux; Android 6.0.1; Nexus 5X Build/MMB29P) AppleWebKit/537.36 (KHTML, like Gecko) Chrome/134.0.6998.165 Mobile Safari/537.36 (compatible; Googlebot/2.1; +http://www.google.com/bot.html)"
41.90.217.148 - - [13/Apr/2025:21:27:46 +0300] "GET /course/index.php?categoryid=250 HTTP/2" 500 0 "-" "Mozilla/5.0 (Linux; Android 11; Infinix PR652B Build/RP1A.201005.001) AppleWebKit/537.36 (KHTML, like Gecko) Chrome/134.0.6998.135 Mobile Safari/537.36"
74.125.210.128 - - [13/Apr/2025:21:27:48 +0300] "GET /course/index.php?categoryid=250 HTTP/1.1" 500 0 "-" "Mozilla/5.0 (Linux; Android 7.0; SM-G930V Build/NRD90M) AppleWebKit/537.36 (KHTML, like Gecko) Chrome/59.0.3071.125 Mobile Safari/537.36 (compatible; Google-Read-Aloud; +https://support.google.com/webmasters/answer/1061943)"
41.90.217.148 - - [13/Apr/2025:21:27:53 +0300] "GET /course/index.php?categoryid=250 HTTP/2" 500 0 "-" "Mozilla/5.0 (Linux; Android 11; Infinix PR652B Build/RP1A.201005.001) AppleWebKit/537.36 (KHTML, like Gecko) Chrome/134.0.6998.135 Mobile Safari/537.36"
66.249.66.18 - - [13/Apr/2025:21:29:01 +0300] "GET /site/?pg=%E0%B8%A3%E0%B8%AD%E0%B8%87%E0%B9%80%E0%B8%97%E0%B9%89%E0%B8%B2%E0%B9%81%E0%B8%AD%E0%B8%A3%E0%B9%8C%E0%B8%9F%E0%B8%AD%E0%B8%AA%E0%B8%A7%E0%B8%B1%E0%B8%99 HTTP/1.1" 200 73626 "-" "Mozilla/5.0 (Linux; Android 6.0.1; Nexus 5X Build/MMB29P) AppleWebKit/537.36 (KHTML, like Gecko) Chrome/135.0.7049.52 Mobile Safari/537.36 (compatible; Googlebot/2.1; +http://www.google.com/bot.html)"
66.249.66.17 - - [13/Apr/2025:21:30:56 +0300] "GET /site/?pg=%E0%B9%80%E0%B8%AD%E0%B8%9F%E0%B9%80%E0%B8%84+%E0%B8%84%E0%B8%B9%E0%B9%80%E0%B8%84%E0%B8%8B%E0%B8%B5%E0%B9%88 HTTP/1.1" 200 73526 "-" "Mozilla/5.0 (Linux; Android 6.0.1; Nexus 5X Build/MMB29P) AppleWebKit/537.36 (KHTML, like Gecko) Chrome/135.0.7049.52 Mobile Safari/537.36 (compatible; GoogleOther)"
